-- Table structure for table `hbakoiadmp_wc_product_attributes_lookup`
--

CREATE TABLE `hbakoiadmp_wc_product_attributes_lookup` (
  `product_id` bigint(20) NOT NULL,
  `product_or_parent_id` bigint(20) NOT NULL,
  `taxonomy` varchar(32) COLLATE utf8mb4_unicode_520_ci NOT NULL,
  `term_id` bigint(20) NOT NULL,
  `is_variation_attribute` tinyint(1) NOT NULL,
  `in_stock` tinyint(1) NOT NULL,
  PRIMARY KEY (`product_or_parent_id`,`term_id`,`product_id`,`taxonomy`),
  KEY `is_variation_attribute_term_id` (`is_variation_attribute`,`term_id`)
) ENGINE=MyISAM DEFAULT CHARSET=utf8mb4 COLLATE=utf8mb4_unicode_520_ci;

--
-- Dumping data for table `hbakoiadmp_wc_product_attributes_lookup`
--

INSERT INTO `hbakoiadmp_wc_product_attributes_lookup` VALUES (1312,1312,'pa_brands',343,0,1),(1306,1306,'pa_brands',337,0,0),(1303,1303,'pa_brands',337,0,0),(1294,1294,'pa_brands',331,0,0),(749,746,'pa_size',250,1,0),(1244,795,'pa_size',241,1,0),(1240,1240,'pa_brands',355,0,1),(1246,1246,'pa_brands',288,0,1),(1242,795,'pa_size',261,1,0),(1241,795,'pa_size',261,1,0),(1243,795,'pa_size',241,1,0),(1202,584,'pa_brands',242,1,0),(795,795,'pa_brands',263,0,0),(629,629,'pa_brands',306,0,1),(1225,1225,'pa_brands',264,0,0),(1232,1232,'pa_brands',264,0,0),(1258,1258,'pa_brands',242,0,1),(1277,1277,'pa_brands',271,0,0),(1280,1280,'pa_brands',337,0,1),(1286,1286,'pa_brands',331,0,0),(1330,1330,'pa_brands',245,0,1),(1201,584,'pa_brands',242,1,1),(61,59,'pa_size',28,1,0),(60,59,'pa_size',27,1,0),(59,59,'pa_brands',245,0,0),(57,57,'pa_brands',247,0,1),(1151,1151,'pa_brands',245,0,0),(52,52,'pa_brands',246,0,0),(27,23,'pa_size',18,1,0),(26,23,'pa_size',17,1,1),(917,917,'pa_brands',263,0,0),(748,746,'pa_size',249,1,0),(737,737,'pa_brands',248,0,1),(915,915,'pa_brands',263,0,0),(746,746,'pa_brands',248,0,0),(750,750,'pa_brands',251,0,1),(1331,1331,'pa_brands',245,0,1),(709,706,'pa_size',18,1,0),(708,706,'pa_size',17,1,1),(707,706,'pa_size',241,1,0),(706,706,'pa_brands',306,0,1),(723,720,'pa_size',18,1,0),(722,720,'pa_size',17,1,0),(721,720,'pa_size',241,1,0),(720,720,'pa_brands',245,0,0),(715,713,'pa_size',17,1,1),(716,713,'pa_size',241,1,1),(1344,1344,'pa_brands',357,0,1),(878,878,'pa_brands',245,0,1),(1383,1383,'pa_brands',245,0,1),(1390,1390,'pa_brands',245,0,1),(1394,1394,'pa_brands',245,0,1),(1404,1401,'pa_brands',245,1,0),(1405,1401,'pa_brands',245,1,0),(1407,1407,'pa_brands',251,0,0),(1423,1423,'pa_brands',318,0,1),(1432,1432,'pa_brands',318,0,1),(1437,1437,'pa_brands',245,0,0),(1446,1446,'pa_brands',290,0,1),(1491,1491,'pa_brands',296,0,0),(1496,1496,'pa_brands',245,0,1),(1501,1501,'pa_brands',245,0,1),(1507,1507,'pa_brands',245,0,1),(1516,1516,'pa_brands',270,0,0),(1523,1523,'pa_brands',245,0,0),(1527,1527,'pa_brands',245,0,1),(1532,1532,'pa_brands',245,0,0),(1535,1535,'pa_brands',245,0,1),(1538,1538,'pa_brands',245,0,1),(1544,1544,'pa_brands',245,0,1),(777,777,'pa_brands',258,0,1),(778,777,'pa_flavour',256,1,1),(779,777,'pa_flavour',257,1,1),(1603,1603,'pa_brands',284,0,1),(1608,1608,'pa_brands',281,0,1),(1612,1612,'pa_brands',296,0,0),(758,758,'pa_brands',246,0,0),(756,756,'pa_brands',246,0,0),(1649,1649,'pa_brands',246,0,0),(1749,1749,'pa_brands',270,0,0),(1792,1792,'pa_brands',246,0,0),(1877,1877,'pa_brands',270,0,0),(1885,1885,'pa_brands',270,0,0),(1939,1939,'pa_brands',351,0,1),(1964,1964,'pa_brands',246,0,0),(1971,1971,'pa_brands',333,0,0),(1969,1969,'pa_brands',333,0,0),(2010,2010,'pa_brands',333,0,0),(2014,2014,'pa_brands',333,0,0),(2019,2019,'pa_brands',333,0,0),(2025,2025,'pa_brands',333,0,0),(2032,2032,'pa_brands',333,0,0),(2036,2036,'pa_brands',333,0,0),(2041,2041,'pa_brands',333,0,0),(2047,2047,'pa_brands',333,0,0),(2051,2051,'pa_brands',333,0,0),(2054,2054,'pa_brands',333,0,0),(2057,2057,'pa_brands',333,0,0),(2060,2060,'pa_brands',333,0,0);

--
-- Table structure for table `hbakoiadmp_wc_product_download_directories`
--

CREATE TABLE `hbakoiadmp_wc_product_download_directories` (
  `url_id` bigint(20) unsigned NOT NULL AUTO_INCREMENT,
  `url` varchar(256) COLLATE utf8mb4_unicode_520_ci NOT NULL,
  `enabled` tinyint(1) NOT NULL DEFAULT '0',
  PRIMARY KEY (`url_id`),
  KEY `url` (`url`(191))
) ENGINE=MyISAM AUTO_INCREMENT=3 DEFAULT CHARSET=utf8mb4 COLLATE=utf8mb4_unicode_520_ci;

--
-- Dumping data for table `hbakoiadmp_wc_product_download_directories`
--

INSERT INTO `hbakoiadmp_wc_product_download_directories` VALUES (1,'file:///home/hoiadbaks/public_html/wp-content/uploads/woocommerce_uploads/',1),(2,'http://hoibaking.com/wp-content/uploads/woocommerce_uploads/',1);

--
-- Table structure for table `hbakoiadmp_wc_product_meta_lookup`
--

CREATE TABLE `hbakoiadmp_wc_product_meta_lookup` (
  `product_id` bigint(20) NOT NULL,
  `sku` varchar(100) COLLATE utf8mb4_unicode_520_ci DEFAULT '',
  `virtual` tinyint(1) DEFAULT '0',
  `downloadable` tinyint(1) DEFAULT '0',
  `min_price` decimal(19,4) DEFAULT NULL,
  `max_price` decimal(19,4) DEFAULT NULL,
  `onsale` tinyint(1) DEFAULT '0',
  `stock_quantity` double DEFAULT NULL,
  `stock_status` varchar(100) COLLATE utf8mb4_unicode_520_ci DEFAULT 'instock',
  `rating_count` bigint(20) DEFAULT '0',
  `average_rating` decimal(3,2) DEFAULT '0.00',
  `total_sales` bigint(20) DEFAULT '0',
  `tax_status` varchar(100) COLLATE utf8mb4_unicode_520_ci DEFAULT 'taxable',
  `tax_class` varchar(100) COLLATE utf8mb4_unicode_520_ci DEFAULT '',
  `global_unique_id` varchar(100) COLLATE utf8mb4_unicode_520_ci DEFAULT '',
  PRIMARY KEY (`product_id`),
  KEY `virtual` (`virtual`),
  KEY `downloadable` (`downloadable`),
  KEY `stock_status` (`stock_status`),
  KEY `stock_quantity` (`stock_quantity`),
  KEY `onsale` (`onsale`),
  KEY `min_max_price` (`min_price`,`max_price`),
  KEY `sku` (`sku`(50))
) ENGINE=MyISAM DEFAULT CHARSET=utf8mb4 COLLATE=utf8mb4_unicode_520_ci;

--
-- Dumping data for table `hbakoiadmp_wc_product_meta_lookup`
--

INSERT INTO `hbakoiadmp_wc_product_meta_lookup` VALUES (23,'',0,0,19.6900,37.2900,0,NULL,'instock',0,0.00,1,'taxable','',''),(26,'900017120500',0,0,19.6900,19.6900,0,9,'instock',0,0.00,0,'taxable','parent',''),(27,'900017121000',0,0,37.2900,37.2900,0,0,'outofstock',0,0.00,0,'taxable','parent',''),(52,'9556247527868',0,0,13.5300,13.5300,0,0,'outofstock',0,0.00,0,'taxable','',''),(57,'',0,0,17.4900,20.3500,0,NULL,'instock',0,0.00,0,'taxable','',''),(59,'',0,0,10.2300,31.3500,0,NULL,'outofstock',0,0.00,0,'taxable','',''),(60,'900033040150',0,0,10.2300,10.2300,0,0,'outofstock',0,0.00,0,'taxable','parent',''),(61,'900033040700',0,0,31.3500,31.3500,0,0,'outofstock',0,0.00,0,'taxable','parent',''),(78,'9556145112050',0,0,18.4800,18.4800,0,49,'instock',0,0.00,0,'taxable','',''),(85,'937412610000',0,0,4.2900,4.2900,0,5,'instock',0,0.00,0,'taxable','',''),(87,'',0,0,1.6500,1.6500,0,0,'outofstock',0,0.00,0,'taxable','',''),(88,'6921911618631',0,0,4.2900,4.2900,0,10,'instock',0,0.00,0,'taxable','',''),(90,'',0,0,5.9900,5.9900,0,NULL,'instock',0,0.00,2,'taxable','',''),(584,'',0,0,29.7000,589.6000,0,NULL,'instock',0,0.00,0,'taxable','',''),(1210,'956485000250',0,0,5.1700,5.1700,0,0,'outofstock',0,0.00,0,'taxable','parent',''),(629,'',0,0,5.1700,17.0500,0,19,'instock',0,0.00,0,'taxable','',''),(706,'',0,0,6.0500,17.4900,0,NULL,'instock',0,0.00,0,'taxable','',''),(707,'SCC250',0,0,6.0500,6.0500,0,0,'outofstock',0,0.00,0,'taxable','parent',''),(708,'SCC500',0,0,9.7900,9.7900,0,10,'instock',0,0.00,0,'taxable','parent',''),(709,'SCC1000',0,0,17.4900,17.4900,0,0,'outofstock',0,0.00,0,'taxable','parent',''),(713,'',0,0,6.4900,9.6800,0,NULL,'instock',0,0.00,0,'taxable','',''),(720,'',0,0,4.6200,13.7500,0,NULL,'outofstock',0,0.00,0,'taxable','',''),(715,'',0,0,9.6800,9.6800,0,35,'instock',0,0.00,0,'taxable','parent',''),(716,'',0,0,6.4900,6.4900,0,49,'instock',0,0.00,0,'taxable','parent',''),(721,'CR250',0,0,4.6200,4.6200,0,0,'outofstock',0,0.00,0,'taxable','parent',''),(722,'CR500',0,0,7.6200,7.6200,0,0,'outofstock',0,0.00,0,'taxable','parent',''),(723,'CR1000',0,0,13.7500,13.7500,0,0,'outofstock',0,0.00,0,'taxable','parent',''),(727,'',0,0,7.9200,61.4900,0,NULL,'instock',0,0.00,0,'taxable','',''),(735,'',0,0,7.9200,7.9200,0,5,'instock',0,0.00,0,'taxable','parent',''),(733,'',0,0,61.4900,61.4900,0,4,'instock',0,0.00,0,'taxable','parent',''),(732,'',0,0,31.7900,31.7900,0,5,'instock',0,0.00,0,'taxable','parent',''),(737,'',0,0,218.6800,218.6800,0,66,'instock',0,0.00,0,'taxable','',''),(746,'',0,0,8.2500,63.2500,0,NULL,'outofstock',0,0.00,0,'taxable','',''),(748,'5410522250070',0,0,8.2500,8.2500,0,0,'outofstock',0,0.00,0,'taxable','parent',''),(749,'5410522250442',0,0,63.2500,63.2500,0,0,'outofstock',0,0.00,0,'taxable','parent',''),(750,'',0,0,81.2900,81.2900,0,5,'instock',0,0.00,0,'taxable','',''),(756,'9556247522030',0,0,37.2900,37.2900,0,0,'outofstock',0,0.00,0,'taxable','',''),(758,'9556247526113',0,0,17.8200,17.8200,0,0,'outofstock',0,0.00,0,'taxable','',''),(761,'',0,0,17.1600,17.1600,0,40,'instock',0,0.00,0,'taxable','',''),(763,'',0,0,148.3900,428.8900,0,NULL,'instock',0,0.00,0,'taxable','',''),(764,'',0,0,148.3900,148.3900,0,5,'instock',0,0.00,0,'taxable','parent',''),(765,'',0,0,428.8900,428.8900,0,5,'instock',0,0.00,0,'taxable','parent',''),(767,'',0,0,10.4500,19.5800,0,NULL,'instock',0,0.00,0,'taxable','',''),(768,'',0,0,19.5800,19.5800,0,45,'instock',0,0.00,0,'taxable','parent',''),(769,'',0,0,10.4500,10.4500,0,44,'instock',0,0.00,0,'taxable','parent',''),(772,'',0,0,26.2900,471.9000,0,NULL,'instock',0,0.00,0,'taxable','',''),(773,'',0,0,26.2900,26.2900,0,3,'instock',0,0.00,0,'taxable','parent',''),(774,'',0,0,471.9000,471.9000,0,5,'instock',0,0.00,0,'taxable','parent',''),(777,'',0,0,21.8900,24.0900,0,NULL,'instock',0,0.00,0,'taxable','',''),(778,'5425028333353',0,0,24.0900,24.0900,0,49,'instock',0,0.00,0,'taxable','parent',''),(779,'5425028334916',0,0,21.8900,21.8900,0,49,'instock',0,0.00,0,'taxable','parent',''),(795,'',0,0,14.1900,281.6000,0,NULL,'outofstock',0,0.00,0,'taxable','',''),(828,'',0,0,0.0000,0.0000,0,NULL,'instock',0,0.00,0,'taxable','',''),(844,'9415007054641',0,0,33.8800,33.8800,0,0,'outofstock',0,0.00,8,'taxable','',''),(846,'9415007053491',0,0,80.0800,80.0800,0,0,'outofstock',0,0.00,5,'taxable','',''),(848,'',0,0,11.9900,11.9900,0,NULL,'instock',0,0.00,0,'taxable','',''),(849,'9421016151325',0,0,11.9900,11.9900,0,10,'instock',0,0.00,0,'taxable','parent',''),(850,'9421016151318',0,0,11.9900,11.9900,0,10,'instock',0,0.00,0,'taxable','parent',''),(853,'5011056024136',0,0,19.6900,19.6900,0,0,'outofstock',0,0.00,0,'taxable','',''),(855,'916441421550',0,0,10.6700,10.6700,0,10,'instock',0,0.00,0,'taxable','',''),(857,'',0,0,30.6900,54.8900,0,NULL,'instock',0,0.00,0,'taxable','',''),(858,'918300090500',0,0,30.6900,30.6900,0,10,'instock',0,0.00,0,'taxable','parent',''),(859,'918300091000',0,0,54.8900,54.8900,0,10,'instock',0,0.00,0,'taxable','parent',''),(862,'',0,0,10.8900,10.8900,0,NULL,'instock',0,0.00,0,'taxable','',''),(863,'5021254909661',0,0,10.8900,10.8900,0,5,'instock',0,0.00,0,'taxable','parent',''),(864,'5021254909678',0,0,10.8900,10.8900,0,10,'instock',0,0.00,0,'taxable','parent',''),(867,'5011056023696',0,0,20.7900,20.7900,0,0,'outofstock',0,0.00,5,'taxable','',''),(869,'941900011000',0,0,8.3600,8.3600,0,10,'instock',0,0.00,0,'taxable','',''),(871,'941960031000',0,0,10.8900,10.8900,0,10,'instock',0,0.00,0,'taxable','',''),(873,'9551003350469',0,0,6.4900,6.4900,0,10,'instock',0,0.00,0,'taxable','',''),(875,'916500060500',0,0,10.4500,10.4500,0,10,'instock',0,0.00,0,'taxable','',''),(878,'',0,0,18.5900,30.2500,0,NULL,'instock',0,0.00,0,'taxable','',''),(880,'5010652998476',0,0,23.6500,23.6500,0,10,'instock',0,0.00,0,'taxable','',''),(882,'923600490450',0,0,11.5500,11.5500,0,10,'instock',0,0.00,0,'taxable','',''),(910,'',0,0,11.9900,72.4900,0,NULL,'outofstock',0,0.00,0,'taxable','',''),(911,'923633240100',0,0,11.9900,11.9900,0,0,'outofstock',0,0.00,0,'taxable','parent',''),(912,'8033324290873',0,0,72.4900,72.4900,0,0,'outofstock',0,0.00,0,'taxable','parent',''),(915,'5760466735940',0,0,18.1500,18.1500,0,0,'outofstock',0,0.00,0,'taxable','',''),(917,'',0,0,18.5900,26.9500,0,NULL,'outofstock',0,0.00,0,'taxable','',''),(919,'',0,0,39.6000,39.6000,0,NULL,'outofstock',0,0.00,0,'taxable','',''),(921,'',0,0,12.6500,23.3200,0,NULL,'outofstock',0,0.00,0,'taxable','',''),(922,'9342103000022',0,0,12.6500,12.6500,0,0,'outofstock',0,0.00,0,'taxable','parent',''),(923,'9342103000039',0,0,23.3200,23.3200,0,0,'outofstock',0,0.00,0,'taxable','parent',''),(926,'',0,0,127.0500,231.0000,0,NULL,'outofstock',0,0.00,0,'taxable','',''),(928,'964631610250',0,0,12.3200,12.3200,0,0,'outofstock',0,0.00,0,'taxable','',''),(930,'',0,0,12.6500,24.0900,0,NULL,'outofstock',0,0.00,0,'taxable','',''),(931,'964642882250',0,0,12.6500,12.6500,0,0,'outofstock',0,0.00,0,'taxable','parent',''),(932,'964642882500',0,0,24.0900,24.0900,0,0,'outofstock',0,0.00,0,'taxable','parent',''),(935,'',0,0,8.0300,13.5300,0,NULL,'instock',0,0.00,9,'taxable','',''),(939,'901510500',0,0,8.0300,8.0300,0,0,'outofstock',0,0.00,0,'taxable','parent',''),(940,'9015101000',0,0,13.5300,13.5300,0,1,'instock',0,0.00,0,'taxable','parent',''),(1060,'',0,0,2.0000,2.0000,0,NULL,'instock',0,0.00,5,'taxable','',''),(1144,'5711953098338',0,0,26.9500,26.9500,0,0,'outofstock',0,0.00,0,'taxable','parent',''),(1145,'5711953098574',0,0,18.5900,18.5900,0,0,'outofstock',0,0.00,0,'taxable','parent',''),(1151,'',0,0,17.9300,32.8900,0,NULL,'outofstock',0,0.00,0,'taxable','',''),(1188,'900517140500',0,0,17.9300,17.9300,0,0,'outofstock',0,0.00,0,'taxable','parent',''),(1190,'900517141000',0,0,32.8900,32.8900,0,0,'outofstock',0,0.00,0,'taxable','parent',''),(1202,'15740900108285',0,0,589.6000,589.6000,0,0,'outofstock',0,0.00,0,'taxable','parent',''),(1201,'5740900403673',0,0,29.7000,29.7000,0,10,'instock',0,0.00,0,'taxable','parent',''),(1211,'956485000500',0,0,9.2400,9.2400,0,0,'outofstock',0,0.00,0,'taxable','parent',''),(1207,'',0,0,0.0000,0.0000,0,NULL,'instock',0,0.00,0,'taxable','parent',''),(1212,'956485001000',0,0,17.0500,17.0500,0,0,'outofstock',0,0.00,0,'taxable','parent',''),(1222,'',0,0,21.8900,42.1300,0,NULL,'instock',0,0.00,0,'taxable','',''),(1223,'949203200500',0,0,21.8900,21.8900,0,5,'instock',0,0.00,0,'taxable','parent',''),(1224,'949203201000',0,0,42.1300,42.1300,0,5,'instock',0,0.00,0,'taxable','parent',''),(1225,'',0,0,11.8800,12.7600,0,NULL,'outofstock',0,0.00,0,'taxable','',''),(1226,'9415007016649',0,0,12.7600,12.7600,0,0,'outofstock',0,0.00,0,'taxable','parent',''),(1227,'9415007301585',0,0,11.8800,11.8800,0,0,'outofstock',0,0.00,0,'taxable','parent',''),(1228,'9415007053088',0,0,27.5000,27.5000,0,0,'outofstock',0,0.00,4,'taxable','',''),(1232,'',0,0,7.5900,25.1900,0,NULL,'outofstock',0,0.00,0,'taxable','',''),(1234,'9415262979116',0,0,7.5900,7.5900,0,0,'outofstock',0,0.00,0,'taxable','parent',''),(1235,'9415007303510',0,0,25.1900,25.1900,0,0,'outofstock',0,0.00,0,'taxable','parent',''),(1241,'15711953139496',0,0,281.6000,281.6000,0,0,'outofstock',0,0.00,0,'taxable','parent',''),(1242,'15711953139519',0,0,281.6000,281.6000,0,0,'outofstock',0,0.00,0,'taxable','parent',''),(1243,'5711953139505',0,0,14.1900,14.1900,0,0,'outofstock',0,0.00,0,'taxable','parent',''),(1244,'5711953139529',0,0,14.1900,14.1900,0,0,'outofstock',0,0.00,0,'taxable','parent',''),(1240,'8000430171013',0,0,43.8900,43.8900,0,5,'instock',0,0.00,0,'taxable','',''),(1246,'',0,0,5.8300,228.8000,0,NULL,'instock',0,0.00,0,'taxable','',''),(1248,'9556046231003',0,0,5.8300,5.8300,0,10,'instock',0,0.00,0,'taxable','parent',''),(1249,'19556046231000',0,0,228.8000,228.8000,0,0,'outofstock',0,0.00,0,'taxable','parent',''),(1250,'',0,0,26.7600,526.4000,0,NULL,'instock',0,0.00,0,'taxable','',''),(1253,'3256760160028',0,0,26.7600,26.7600,0,10,'instock',0,0.00,0,'taxable','parent',''),(1254,'3256760160020',0,0,526.4000,526.4000,0,0,'outofstock',0,0.00,0,'taxable','parent',''),(1255,'3256760160011',0,0,26.7600,26.7600,0,10,'instock',0,0.00,0,'taxable','parent',''),(1256,'911500140020',0,0,526.4000,526.4000,0,0,'outofstock',0,0.00,0,'taxable','parent',''),(1258,'',0,0,15.2900,297.0000,0,NULL,'instock',0,0.00,1,'taxable','',''),(1259,'5740900400092',0,0,15.2900,15.2900,0,9,'instock',0,0.00,0,'taxable','parent',''),(1260,'5740900832320',0,0,297.0000,297.0000,0,0,'outofstock',0,0.00,0,'taxable','parent',''),(1261,'5740900400108',0,0,15.2900,15.2900,0,0,'outofstock',0,0.00,0,'taxable','parent',''),(1262,'5740900835120',0,0,297.0000,297.0000,0,0,'outofstock',0,0.00,0,'taxable','parent',''),(1277,'',0,0,5.5000,317.7900,0,NULL,'outofstock',0,0.00,0,'taxable','',''),(1278,'9555057100278',0,0,5.5000,5.5000,0,0,'outofstock',0,0.00,0,'taxable','parent',''),(1279,'19555657100275',0,0,317.7900,317.7900,0,0,'outofstock',0,0.00,0,'taxable','parent',''),(1280,'',0,0,19.6900,148.5000,0,NULL,'instock',0,0.00,0,'taxable','',''),(1281,'5410488823674',0,0,24.0900,24.0900,0,10,'instock',0,0.00,0,'taxable','parent',''),(1282,'5410488823698',0,0,19.6900,19.6900,0,0,'outofstock',0,0.00,0,'taxable','parent',''),(1283,'5410488823681',0,0,141.9000,141.9000,0,0,'outofstock',0,0.00,0,'taxable','parent',''),(1284,'5410488823704',0,0,115.5000,115.5000,0,0,'outofstock',0,0.00,0,'taxable','parent',''),(1286,'',0,0,10.4500,326.7000,0,NULL,'outofstock',0,0.00,0,'taxable','',''),(1287,'9555287100079',0,0,10.4500,10.4500,0,0,'outofstock',0,0.00,0,'taxable','parent',''),(1288,'9555287100734',0,0,19.9100,19.9100,0,0,'outofstock',0,0.00,0,'taxable','parent',''),(1289,'9555287101021',0,0,32.8900,32.8900,0,0,'outofstock',0,0.00,0,'taxable','parent',''),(1290,'9555287100025',0,0,240.9000,240.9000,0,0,'outofstock',0,0.00,0,'taxable','parent',''),(1291,'9555287100712',0,0,236.2800,236.2800,0,0,'outofstock',0,0.00,0,'taxable','parent',''),(1292,'955528710100',0,0,326.7000,326.7000,0,0,'outofstock',0,0.00,0,'taxable','parent',''),(1294,'',0,0,13.5300,319.0000,0,NULL,'outofstock',0,0.00,0,'taxable','',''),(1295,'9311000999883',0,0,13.5300,13.5300,0,0,'outofstock',0,0.00,0,'taxable','parent',''),(1296,'19310264914684',0,0,319.0000,319.0000,0,0,'outofstock',0,0.00,0,'taxable','parent',''),(1297,'9311000011134',0,0,13.5300,13.5300,0,0,'outofstock',0,0.00,0,'taxable','parent',''),(1298,'19310264914677',0,0,319.0000,319.0000,0,0,'outofstock',0,0.00,0,'taxable','parent',''),(1303,'',0,0,35.0900,207.9000,0,NULL,'outofstock',0,0.00,0,'taxable','',''),(1304,'5410488823759',0,0,35.0900,35.0900,0,0,'outofstock',0,0.00,0,'taxable','parent',''),(1305,'5410488823766',0,0,207.9000,207.9000,0,0,'outofstock',0,0.00,0,'taxable','parent',''),(1306,'',0,0,116.4900,588.0000,0,NULL,'outofstock',0,0.00,0,'taxable','',''),(1307,'8715300258602',0,0,116.4900,116.4900,0,0,'outofstock',0,0.00,0,'taxable','parent',''),(1308,'8715300258687',0,0,588.0000,588.0000,0,0,'outofstock',0,0.00,0,'taxable','parent',''),(1309,'',0,0,22.2800,22.2800,0,NULL,'outofstock',0,0.00,0,'taxable','',''),(1310,'5740900832500',0,0,22.2800,22.2800,0,0,'outofstock',0,0.00,0,'taxable','parent',''),(1311,'5740900831500',0,0,22.2800,22.2800,0,0,'outofstock',0,0.00,0,'taxable','parent',''),(1312,'',0,0,5.0400,434.4500,0,NULL,'instock',0,0.00,0,'taxable','',''),(1313,'9557366150326',0,0,10.9700,10.9700,0,10,'instock',0,0.00,0,'taxable','parent',''),(1314,'19557366150323',0,0,434.4500,434.4500,0,0,'outofstock',0,0.00,0,'taxable','parent',''),(1315,'9557366150456',0,0,5.0400,5.0400,0,10,'instock',0,0.00,0,'taxable','parent',''),(1316,'19557366150453',0,0,192.6400,192.6400,0,0,'outofstock',0,0.00,0,'taxable','parent',''),(1330,'900011480100',0,0,5.0600,5.0600,0,10,'instock',0,0.00,0,'taxable','',''),(1331,'',0,0,3.1900,5.2800,0,NULL,'instock',0,0.00,0,'taxable','',''),(1332,'900011500050',0,0,3.1900,3.1900,0,10,'instock',0,0.00,0,'taxable','parent',''),(1333,'900011500100',0,0,5.2800,5.2800,0,10,'instock',0,0.00,0,'taxable','parent',''),(1338,'8901071706834',0,0,17.4900,17.4900,0,10,'instock',0,0.00,0,'taxable','parent',''),(1339,'03436602',0,0,19.2500,19.2500,0,10,'instock',0,0.00,0,'taxable','parent',''),(1340,'6942836715175',0,0,20.3500,20.3500,0,10,'instock',0,0.00,0,'taxable','parent',''),(1334,'CAS1000',0,0,6.0500,6.0500,0,9,'instock',0,0.00,1,'taxable','',''),(1342,'929800000500',0,0,1.4300,1.4300,0,9,'instock',0,0.00,1,'taxable','',''),(1343,'929801000500',0,0,1.7600,1.7600,0,10,'instock',0,0.00,0,'taxable','',''),(1344,'',0,0,0.9900,15.2900,0,NULL,'instock',0,0.00,5,'taxable','',''),(1346,'8887010023043',0,0,0.9900,0.9900,0,28,'instock',0,0.00,0,'taxable','parent',''),(1347,'3267794000006',0,0,13.9700,13.9700,0,9,'instock',0,0.00,0,'taxable','parent',''),(1348,'3267793000007',0,0,15.2900,15.2900,0,10,'instock',0,0.00,0,'taxable','parent',''),(1367,'5410488823650',0,0,25.1900,25.1900,0,10,'instock',0,0.00,0,'taxable','parent',''),(1368,'5410488823667',0,0,148.5000,148.5000,0,0,'outofstock',0,0.00,0,'taxable','parent',''),(1372,'920736720500',0,0,29.1500,29.1500,0,5,'instock',0,0.00,0,'taxable','',''),(1375,'5420062810808',0,0,235.2900,235.2900,0,5,'instock',0,0.00,0,'taxable','',''),(1377,'900011180100',0,0,6.4900,6.4900,0,10,'instock',0,0.00,0,'taxable','',''),(1379,'',0,0,18.5900,18.5900,0,0,'outofstock',0,0.00,0,'taxable','parent',''),(1380,'950700001000',0,0,30.2500,30.2500,0,10,'instock',0,0.00,0,'taxable','parent',''),(1383,'',0,0,7.7700,27.5000,0,NULL,'instock',0,0.00,1,'taxable','',''),(1384,'904000130250',0,0,7.7700,7.7700,0,9,'instock',0,0.00,0,'taxable','parent',''),(1385,'904000131000',0,0,27.5000,27.5000,0,0,'outofstock',0,0.00,0,'taxable','parent',''),(1390,'',0,0,54.7800,98.8900,0,NULL,'instock',0,0.00,0,'taxable','',''),(1391,'900517060050',0,0,54.7800,54.7800,0,10,'instock',0,0.00,0,'taxable','parent',''),(1392,'900517060100',0,0,98.8900,98.8900,0,10,'instock',0,0.00,0,'taxable','parent',''),(1394,'',0,0,10.8900,33.0000,0,NULL,'instock',0,0.00,0,'taxable','',''),(1395,'941900000250',0,0,10.8900,10.8900,0,10,'instock',0,0.00,0,'taxable','parent',''),(1396,'941900001000',0,0,33.0000,33.0000,0,10,'instock',0,0.00,0,'taxable','parent',''),(1399,'900011490100',0,0,5.3900,5.3900,0,7,'instock',0,0.00,3,'taxable','',''),(1401,'',0,0,6.0500,9.3500,0,NULL,'outofstock',0,0.00,0,'taxable','',''),(1404,'904823030050',0,0,6.0500,6.0500,0,0,'outofstock',0,0.00,0,'taxable','parent',''),(1405,'904823030100',0,0,9.3500,9.3500,0,0,'outofstock',0,0.00,0,'taxable','parent',''),(1407,'',0,0,21.8900,228.6900,0,NULL,'outofstock',0,0.00,0,'taxable','',''),(1408,'945805570250',0,0,21.8900,21.8900,0,0,'outofstock',0,0.00,0,'taxable','parent',''),(1409,'9458004230250',0,0,24.8600,24.8600,0,0,'outofstock',0,0.00,0,'taxable','parent',''),(1410,'5410522700961',0,0,192.5000,192.5000,0,0,'outofstock',0,0.00,0,'taxable','parent',''),(1411,'5410522700985',0,0,228.6900,228.6900,0,0,'outofstock',0,0.00,0,'taxable','parent',''),(1414,'900025100500',0,0,19.2500,19.2500,0,0,'outofstock',0,0.00,0,'taxable','',''),(1417,'945717610500',0,0,127.0500,127.0500,0,0,'outofstock',0,0.00,0,'taxable','parent',''),(1418,'',0,0,231.0000,231.0000,0,0,'outofstock',0,0.00,0,'taxable','parent',''),(1416,'929100000500',0,0,19.2500,19.2500,0,0,'outofstock',0,0.00,0,'taxable','',''),(1423,'',0,0,16.3900,638.0000,0,NULL,'instock',0,0.00,0,'taxable','',''),(1424,'3228020355741',0,0,16.3900,16.3900,0,10,'instock',0,0.00,0,'taxable','parent',''),(1425,'13155253013070',0,0,638.0000,638.0000,0,0,'outofstock',0,0.00,0,'taxable','parent',''),(1426,'3228022910023',0,0,16.3900,16.3900,0,10,'instock',0,0.00,0,'taxable','parent',''),(1427,'13155253013063',0,0,638.0000,638.0000,0,0,'outofstock',0,0.00,0,'taxable','parent',''),(1430,'VFM1000',0,0,33.9900,33.9900,0,0,'outofstock',0,0.00,1,'taxable','',''),(1432,'3228020160314',0,0,27.3900,27.3900,0,10,'instock',0,0.00,0,'taxable','',''),(1434,'917000021000',0,0,12.6500,12.6500,0,10,'instock',0,0.00,0,'taxable','',''),(1437,'',0,0,4.9500,39.4900,0,NULL,'outofstock',0,0.00,0,'taxable','',''),(1438,'918300200100',0,0,4.9500,4.9500,0,0,'outofstock',0,0.00,0,'taxable','parent',''),(1439,'918300200500',0,0,21.4500,21.4500,0,0,'outofstock',0,0.00,0,'taxable','parent',''),(1440,'918300201000',0,0,39.4900,39.4900,0,0,'outofstock',0,0.00,0,'taxable','parent',''),(1446,'',0,0,7.1500,8.6900,0,NULL,'instock',0,0.00,0,'taxable','',''),(1449,'9554100423852',0,0,8.6900,8.6900,0,10,'instock',0,0.00,0,'taxable','parent',''),(1450,'9554100423869',0,0,7.1500,7.1500,0,10,'instock',0,0.00,0,'taxable','parent',''),(1452,'',0,0,3.1900,37.2900,0,NULL,'instock',0,0.00,0,'taxable','',''),(1455,'920610000050',0,0,3.1900,3.1900,0,10,'instock',0,0.00,0,'taxable','parent',''),(1456,'920610000250',0,0,10.8900,10.8900,0,5,'instock',0,0.00,0,'taxable','parent',''),(1457,'920610001000',0,0,37.2900,37.2900,0,0,'outofstock',0,0.00,0,'taxable','parent',''),(1458,'920610000500',0,0,20.3500,20.3500,0,0,'outofstock',0,0.00,0,'taxable','parent',''),(1462,'9555797200146',0,0,6.8200,6.8200,0,10,'instock',0,0.00,0,'taxable','',''),(1464,'9556074382203',0,0,7.1500,7.1500,0,10,'instock',0,0.00,0,'taxable','',''),(1466,'',0,0,21.4500,21.4500,0,0,'outofstock',0,0.00,0,'taxable','',''),(1468,'9555582200207',0,0,31.6800,31.6800,0,1,'instock',0,0.00,0,'taxable','',''),(1485,'904211050100',0,0,6.4900,6.4900,0,10,'instock',0,0.00,0,'taxable','',''),(1491,'',0,0,2.7500,38.7200,0,NULL,'outofstock',0,0.00,0,'taxable','',''),(1493,'900013120703',0,0,2.7500,2.7500,0,0,'outofstock',0,0.00,0,'taxable','parent',''),(1494,'900013120750',0,0,20.7900,20.7900,0,0,'outofstock',0,0.00,0,'taxable','parent',''),(1495,'900013120701',0,0,38.7200,38.7200,0,0,'outofstock',0,0.00,0,'taxable','parent',''),(1496,'',0,0,2.7500,4.2900,0,NULL,'instock',0,0.00,0,'taxable','',''),(1497,'900011160050',0,0,2.7500,2.7500,0,10,'instock',0,0.00,0,'taxable','parent',''),(1498,'900011160100',0,0,4.2900,4.2900,0,0,'outofstock',0,0.00,0,'taxable','parent',''),(1500,'904211000100',0,0,4.8400,4.8400,0,10,'instock',0,0.00,0,'taxable','',''),(1501,'',0,0,59.9500,104.5000,0,NULL,'instock',0,0.00,0,'taxable','',''),(1505,'900510080500',0,0,59.9500,59.9500,0,5,'instock',0,0.00,0,'taxable','parent',''),(1506,'900510081000',0,0,104.5000,104.5000,0,5,'instock',0,0.00,0,'taxable','parent',''),(1507,'',0,0,50.4900,87.8900,0,NULL,'instock',0,0.00,0,'taxable','',''),(1508,'985300050500',0,0,50.4900,50.4900,0,10,'instock',0,0.00,0,'taxable','parent',''),(1509,'985300051000',0,0,87.8900,87.8900,0,10,'instock',0,0.00,0,'taxable','parent',''),(1512,'',0,0,13.7500,235.2900,0,NULL,'instock',0,0.00,0,'taxable','',''),(1513,'911524010250',0,0,13.7500,13.7500,0,0,'outofstock',0,0.00,0,'taxable','parent',''),(1514,'911524011000',0,0,50.4900,50.4900,0,0,'outofstock',0,0.00,0,'taxable','parent',''),(1515,'',0,0,235.2900,235.2900,0,5,'instock',0,0.00,0,'taxable','parent',''),(1516,'',0,0,9.0200,65.8900,0,NULL,'outofstock',0,0.00,0,'taxable','',''),(1517,'955542873300',0,0,9.0200,9.0200,0,0,'outofstock',0,0.00,0,'taxable','parent',''),(1518,'955542873610',0,0,19.6900,19.6900,0,0,'outofstock',0,0.00,0,'taxable','parent',''),(1519,'9555428736051',0,0,65.8900,65.8900,0,0,'outofstock',0,0.00,0,'taxable','parent',''),(1520,'',0,0,15.9500,30.2500,0,NULL,'instock',0,0.00,0,'taxable','',''),(1521,'900517240500',0,0,15.9500,15.9500,0,10,'instock',0,0.00,0,'taxable','parent',''),(1522,'900517241000',0,0,30.2500,30.2500,0,0,'outofstock',0,0.00,0,'taxable','parent',''),(1523,'',0,0,15.9500,29.5900,0,NULL,'outofstock',0,0.00,0,'taxable','',''),(1524,'CRAN500',0,0,15.9500,15.9500,0,0,'outofstock',0,0.00,0,'taxable','parent',''),(1525,'DFIP00081000',0,0,29.5900,29.5900,0,0,'outofstock',0,0.00,0,'taxable','parent',''),(1526,'900010110050',0,0,7.3700,7.3700,0,10,'instock',0,0.00,0,'taxable','',''),(1527,'',0,0,6.4900,11.3300,0,NULL,'instock',0,0.00,0,'taxable','',''),(1528,'909900000500',0,0,6.4900,6.4900,0,10,'instock',0,0.00,0,'taxable','parent',''),(1529,'909900001000',0,0,11.3300,11.3300,0,10,'instock',0,0.00,0,'taxable','parent',''),(1532,'',0,0,20.3500,37.2900,0,NULL,'outofstock',0,0.00,20,'taxable','',''),(1533,'900017010050',0,0,20.3500,20.3500,0,0,'outofstock',0,0.00,0,'taxable','parent',''),(1534,'9000170101000',0,0,37.2900,37.2900,0,0,'outofstock',0,0.00,0,'taxable','parent',''),(1535,'',0,0,12.1000,23.4300,0,NULL,'instock',0,0.00,0,'taxable','',''),(1536,'9005170500500',0,0,12.1000,12.1000,0,0,'outofstock',0,0.00,0,'taxable','parent',''),(1537,'900517050100',0,0,23.4300,23.4300,0,10,'instock',0,0.00,0,'taxable','parent',''),(1538,'',0,0,9.7900,18.1500,0,NULL,'instock',0,0.00,0,'taxable','',''),(1539,'906824000050',0,0,9.7900,9.7900,0,10,'instock',0,0.00,0,'taxable','parent',''),(1540,'906824000100',0,0,18.1500,18.1500,0,10,'instock',0,0.00,0,'taxable','parent',''),(1541,'',0,0,7.5900,14.1900,0,NULL,'outofstock',0,0.00,0,'taxable','',''),(1542,'901023000050',0,0,7.5900,7.5900,0,0,'outofstock',0,0.00,0,'taxable','parent',''),(1543,'901023000100',0,0,14.1900,14.1900,0,0,'outofstock',0,0.00,0,'taxable','parent',''),(1544,'',0,0,4.1800,6.3800,0,NULL,'instock',0,0.00,0,'taxable','',''),(1545,'904823000050',0,0,4.1800,4.1800,0,10,'instock',0,0.00,0,'taxable','parent',''),(1546,'904823000100',0,0,6.3800,6.3800,0,10,'instock',0,0.00,0,'taxable','parent',''),(1547,'',0,0,10.4500,17.6000,0,NULL,'outofstock',0,0.00,0,'taxable','',''),(1549,'900050020250',0,0,10.4500,10.4500,0,0,'outofstock',0,0.00,0,'taxable','parent',''),(1550,'900050020500',0,0,17.6000,17.6000,0,0,'outofstock',0,0.00,0,'taxable','parent',''),(1551,'',0,0,43.8900,86.3500,0,NULL,'instock',0,0.00,0,'taxable','',''),(1552,'9010120500',0,0,43.8900,43.8900,0,10,'instock',0,0.00,0,'taxable','parent',''),(1553,'9010121000',0,0,86.3500,86.3500,0,10,'instock',0,0.00,0,'taxable','parent',''),(1600,'900011310100',0,0,3.3500,3.3500,0,10,'instock',0,0.00,0,'taxable','',''),(1601,'900016000150',0,0,7.1500,7.1500,0,10,'instock',0,0.00,0,'taxable','',''),(1603,'',0,0,7.1500,81.2900,0,NULL,'instock',0,0.00,0,'taxable','',''),(1604,'9556166041650',0,0,7.1500,7.1500,0,0,'outofstock',0,0.00,0,'taxable','parent',''),(1605,'19556166062591',0,0,81.2900,81.2900,0,10,'instock',0,0.00,0,'taxable','parent',''),(1608,'',0,0,10.4500,50.1600,0,NULL,'instock',0,0.00,0,'taxable','',''),(1609,'9556046121007',0,0,10.4500,10.4500,0,10,'instock',0,0.00,0,'taxable','parent',''),(1610,'9556046121014',0,0,19.0300,19.0300,0,10,'instock',0,0.00,0,'taxable','parent',''),(1611,'9556046121052',0,0,50.1600,50.1600,0,10,'instock',0,0.00,0,'taxable','parent',''),(1612,'',0,0,2.9700,43.4500,0,NULL,'outofstock',0,0.00,0,'taxable','',''),(1613,'965507220030',0,0,2.9700,2.9700,0,0,'outofstock',0,0.00,0,'taxable','parent',''),(1614,'965507220500',0,0,23.1000,23.1000,0,0,'outofstock',0,0.00,0,'taxable','parent',''),(1615,'965507221000',0,0,43.4500,43.4500,0,0,'outofstock',0,0.00,0,'taxable','parent',''),(1616,'',0,0,2.7500,14.8500,0,NULL,'instock',0,0.00,12,'taxable','',''),(1617,'900011080005',0,0,2.7500,2.7500,0,0,'outofstock',0,0.00,0,'taxable','parent',''),(1618,'900011080025',0,0,4.2900,4.2900,0,18,'instock',0,0.00,0,'taxable','parent',''),(1619,'900011080050',0,0,8.3600,8.3600,0,10,'instock',0,0.00,0,'taxable','parent',''),(1620,'900011080100',0,0,14.8500,14.8500,0,10,'instock',0,0.00,0,'taxable','parent',''),(1622,'',0,0,6.0500,93.3900,0,NULL,'outofstock',0,0.00,0,'taxable','',''),(1623,'945736760050',0,0,6.0500,6.0500,0,0,'outofstock',0,0.00,0,'taxable','parent',''),(1624,'945736760200',0,0,20.7900,20.7900,0,0,'outofstock',0,0.00,0,'taxable','parent',''),(1625,'945736761000',0,0,93.3900,93.3900,0,0,'outofstock',0,0.00,0,'taxable','parent',''),(1627,'',0,0,19.6900,37.2900,0,NULL,'instock',0,0.00,0,'taxable','',''),(1628,'9000170300500',0,0,19.6900,19.6900,0,10,'instock',0,0.00,0,'taxable','parent',''),(1629,'900017030100',0,0,37.2900,37.2900,0,10,'instock',0,0.00,0,'taxable','parent',''),(1630,'',0,0,20.0200,37.9500,0,NULL,'instock',0,0.00,0,'taxable','',''),(1631,'904000000500',0,0,20.0200,20.0200,0,10,'instock',0,0.00,0,'taxable','parent',''),(1632,'904000001000',0,0,37.9500,37.9500,0,0,'outofstock',0,0.00,0,'taxable','parent',''),(1633,'',0,0,4.9500,115.5000,0,NULL,'outofstock',0,0.00,0,'taxable','',''),(1634,'900013144002',0,0,4.9500,4.9500,0,0,'outofstock',0,0.00,0,'taxable','parent',''),(1635,'900013144040',0,0,60.5000,60.5000,0,0,'outofstock',0,0.00,0,'taxable','parent',''),(1636,'900013144080',0,0,115.5000,115.5000,0,0,'outofstock',0,0.00,0,'taxable','parent',''),(1637,'',0,0,2.7500,4.7300,0,NULL,'instock',0,0.00,0,'taxable','',''),(1638,'912500000500',0,0,2.7500,2.7500,0,10,'instock',0,0.00,0,'taxable','parent',''),(1639,'912500001000',0,0,4.7300,4.7300,0,10,'instock',0,0.00,0,'taxable','parent',''),(1640,'',0,0,6.4900,10.8900,0,NULL,'instock',0,0.00,0,'taxable','',''),(1641,'900000400050',0,0,6.4900,6.4900,0,10,'instock',0,0.00,0,'taxable','parent',''),(1642,'900000401000',0,0,10.8900,10.8900,0,10,'instock',0,0.00,0,'taxable','parent',''),(1644,'',0,0,10.8900,20.7900,0,NULL,'instock',0,0.00,0,'taxable','',''),(1645,'900000500500',0,0,10.8900,10.8900,0,10,'instock',0,0.00,0,'taxable','parent',''),(1646,'900000501000',0,0,20.7900,20.7900,0,0,'outofstock',0,0.00,0,'taxable','parent',''),(1647,'918301040100',0,0,13.7500,13.7500,0,0,'outofstock',0,0.00,0,'taxable','',''),(1649,'',0,0,16.3900,181.5000,0,NULL,'outofstock',0,0.00,0,'taxable','',''),(1650,'9556247512918',0,0,16.3900,16.3900,0,0,'outofstock',0,0.00,0,'taxable','parent',''),(1651,'9556247512901',0,0,18.1500,18.1500,0,0,'outofstock',0,0.00,0,'taxable','parent',''),(1652,'9556247512925',0,0,18.5900,18.5900,0,0,'outofstock',0,0.00,0,'taxable','parent',''),(1653,'19556247512913',0,0,159.0000,159.0000,0,0,'outofstock',0,0.00,0,'taxable','parent',''),(1654,'19556247512908',0,0,179.3000,179.3000,0,0,'outofstock',0,0.00,0,'taxable','parent',''),(1655,'19556247512922',0,0,181.5000,181.5000,0,0,'outofstock',0,0.00,0,'taxable','parent',''),(1656,'',0,0,4.9500,43.8900,0,NULL,'instock',0,0.00,0,'taxable','',''),(1657,'940800000060',0,0,4.9500,4.9500,0,0,'outofstock',0,0.00,0,'taxable','parent',''),(1658,'940800090250',0,0,13.7500,13.7500,0,10,'instock',0,0.00,0,'taxable','parent',''),(1659,'940800091000',0,0,43.8900,43.8900,0,0,'outofstock',0,0.00,0,'taxable','parent',''),(1660,'',0,0,14.5200,173.2500,0,NULL,'outofstock',0,0.00,0,'taxable','',''),(1661,'9555218700965',0,0,14.5200,14.5200,0,0,'outofstock',0,0.00,0,'taxable','parent',''),(1662,'9555218706035',0,0,173.2500,173.2500,0,0,'outofstock',0,0.00,0,'taxable','parent',''),(1663,'',0,0,9.7900,56.9000,0,NULL,'outofstock',0,0.00,0,'taxable','',''),(1664,'940600000100',0,0,9.7900,9.7900,0,0,'outofstock',0,0.00,0,'taxable','parent',''),(1665,'917001000500',0,0,34.6500,34.6500,0,0,'outofstock',0,0.00,0,'taxable','parent',''),(1666,'917001001000',0,0,56.9000,56.9000,0,0,'outofstock',0,0.00,0,'taxable','parent',''),(1668,'',0,0,3.8500,4.8400,0,NULL,'outofstock',0,0.00,0,'taxable','',''),(1669,'9557821033003',0,0,3.8500,3.8500,0,0,'outofstock',0,0.00,0,'taxable','parent',''),(1670,'904211051500',0,0,4.8400,4.8400,0,0,'outofstock',0,0.00,0,'taxable','parent',''),(1671,'',0,0,4.1800,6.3800,0,NULL,'instock',0,0.00,0,'taxable','',''),(1672,'904823010050',0,0,4.1800,4.1800,0,10,'instock',0,0.00,0,'taxable','parent',''),(1673,'904823010100',0,0,6.3800,6.3800,0,10,'instock',0,0.00,0,'taxable','parent',''),(1674,'',0,0,16.3900,54.8900,0,NULL,'outofstock',0,0.00,0,'taxable','',''),(1675,'964303670025',0,0,16.3900,16.3900,0,0,'outofstock',0,0.00,0,'taxable','parent',''),(1676,'964303670050',0,0,30.6900,30.6900,0,0,'outofstock',0,0.00,0,'taxable','parent',''),(1677,'964303670100',0,0,54.8900,54.8900,0,0,'outofstock',0,0.00,0,'taxable','parent',''),(1678,'',0,0,6.2700,10.4500,0,NULL,'outofstock',0,0.00,0,'taxable','',''),(1679,'904823020050',0,0,6.2700,6.2700,0,0,'outofstock',0,0.00,0,'taxable','parent',''),(1680,'904823020100',0,0,10.4500,10.4500,0,0,'outofstock',0,0.00,0,'taxable','parent',''),(1681,'',0,0,25.1900,48.2900,0,NULL,'outofstock',0,0.00,0,'taxable','',''),(1682,'949302040500',0,0,25.1900,25.1900,0,0,'outofstock',0,0.00,0,'taxable','parent',''),(1683,'949302041000',0,0,48.2900,48.2900,0,0,'outofstock',0,0.00,0,'taxable','parent',''),(1684,'',0,0,29.1500,55.9900,0,NULL,'outofstock',0,0.00,0,'taxable','',''),(1685,'900517080050',0,0,29.1500,29.1500,0,0,'outofstock',0,0.00,0,'taxable','parent',''),(1686,'900517080100',0,0,55.9900,55.9900,0,0,'outofstock',0,0.00,0,'taxable','parent',''),(1687,'',0,0,33.9900,65.8900,0,NULL,'outofstock',0,0.00,0,'taxable','',''),(1688,'900517070050',0,0,33.9900,33.9900,0,0,'outofstock',0,0.00,0,'taxable','parent',''),(1689,'900517070100',0,0,65.8900,65.8900,0,0,'outofstock',0,0.00,0,'taxable','parent',''),(1690,'',0,0,7.1500,12.6500,0,NULL,'outofstock',0,0.00,0,'taxable','',''),(1691,'999920120050',0,0,7.1500,7.1500,0,0,'outofstock',0,0.00,0,'taxable','parent',''),(1692,'999920120100',0,0,12.6500,12.6500,0,0,'outofstock',0,0.00,0,'taxable','parent',''),(1693,'',0,0,9.3500,17.6000,0,NULL,'outofstock',0,0.00,0,'taxable','',''),(1695,'999920130500',0,0,9.3500,9.3500,0,0,'outofstock',0,0.00,0,'taxable','parent',''),(1696,'9999201301000',0,0,17.6000,17.6000,0,0,'outofstock',0,0.00,0,'taxable','parent',''),(1697,'',0,0,27.5000,50.4900,0,NULL,'outofstock',0,0.00,0,'taxable','',''),(1698,'926600330500',0,0,27.5000,27.5000,0,0,'outofstock',0,0.00,0,'taxable','parent',''),(1699,'926600331000',0,0,50.4900,50.4900,0,0,'outofstock',0,0.00,0,'taxable','parent',''),(1700,'',0,0,3.0800,16.3900,0,NULL,'outofstock',0,0.00,0,'taxable','',''),(1701,'900013002403',0,0,3.0800,3.0800,0,0,'outofstock',0,0.00,0,'taxable','parent',''),(1702,'900013002450',0,0,9.3500,9.3500,0,0,'outofstock',0,0.00,0,'taxable','parent',''),(1703,'900013002401',0,0,16.3900,16.3900,0,0,'outofstock',0,0.00,0,'taxable','parent',''),(1705,'',0,0,3.8500,82.5000,0,NULL,'outofstock',0,0.00,0,'taxable','',''),(1706,'952515110125',0,0,3.8500,3.8500,0,0,'outofstock',0,0.00,0,'taxable','parent',''),(1707,'952515110105',0,0,43.4500,43.4500,0,0,'outofstock',0,0.00,0,'taxable','parent',''),(1708,'952515110110',0,0,82.5000,82.5000,0,0,'outofstock',0,0.00,0,'taxable','parent',''),(1709,'',0,0,10.6700,10.6700,0,1,'instock',0,0.00,0,'taxable','',''),(1710,'916441421500',0,0,10.1200,10.1200,0,10,'instock',0,0.00,0,'taxable','',''),(1712,'916441420500',0,0,9.3500,9.3500,0,10,'instock',0,0.00,0,'taxable','',''),(1713,'',0,0,3.5200,63.6900,0,NULL,'instock',0,0.00,3,'taxable','',''),(1717,'9555064500030',0,0,4.6200,4.6200,0,0,'outofstock',0,0.00,0,'taxable','parent',''),(1716,'9555064500016',0,0,3.5200,3.5200,0,7,'instock',0,0.00,0,'taxable','parent',''),(1718,'9555064500047',0,0,6.4900,6.4900,0,0,'outofstock',0,0.00,0,'taxable','parent',''),(1719,'9555064505004',0,0,33.9900,33.9900,0,0,'outofstock',0,0.00,0,'taxable','parent',''),(1720,'9555064505042',0,0,42.4600,42.4600,0,0,'outofstock',0,0.00,0,'taxable','parent',''),(1721,'9555064505050',0,0,63.6900,63.6900,0,0,'outofstock',0,0.00,0,'taxable','parent',''),(1722,'',0,0,21.4500,41.2500,0,NULL,'outofstock',0,0.00,0,'taxable','',''),(1723,'903612360500',0,0,21.4500,21.4500,0,0,'outofstock',0,0.00,0,'taxable','parent',''),(1724,'903612360100',0,0,41.2500,41.2500,0,0,'outofstock',0,0.00,0,'taxable','parent',''),(1725,'',0,0,4.0700,46.0900,0,NULL,'outofstock',0,0.00,0,'taxable','',''),(1726,'900013000305',0,0,4.0700,4.0700,0,0,'outofstock',0,0.00,0,'taxable','parent',''),(1727,'900013000350',0,0,27.3900,27.3900,0,0,'outofstock',0,0.00,0,'taxable','parent',''),(1728,'900013000301',0,0,46.0900,46.0900,0,0,'outofstock',0,0.00,0,'taxable','parent',''),(1729,'',0,0,3.5200,21.1200,0,NULL,'outofstock',0,0.00,0,'taxable','',''),(1730,'900011200005',0,0,3.5200,3.5200,0,0,'outofstock',0,0.00,0,'taxable','parent',''),(1731,'900011200050',0,0,11.3300,11.3300,0,0,'outofstock',0,0.00,0,'taxable','parent',''),(1732,'900011200100',0,0,21.1200,21.1200,0,0,'outofstock',0,0.00,0,'taxable','parent',''),(1733,'RBH1000',0,0,9.2400,9.2400,0,10,'instock',0,0.00,0,'taxable','',''),(1734,'',0,0,2.6400,4.2900,0,NULL,'outofstock',0,0.00,0,'taxable','',''),(1735,'SODA500',0,0,2.6400,2.6400,0,0,'outofstock',0,0.00,0,'taxable','parent',''),(1736,'SODA1000',0,0,4.2900,4.2900,0,0,'outofstock',0,0.00,0,'taxable','parent',''),(1737,'',0,0,21.8900,58.6300,0,NULL,'outofstock',0,0.00,0,'taxable','',''),(1738,'986500540025',0,0,21.8900,21.8900,0,0,'outofstock',0,0.00,0,'taxable','parent',''),(1739,'986500540100',0,0,58.6300,58.6300,0,0,'outofstock',0,0.00,0,'taxable','parent',''),(1740,'',0,0,13.0900,23.9800,0,NULL,'outofstock',0,0.00,0,'taxable','',''),(1741,'900000300500',0,0,13.0900,13.0900,0,0,'outofstock',0,0.00,0,'taxable','parent',''),(1742,'900000301000',0,0,23.9800,23.9800,0,0,'outofstock',0,0.00,0,'taxable','parent',''),(1743,'6927028311397',0,0,6.1600,6.1600,0,1,'instock',0,0.00,0,'taxable','',''),(1744,'5000168022178',0,0,10.2300,10.2300,0,10,'instock',0,0.00,0,'taxable','',''),(1745,'',0,0,6.4900,15.9500,0,NULL,'outofstock',0,0.00,0,'taxable','',''),(1746,'964323360025',0,0,6.4900,6.4900,0,0,'outofstock',0,0.00,0,'taxable','parent',''),(1747,'964323360050',0,0,8.6900,8.6900,0,0,'outofstock',0,0.00,0,'taxable','parent',''),(1748,'964323360100',0,0,15.9500,15.9500,0,0,'outofstock',0,0.00,0,'taxable','parent',''),(1749,'',0,0,10.4500,65.8900,0,NULL,'outofstock',0,0.00,0,'taxable','',''),(1750,'944347280250',0,0,10.4500,10.4500,0,0,'outofstock',0,0.00,0,'taxable','parent',''),(1751,'964642872000',0,0,65.8900,65.8900,0,0,'outofstock',0,0.00,0,'taxable','parent',''),(1753,'',0,0,49.3900,94.4900,0,NULL,'instock',0,0.00,1,'taxable','',''),(1754,'926600020500',0,0,49.3900,49.3900,0,0,'outofstock',0,0.00,0,'taxable','parent',''),(1755,'926600021000',0,0,94.4900,94.4900,0,9,'instock',0,0.00,0,'taxable','parent',''),(1759,'',0,0,5.2800,56.6500,0,NULL,'outofstock',0,0.00,0,'taxable','',''),(1760,'PP50',0,0,5.2800,5.2800,0,0,'outofstock',0,0.00,0,'taxable','parent',''),(1761,'PP500',0,0,31.3500,31.3500,0,0,'outofstock',0,0.00,0,'taxable','parent',''),(1762,'PP1000',0,0,56.6500,56.6500,0,0,'outofstock',0,0.00,0,'taxable','parent',''),(1763,'',0,0,2.2000,18.5900,0,NULL,'outofstock',0,0.00,0,'taxable','',''),(1764,'900011320005',0,0,2.2000,2.2000,0,0,'outofstock',0,0.00,0,'taxable','parent',''),(1765,'900011320025',0,0,5.7200,5.7200,0,0,'outofstock',0,0.00,0,'taxable','parent',''),(1766,'900011320050',0,0,10.0100,10.0100,0,0,'outofstock',0,0.00,0,'taxable','parent',''),(1767,'TT1000',0,0,18.5900,18.5900,0,0,'outofstock',0,0.00,0,'taxable','parent',''),(1768,'',0,0,4.9500,7.5900,0,NULL,'outofstock',0,0.00,0,'taxable','',''),(1769,'900118040400',0,0,4.9500,4.9500,0,0,'outofstock',0,0.00,0,'taxable','parent',''),(1770,'900118040800',0,0,7.5900,7.5900,0,0,'outofstock',0,0.00,0,'taxable','parent',''),(1771,'',0,0,31.0200,60.3900,0,NULL,'outofstock',0,0.00,0,'taxable','',''),(1772,'917000080500',0,0,31.0200,31.0200,0,0,'outofstock',0,0.00,0,'taxable','parent',''),(1773,'917000081000',0,0,60.3900,60.3900,0,0,'outofstock',0,0.00,0,'taxable','parent',''),(1775,'906600000700',0,0,8.8000,8.8000,0,1,'instock',0,0.00,0,'taxable','',''),(1777,'SRF1000',0,0,5.6100,5.6100,0,10,'instock',0,0.00,0,'taxable','',''),(1778,'9556755010043',0,0,3.4100,3.4100,0,10,'instock',0,0.00,0,'taxable','',''),(1779,'9556833110702',0,0,3.0800,3.0800,0,10,'instock',0,0.00,0,'taxable','',''),(1782,'9557366150333',0,0,10.7800,10.7800,0,10,'instock',0,0.00,0,'taxable','parent',''),(1783,'19557366150330',0,0,426.6900,426.6900,0,5,'instock',0,0.00,0,'taxable','parent',''),(1787,'',0,0,8.2500,121.0000,0,NULL,'outofstock',0,0.00,0,'taxable','',''),(1789,'918300810050',0,0,8.2500,8.2500,0,0,'outofstock',0,0.00,0,'taxable','parent',''),(1790,'918300810250',0,0,31.3500,31.3500,0,0,'outofstock',0,0.00,0,'taxable','parent',''),(1791,'918300811000',0,0,121.0000,121.0000,0,0,'outofstock',0,0.00,0,'taxable','parent',''),(1792,'',0,0,22.9900,54.8900,0,NULL,'outofstock',0,0.00,0,'taxable','',''),(1793,'9556247529817',0,0,22.9900,22.9900,0,0,'outofstock',0,0.00,0,'taxable','parent',''),(1794,'9556247535849',0,0,54.8900,54.8900,0,0,'outofstock',0,0.00,0,'taxable','parent',''),(1795,'940800180002',0,0,43.4500,43.4500,0,0,'outofstock',0,0.00,0,'taxable','',''),(1796,'900019040800',0,0,9.3500,9.3500,0,10,'instock',0,0.00,0,'taxable','',''),(1834,'9310264911839',0,0,8.6900,8.6900,0,0,'outofstock',0,0.00,0,'taxable','',''),(1845,'',0,0,14.8500,144.6500,0,NULL,'outofstock',0,0.00,0,'taxable','',''),(1846,'906300440050',0,0,14.8500,14.8500,0,0,'outofstock',0,0.00,0,'taxable','parent',''),(1847,'8414933570004',0,0,144.6500,144.6500,0,0,'outofstock',0,0.00,0,'taxable','parent',''),(1850,'',0,0,18.5900,35.0900,0,NULL,'outofstock',0,0.00,0,'taxable','',''),(1851,'900500800500',0,0,18.5900,18.5900,0,0,'outofstock',0,0.00,0,'taxable','parent',''),(1852,'900500801000',0,0,35.0900,35.0900,0,0,'outofstock',0,0.00,0,'taxable','parent',''),(1854,'9310264913697',0,0,39.6000,39.6000,0,0,'outofstock',0,0.00,0,'taxable','parent',''),(1855,'9310264913703',0,0,39.6000,39.6000,0,0,'outofstock',0,0.00,0,'taxable','parent',''),(1861,'',0,0,21.8900,42.1300,0,NULL,'outofstock',0,0.00,0,'taxable','',''),(1862,'925400000500',0,0,21.8900,21.8900,0,0,'outofstock',0,0.00,0,'taxable','parent',''),(1863,'925400001000',0,0,42.1300,42.1300,0,0,'outofstock',0,0.00,0,'taxable','parent',''),(1868,'9310264915189',0,0,65.4500,65.4500,0,0,'outofstock',0,0.00,0,'taxable','',''),(1871,'900010180050',0,0,11.2200,11.2200,0,0,'outofstock',0,0.00,10,'taxable','',''),(1873,'',0,0,10.8900,18.1500,0,NULL,'outofstock',0,0.00,2,'taxable','',''),(1874,'951011010500',0,0,10.8900,10.8900,0,0,'outofstock',0,0.00,0,'taxable','parent',''),(1875,'951011011000',0,0,18.1500,18.1500,0,0,'outofstock',0,0.00,0,'taxable','parent',''),(1877,'',0,0,8.0300,65.8900,0,NULL,'outofstock',0,0.00,0,'taxable','',''),(1878,'964603710100',0,0,8.0300,8.0300,0,0,'outofstock',0,0.00,0,'taxable','parent',''),(1879,'964603710250',0,0,18.1500,18.1500,0,0,'outofstock',0,0.00,0,'taxable','parent',''),(1880,'964603710500',0,0,33.9900,33.9900,0,0,'outofstock',0,0.00,0,'taxable','parent',''),(1881,'964642900100',0,0,65.8900,65.8900,0,0,'outofstock',0,0.00,0,'taxable','parent',''),(1885,'',0,0,14.1900,49.5000,0,NULL,'outofstock',0,0.00,0,'taxable','',''),(1886,'964642890250',0,0,14.1900,14.1900,0,0,'outofstock',0,0.00,0,'taxable','parent',''),(1887,'964642890500',0,0,26.2900,26.2900,0,0,'outofstock',0,0.00,0,'taxable','parent',''),(1888,'964642890100',0,0,49.5000,49.5000,0,0,'outofstock',0,0.00,0,'taxable','parent',''),(1901,'9554100119229',0,0,9.4600,9.4600,0,0,'outofstock',0,0.00,0,'taxable','',''),(1939,'',0,0,43.8900,98.8900,0,NULL,'instock',0,0.00,0,'taxable','',''),(1940,'6253361301383',0,0,51.1500,51.1500,0,0,'outofstock',0,0.00,0,'taxable','parent',''),(1941,'6253361301390',0,0,51.1500,51.1500,0,0,'outofstock',0,0.00,0,'taxable','parent',''),(1942,'6253361301475',0,0,46.0900,46.0900,0,0,'outofstock',0,0.00,0,'taxable','parent',''),(1943,'6253361326751',0,0,43.8900,43.8900,0,0,'outofstock',0,0.00,0,'taxable','parent',''),(1944,'6253361346346',0,0,43.8900,43.8900,0,0,'outofstock',0,0.00,0,'taxable','parent',''),(1945,'6253361301536',0,0,98.8900,98.8900,0,0,'outofstock',0,0.00,0,'taxable','parent',''),(1946,'6253361346322',0,0,58.8500,58.8500,0,0,'outofstock',0,0.00,0,'taxable','parent',''),(1947,'6253361301659',0,0,51.1500,51.1500,0,0,'outofstock',0,0.00,0,'taxable','parent',''),(1948,'6253361327369',0,0,46.0900,46.0900,0,NULL,'instock',0,0.00,0,'taxable','parent',''),(1953,'',0,0,13.7500,235.2900,0,NULL,'outofstock',0,0.00,0,'taxable','',''),(1954,'',0,0,13.7500,13.7500,0,0,'outofstock',0,0.00,0,'taxable','parent',''),(1955,'',0,0,50.4900,50.4900,0,0,'outofstock',0,0.00,0,'taxable','parent',''),(1956,'',0,0,235.2900,235.2900,0,0,'outofstock',0,0.00,0,'taxable','parent',''),(1959,'',0,0,21.8900,351.8900,0,NULL,'outofstock',0,0.00,0,'taxable','',''),(1960,'911524320250',0,0,21.8900,21.8900,0,0,'outofstock',0,0.00,0,'taxable','parent',''),(1961,'911524321000',0,0,75.3500,75.3500,0,0,'outofstock',0,0.00,0,'taxable','parent',''),(1962,'887542022932',0,0,351.8900,351.8900,0,0,'outofstock',0,0.00,0,'taxable','parent',''),(1964,'',0,0,22.5500,53.7900,0,NULL,'outofstock',0,0.00,0,'taxable','',''),(1965,'9556247527882',0,0,22.5500,22.5500,0,0,'outofstock',0,0.00,0,'taxable','parent',''),(1966,'9556247535856',0,0,53.7900,53.7900,0,0,'outofstock',0,0.00,0,'taxable','parent',''),(1971,'',0,0,45.6500,482.9000,0,NULL,'outofstock',0,0.00,0,'taxable','',''),(1972,'339532104025',0,0,45.6500,45.6500,0,0,'outofstock',0,0.00,0,'taxable','parent',''),(1973,'3395321045100',0,0,170.5000,170.5000,0,0,'outofstock',0,0.00,0,'taxable','parent',''),(1974,'3395321046583',0,0,482.9000,482.9000,0,0,'outofstock',0,0.00,0,'taxable','parent',''),(1969,'',0,0,46.7500,495.0000,0,NULL,'outofstock',0,0.00,0,'taxable','',''),(1976,'3395321046250',0,0,46.7500,46.7500,0,0,'outofstock',0,0.00,0,'taxable','parent',''),(1977,'3395328093757',0,0,170.5000,170.5000,0,0,'outofstock',0,0.00,0,'taxable','parent',''),(1978,'3395321046538',0,0,495.0000,495.0000,0,0,'outofstock',0,0.00,0,'taxable','parent',''),(1984,'7622210478351',0,0,26.2900,26.2900,0,0,'outofstock',0,0.00,10,'taxable','',''),(1986,'',0,0,19.2500,69.1900,0,NULL,'outofstock',0,0.00,0,'taxable','',''),(1987,'900010280260',0,0,19.2500,19.2500,0,0,'outofstock',0,0.00,0,'taxable','parent',''),(1988,'900010281000',0,0,69.1900,69.1900,0,0,'outofstock',0,0.00,0,'taxable','parent',''),(1990,'8021098001511',0,0,169.0000,169.0000,0,4,'instock',0,0.00,1,'taxable','',''),(1992,'5011423202808',0,0,169.0000,169.0000,0,5,'instock',0,0.00,0,'taxable','',''),(1993,'5011423194400',0,0,659.0000,659.0000,0,5,'instock',0,0.00,0,'taxable','',''),(1994,'5011423161341',0,0,429.0000,429.0000,0,5,'instock',0,0.00,0,'taxable','',''),(1995,'5011423195179',0,0,269.0000,269.0000,0,5,'instock',0,0.00,0,'taxable','',''),(1996,'5011423191287',0,0,699.0000,699.0000,0,5,'instock',0,0.00,0,'taxable','',''),(1997,'5011423201054',0,0,169.0000,169.0000,0,5,'instock',0,0.00,0,'taxable','',''),(1998,'5011423125244',0,0,1599.0000,1599.0000,0,5,'instock',0,0.00,0,'taxable','',''),(2000,'5011423193991',0,0,2999.0000,2999.0000,0,5,'instock',0,0.00,0,'taxable','',''),(2001,'5011423194028',0,0,3999.0000,3999.0000,0,5,'instock',0,0.00,0,'taxable','',''),(2002,'8004399026810',0,0,1999.0000,1999.0000,0,5,'instock',0,0.00,0,'taxable','',''),(2003,'5011423003528',0,0,218.0000,218.0000,0,5,'instock',0,0.00,0,'taxable','',''),(2004,'0132126046',0,0,3399.0000,3399.0000,0,5,'instock',0,0.00,0,'taxable','',''),(2005,'8004399021037',0,0,1899.0000,1899.0000,0,5,'instock',0,0.00,0,'taxable','',''),(2006,'8004399334571',0,0,699.0000,699.0000,0,5,'instock',0,0.00,0,'taxable','',''),(2007,'8004399331198',0,0,1599.0000,1599.0000,0,1,'instock',0,0.00,0,'taxable','',''),(2008,'8004399323544',0,0,259.0000,259.0000,0,1,'instock',0,0.00,0,'taxable','',''),(2009,'8004399334182',0,0,209.0000,209.0000,0,5,'instock',0,0.00,0,'taxable','',''),(2010,'',0,0,74.2500,812.9000,0,NULL,'outofstock',0,0.00,0,'taxable','',''),(2011,'3395328250250',0,0,74.2500,74.2500,0,0,'outofstock',0,0.00,0,'taxable','parent',''),(2012,'3395328251000',0,0,280.5000,280.5000,0,0,'outofstock',0,0.00,0,'taxable','parent',''),(2013,'3395328234617',0,0,812.9000,812.9000,0,0,'outofstock',0,0.00,0,'taxable','parent',''),(2014,'',0,0,17.4900,495.0000,0,NULL,'outofstock',0,0.00,0,'taxable','',''),(2015,'942161330080',0,0,17.4900,17.4900,0,0,'outofstock',0,0.00,0,'taxable','parent',''),(2016,'942161330250',0,0,46.0900,46.0900,0,0,'outofstock',0,0.00,0,'taxable','parent',''),(2017,'3395328136133',0,0,495.0000,495.0000,0,0,'outofstock',0,0.00,0,'taxable','parent',''),(2019,'',0,0,63.2500,680.9000,0,NULL,'outofstock',0,0.00,0,'taxable','',''),(2020,'942152650250',0,0,63.2500,63.2500,0,0,'outofstock',0,0.00,0,'taxable','parent',''),(2021,'942152651000',0,0,236.5000,236.5000,0,0,'outofstock',0,0.00,0,'taxable','parent',''),(2022,'3395328215265',0,0,680.9000,680.9000,0,0,'outofstock',0,0.00,0,'taxable','parent',''),(2025,'',0,0,52.2500,544.5000,0,NULL,'outofstock',0,0.00,0,'taxable','',''),(2028,'942111880250',0,0,52.2500,52.2500,0,0,'outofstock',0,0.00,0,'taxable','parent',''),(2029,'942111881000',0,0,194.7000,194.7000,0,0,'outofstock',0,0.00,0,'taxable','parent',''),(2030,'3395321081188',0,0,544.5000,544.5000,0,0,'outofstock',0,0.00,0,'taxable','parent',''),(2032,'',0,0,51.1500,537.9000,0,NULL,'outofstock',0,0.00,0,'taxable','',''),(2033,'942133450250',0,0,51.1500,51.1500,0,0,'outofstock',0,0.00,0,'taxable','parent',''),(2034,'942133451000',0,0,192.5000,192.5000,0,0,'outofstock',0,0.00,0,'taxable','parent',''),(2035,'3395328153345',0,0,537.9000,537.9000,0,0,'outofstock',0,0.00,0,'taxable','parent',''),(2036,'',0,0,17.4900,473.0000,0,NULL,'outofstock',0,0.00,0,'taxable','',''),(2038,'942162560080',0,0,17.4900,17.4900,0,0,'outofstock',0,0.00,0,'taxable','parent',''),(2039,'942162560250',0,0,43.8900,43.8900,0,0,'outofstock',0,0.00,0,'taxable','parent',''),(2040,'3395328136256',0,0,473.0000,473.0000,0,0,'outofstock',0,0.00,0,'taxable','parent',''),(2041,'',0,0,43.8900,467.5000,0,NULL,'outofstock',0,0.00,0,'taxable','',''),(2042,'942165450250',0,0,43.8900,43.8900,0,0,'outofstock',0,0.00,0,'taxable','parent',''),(2043,'942165451000',0,0,163.9000,163.9000,0,0,'outofstock',0,0.00,0,'taxable','parent',''),(2044,'3395321046545',0,0,467.5000,467.5000,0,0,'outofstock',0,0.00,0,'taxable','parent',''),(2046,'8004399332904',0,0,6899.0000,6899.0000,0,5,'instock',0,0.00,0,'taxable','',''),(2047,'',0,0,74.2500,812.9000,0,NULL,'outofstock',0,0.00,0,'taxable','',''),(2048,'3395328230250',0,0,74.2500,74.2500,0,0,'outofstock',0,0.00,0,'taxable','parent',''),(2049,'3395328231000',0,0,280.5000,280.5000,0,0,'outofstock',0,0.00,0,'taxable','parent',''),(2050,'3395328234624',0,0,812.9000,812.9000,0,0,'outofstock',0,0.00,0,'taxable','parent',''),(2051,'',0,0,46.7500,484.0000,0,NULL,'outofstock',0,0.00,0,'taxable','',''),(2052,'3395328730250',0,0,46.7500,46.7500,0,0,'outofstock',0,0.00,0,'taxable','parent',''),(2053,'3395328735527',0,0,484.0000,484.0000,0,0,'outofstock',0,0.00,0,'taxable','parent',''),(2054,'',0,0,49.5000,506.0000,0,NULL,'outofstock',0,0.00,0,'taxable','',''),(2055,'3395328740250',0,0,49.5000,49.5000,0,0,'outofstock',0,0.00,0,'taxable','parent',''),(2056,'3395328745939',0,0,506.0000,506.0000,0,0,'outofstock',0,0.00,0,'taxable','parent',''),(2057,'',0,0,38.3900,148.5000,0,NULL,'outofstock',0,0.00,0,'taxable','',''),(2058,'3395321000250',0,0,38.3900,38.3900,0,0,'outofstock',0,0.00,0,'taxable','parent',''),(2059,'3395321001100',0,0,148.5000,148.5000,0,0,'outofstock',0,0.00,0,'taxable','parent',''),(2060,'',0,0,54.8900,559.9000,0,NULL,'outofstock',0,0.00,0,'taxable','',''),(2061,'942167850250',0,0,54.8900,54.8900,0,0,'outofstock',0,0.00,0,'taxable','parent',''),(2062,'942167851000',0,0,203.5000,203.5000,0,0,'outofstock',0,0.00,0,'taxable','parent',''),(2063,'3395328106785',0,0,559.9000,559.9000,0,0,'outofstock',0,0.00,0,'taxable','parent',''),(2125,'',0,0,10.0000,10.0000,0,NULL,'instock',0,0.00,2,'taxable','','');

--
-- Table structure for table `hbakoiadmp_wc_rate_limits`
--

CREATE TABLE `hbakoiadmp_wc_rate_limits` (
  `rate_limit_id` bigint(20) unsigned NOT NULL AUTO_INCREMENT,
  `rate_limit_key` varchar(200) COLLATE utf8mb4_unicode_520_ci NOT NULL,
  `rate_limit_expiry` bigint(20) unsigned NOT NULL,
  `rate_limit_remaining` smallint(10) NOT NULL DEFAULT '0',
  PRIMARY KEY (`rate_limit_id`),
  UNIQUE KEY `rate_limit_key` (`rate_limit_key`(191))
) ENGINE=MyISAM DEFAULT CHARSET=utf8mb4 COLLATE=utf8mb4_unicode_520_ci;

--
-- Dumping data for table `hbakoiadmp_wc_rate_limits`
--


--
-- Table structure for table `hbakoiadmp_wc_reserved_stock`
--

CREATE TABLE `hbakoiadmp_wc_reserved_stock` (
  `order_id` bigint(20) NOT NULL,
  `product_id` bigint(20) NOT NULL,
  `stock_quantity` double NOT NULL DEFAULT '0',
  `timestamp` datetime NOT NULL DEFAULT '0000-00-00 00:00:00',
  `expires` datetime NOT NULL DEFAULT '0000-00-00 00:00:00',
  PRIMARY KEY (`order_id`,`product_id`)
) ENGINE=MyISAM DEFAULT CHARSET=utf8mb4 COLLATE=utf8mb4_unicode_520_ci;

--
-- Dumping data for table `hbakoiadmp_wc_reserved_stock`
--


--
-- Table structure for table `hbakoiadmp_wc_tax_rate_classes`
--

CREATE TABLE `hbakoiadmp_wc_tax_rate_classes` (
  `tax_rate_class_id` bigint(20) unsigned NOT NULL AUTO_INCREMENT,
  `name` varchar(200) COLLATE utf8mb4_unicode_520_ci NOT NULL DEFAULT '',
  `slug` varchar(200) COLLATE utf8mb4_unicode_520_ci NOT NULL DEFAULT '',
  PRIMARY KEY (`tax_rate_class_id`),
  UNIQUE KEY `slug` (`slug`(191))
) ENGINE=MyISAM AUTO_INCREMENT=3 DEFAULT CHARSET=utf8mb4 COLLATE=utf8mb4_unicode_520_ci;

--
-- Dumping data for table `hbakoiadmp_wc_tax_rate_classes`
--

INSERT INTO `hbakoiadmp_wc_tax_rate_classes` VALUES (1,'Reduced rate','reduced-rate'),(2,'Zero rate','zero-rate');

--
-- Table structure for table `hbakoiadmp_wc_webhooks`
--

CREATE TABLE `hbakoiadmp_wc_webhooks` (
  `webhook_id` bigint(20) unsigned NOT NULL AUTO_INCREMENT,
  `status` varchar(200) COLLATE utf8mb4_unicode_520_ci NOT NULL,
  `name` text COLLATE utf8mb4_unicode_520_ci NOT NULL,
  `user_id` bigint(20) unsigned NOT NULL,
  `delivery_url` text COLLATE utf8mb4_unicode_520_ci NOT NULL,
  `secret` text COLLATE utf8mb4_unicode_520_ci NOT NULL,
  `topic` varchar(200) COLLATE utf8mb4_unicode_520_ci NOT NULL,
  `date_created` datetime NOT NULL DEFAULT '0000-00-00 00:00:00',
  `date_created_gmt` datetime NOT NULL DEFAULT '0000-00-00 00:00:00',
  `date_modified` datetime NOT NULL DEFAULT '0000-00-00 00:00:00',
  `date_modified_gmt` datetime NOT NULL DEFAULT '0000-00-00 00:00:00',
  `api_version` smallint(4) NOT NULL,
  `failure_count` smallint(10) NOT NULL DEFAULT '0',
  `pending_delivery` tinyint(1) NOT NULL DEFAULT '0',
  PRIMARY KEY (`webhook_id`),
  KEY `user_id` (`user_id`)
) ENGINE=MyISAM DEFAULT CHARSET=utf8mb4 COLLATE=utf8mb4_unicode_520_ci;

--
-- Dumping data for table `hbakoiadmp_wc_webhooks`
--


--
-- Table structure for table `hbakoiadmp_wcpdf_invoice_number`
--

CREATE TABLE `hbakoiadmp_wcpdf_invoice_number` (
  `OrderId` varchar(50) NOT NULL,
  `TIN` varchar(20) DEFAULT NULL,
  `IdentityNo` varchar(30) DEFAULT NULL,
  `Name` varchar(100) DEFAULT NULL,
  `IdentityType` char(1) DEFAULT NULL,
  `TaxClassification` char(1) DEFAULT NULL,
  `GSTRegisterNo` varchar(20) DEFAULT NULL,
  `SSTRegisterNo` varchar(20) DEFAULT NULL,
  `TourismTaxRegisterNo` varchar(20) DEFAULT NULL,
  `MSICCode` varchar(5) DEFAULT NULL,
  `BusinessActivityDesc` varchar(100) DEFAULT NULL,
  `DebtorCode` varchar(12) DEFAULT NULL,
  `CreditorCode` varchar(12) DEFAULT NULL,
  `TradeName` varchar(100) DEFAULT NULL,
  `Address` varchar(200) DEFAULT NULL,
  `PostCode` varchar(10) DEFAULT NULL,
  `Phone` varchar(25) DEFAULT NULL,
  `EmailAddress` varchar(200) DEFAULT NULL,
  `City` varchar(50) DEFAULT NULL,
  `CountryCode` char(3) DEFAULT NULL,
  `StateCode` char(2) DEFAULT NULL,
  PRIMARY KEY (`OrderId`)
) ENGINE=MyISAM DEFAULT CHARSET=utf8;

--
-- Dumping data for table `hbakoiadmp_wcpdf_invoice_number`
--

INSERT INTO `hbakoiadmp_wcpdf_invoice_number` VALUES ('INV12345','123456789','ID123','John Doe','1','A','GST123','SST123','Tourism123','12345','Retail','D123','C123','Trade Co','123 Main St','12345','1234567890','example@example.com','Jakarta','ID','JK'),('INV2078','123456789','ID2078','Wee Loh','1','A','GST123','SST123','Tourism123','12345','Retail','D123','C123','Trade Co','Kuchai, Kuchai Lama','58200','0111111111','weeadsmunch@gmail.com','Kuchai Lama','MY','KU'),('INV2098','123456789','ID123','wqeweq qweqwe','1','A','GST123','SST123','Tourism123','12345','Retail','D123','C123','Trade Co','Kuchai','58200','0111111111','weeadsmunch@gmail.com','Kuchai Lama','MY','KU'),('','','','','','','','','','','','','','','','','','','','','');

--
-- Table structure for table `hbakoiadmp_wcpdf_packing_slip_number`
--

CREATE TABLE `hbakoiadmp_wcpdf_packing_slip_number` (
  `id` int(16) NOT NULL AUTO_INCREMENT,
  `order_id` int(16) DEFAULT NULL,
  `date` datetime NOT NULL DEFAULT '1000-01-01 00:00:00',
  `calculated_number` int(16) DEFAULT NULL,
  PRIMARY KEY (`id`)
) ENGINE=MyISAM DEFAULT CHARSET=utf8mb4 COLLATE=utf8mb4_unicode_520_ci;

--
-- Dumping data for table `hbakoiadmp_wcpdf_packing_slip_number`
--


--
-- Table structure for table `hbakoiadmp_wfpklist_template_data`
--

CREATE TABLE `hbakoiadmp_wfpklist_template_data` (
  `id_wfpklist_template_data` int(11) NOT NULL AUTO_INCREMENT,
  `template_name` varchar(200) NOT NULL,
  `template_html` text NOT NULL,
  `template_from` varchar(200) NOT NULL,
  `is_dc_compatible` int(11) NOT NULL DEFAULT '0',
  `is_active` int(11) NOT NULL DEFAULT '0',
  `template_type` varchar(200) NOT NULL,
  `created_at` int(11) NOT NULL DEFAULT '0',
  `updated_at` int(11) NOT NULL DEFAULT '0',
  PRIMARY KEY (`id_wfpklist_template_data`)
) ENGINE=MyISAM AUTO_INCREMENT=6 DEFAULT CHARSET=utf8;

--
-- Dumping data for table `hbakoiadmp_wfpklist_template_data`
--

INSERT INTO `hbakoiadmp_wfpklist_template_data` VALUES (1,'default_invoice_template_1705572141','<!-- DC ready -->\n<style type=\"text/css\">\nbody, html{font-family:\"Helvetica Neue\", Roboto, Arial, \"Droid Sans\", sans-serif;}\n.clearfix::after{ display:block; clear:both; content:\"\"; }\n\n.wfte_invoice-main{ color:#202020; font-size:12px; font-weight:400; box-sizing:border-box; width:100%; height:auto; }\n.wfte_invoice-main *{ box-sizing:border-box;}\n.template_footer{color:#202020; font-size:12px; font-weight:400; box-sizing:border-box; padding:30px 0px; height:auto;}\n.template_footer *{ box-sizing:border-box;}\n\n\n.wfte_row{ width:100%; display:block; }\n.wfte_sub_row{ width:100%; display:block; }\n.wfte_col-1{ width:100%; display:block;}\n.wfte_col-2{ width:50%; display:block;}\n.wfte_col-3{ width:33%; display:block;}\n.wfte_col-4{ width:25%; display:block;}\n.wfte_col-6{ width:30%; display:block;}\n.wfte_col-7{ width:69%; display:block;}\n\n.wfte_hr{ height:1px; font-size:0px; padding:0px; background:#cccccc; margin-bottom: 20px;}\n\n.wfte_company_logo_img_box{ margin-bottom:10px; }\n.wfte_company_logo_img{ width:150px; max-width:100%; }\n.wfte_doc_title{ color:#23a8f9; font-size:30px; font-weight:bold; height:auto; width:100%; line-height:22px;}\n.wfte_company_name{ font-size:18px; font-weight:bold; }\n.wfte_company_logo_extra_details{ font-size:12px; margin-top:3px;}\n.wfte_invoice_data div span:first-child, .wfte_extra_fields span:first-child{ font-weight:bold; }\n.wfte_invoice_data{ line-height:16px; font-size:12px; }\n.wfte_shipping_address{ width:95%;}\n.wfte_billing_address{ width:95%; }\n.wfte_address-field-header{ font-weight:bold; font-size:12px; color:#000; padding:3px; padding-left:0px;}\n.wfte_addrss_field_main{ padding-top:15px;}\n\n.wfte_product_table{ width:100%; border-collapse:collapse; margin:0px; }\n.wfte_payment_summary_table_body .wfte_right_column{ text-align:left; }\n.wfte_payment_summary_table{ margin-bottom:10px; }\n.wfte_table_head_color{ color:#2e2e2e; }\n\n.wfte_product_table_head th{ height:36px; padding:0px 5px; font-size:.75rem; text-align:left; line-height:10px; border-bottom:solid 1px #D7DBDF; font-family:\"Helvetica Neue\", Roboto, Arial, \"Droid Sans\", sans-serif;}\n.wfte_product_table_body td, .wfte_payment_summary_table_body td{ font-size:12px; line-height:15px;}\n.wfte_product_table_body td{ padding:10px 5px; border-bottom:solid 1px #dddee0;}\n.wfte_product_table .wfte_right_column{ width:15%;}\n.wfte_payment_summary_table .wfte_left_column{ width:60%; }\n.wfte_product_table_body .product_td b{ font-weight:normal; }\n.wfte_product_table_head_product{width: 30%;}\n\n.wfte_payment_summary_table_body td{ padding:5px 5px; border:none;}\n\n.wfte_product_table_payment_total td{ font-size:13px; color:#000; height:28px; border-top:solid 1px #D7DBDF;}\n.wfte_product_table_payment_total td:nth-child(3){ font-weight:bold; }\n.wfte_product_table_payment_total td.wfte_left_column{border: none;}\n\n.product_td b{line-height: 15px;} \n\n/* for mPdf */\n.wfte_invoice_data{ border:solid 0px #fff; }\n.wfte_invoice_data td, .wfte_extra_fields td{ font-size:12px; padding:0px; font-family:\"Helvetica Neue\", Roboto, Arial, \"Droid Sans\", sans-serif; line-height:14px;}\n.wfte_invoice_data tr td:nth-child(1), .wfte_extra_fields tr td:nth-child(1){ font-weight:bold; }\n\n.wfte_signature{ width:100%; height:auto; min-height:60px; padding:5px 0px;}\n.wfte_signature_label{ font-size:12px; }\n.wfte_image_signature_box{ display:inline-block;}\n.wfte_return_policy{width:100%; height:auto; border-bottom:solid 1px #dfd5d5; padding:5px 0px; margin-top:5px; }\n.wfte_footer{width:100%; height:auto; padding:5px 0px; margin-top:5px;font-size: 12px;}\n\n.wfte_received_seal{ position:absolute; z-index:10; margin-top:90px; margin-left:0px; width:130px; border-radius:5px; font-size:22px; height:40px; line-height:28px; border:solid 5px #00ccc5; color:#00ccc5; font-weight:900; text-align:center; transform:rotate(-45deg); opacity:.5; }\n\n.float_left{ float:left; }\n.float_right{ float:right; }\n\n.wfte_product_table_category_row td{ padding:10px 5px;}\n</style>\n<div class=\"wfte_rtl_main wfte_invoice-main wfte_invoice_basic_main\" style=\"padding-top:30px; padding-right:30px; padding-bottom:30px; padding-left:30px; margin-top: 0px; margin-bottom:0px; margin-left:0px; margin-right:0px;\">\n    <div class=\"wfte_row clearfix\">\n        <div class=\"wfte_col-3 float_left\">\n            <div class=\"wfte_doc_title wfte_template_element\" data-hover-id=\"doc_title\">__[INVOICE]__</div>\n        </div>\n        <div class=\"wfte_col-3 float_left\" style=\"height: 1px;\">\n            \n        </div>\n        <div class=\"wfte_col-3 float_right\">\n            <div class=\"wfte_invoice_data\">\n                <div class=\"wfte_qrcode wfte_template_element wfte_hidden\" data-hover-id=\"qrcode\">\n                    <img src=\"[wfte_qrcode_url]\" class=\"wfte_img_qrcode\">\n                </div>\n                <div class=\"wfte_barcode wfte_hidden wfte_template_element\" data-hover-id=\"barcode\">\n                    <img src=\"[wfte_barcode_url]\" class=\"wfte_img_barcode\">\n                </div>\n            </div>\n        </div>\n    </div>\n    <div class=\"clearfix\"></div>\n    <div class=\"wfte_row clearfix\" style=\"padding-top: 15px;\">\n        <div class=\"wfte_col-1 float_left wfte_text_left\">\n        </div>\n    </div>\n    <div class=\"wfte_row clearfix\">\n        <div class=\"wfte_col-3 float_left\">\n            <div class=\"wfte_company_logo wfte_template_element\" data-hover-id=\"company_logo\">\n                <div class=\"wfte_company_logo_img_box\">\n                    <img src=\"[wfte_company_logo_url]\" class=\"wfte_company_logo_img\">\n                </div>\n                <div class=\"wfte_company_name wfte_hidden\"> [wfte_company_name]</div>\n                <div class=\"wfte_company_logo_extra_details\">__[]__</div>\n            </div>\n        </div>\n        <div class=\"wfte_col-3 float_left\" style=\"height: 1px;\">\n            \n        </div>\n        <div class=\"wfte_col-3 float_right\">\n            <div class=\"wfte_from_address wfte_template_element\" data-hover-id=\"from_address\">\n                <div class=\"wfte_address-field-header wfte_from_address_label\">__[From]__</div>\n                <div class=\"wfte_from_address_val\">\n                    [wfte_from_address]\n                </div>\n            </div>\n        </div>\n    </div>\n    <div class=\"clearfix\"></div>\n    <div class=\"wfte_row clearfix\" style=\"padding-top: 15px;\">\n        <div class=\"wfte_col-1 float_left wfte_text_left\">\n        </div>\n    </div>\n    <div class=\"wfte_row clearfix\">\n        <div class=\"wfte_col-3 float_left\">\n            <div class=\"wfte_billing_address wfte_template_element\" data-hover-id=\"billing_address\">\n                <div class=\"wfte_address-field-header wfte_billing_address_label\">__[Bill to]__</div>\n                <div class=\"wfte_billing_address_val\">\n                    [wfte_billing_address]\n                </div>\n            </div>\n            <div class=\"wfte_invoice_data\">\n                <div class=\"wfte_email wfte_template_element\" data-hover-id=\"email\">\n                    <span class=\"wfte_email_label wfte_order_fields_label\">__[]__</span>\n                    <span class=\"wfte_email_val wfte_order_fields_val\">[wfte_email]</span>\n                </div>\n                <div class=\"wfte_tel wfte_template_element\" data-hover-id=\"tel\">\n                    <span class=\"wfte_tel_label wfte_order_fields_label\">__[]__ </span>\n                    <span class=\"wfte_tel_val wfte_order_fields_val\">[wfte_tel]</span>\n                </div>\n            </div>\n        </div>\n        <div class=\"wfte_col-3 float_left\">\n            <div class=\"wfte_shipping_address wfte_template_element wfte_hidden\" data-hover-id=\"shipping_address\">\n                <div class=\"wfte_address-field-header wfte_shipping_address_label\">__[Ship to]__</div>\n                <div class=\"wfte_shipping_address_val\">\n                    [wfte_shipping_address]\n                </div>\n            </div>\n        </div>\n        <div class=\"wfte_col-3 float_right\">\n            <div class=\"wfte_invoice_data\">\n                <div class=\"wfte_invoice_number wfte_template_element\" data-hover-id=\"invoice_number\" style=\"font-size: 20px;\">\n                    <span class=\"wfte_invoice_number_label wfte_order_fields_label\">__[Invoice no:]__ </span> \n                    <span class=\"wfte_invoice_number_val wfte_order_fields_val\">[wfte_invoice_number]</span>\n                </div>\n                <div class=\"wfte_invoice_date wfte_template_element wfte_hidden\" data-invoice_date-format=\"m-d-Y\" data-hover-id=\"invoice_date\">\n                    <span class=\"wfte_invoice_date_label wfte_order_fields_label\">__[Invoice date:]__ </span> \n                    <span class=\"wfte_invoice_date_val wfte_order_fields_val\">[wfte_invoice_date]</span>\n                </div>\n                <div class=\"wfte_order_number wfte_template_element wfte_hidden\" data-hover-id=\"order_number\">\n                    <span class=\"wfte_order_number_label wfte_order_fields_label\">__[Order no:]__ </span> \n                    <span class=\"wfte_order_number_val wfte_order_fields_val\">[wfte_order_number]</span>\n                </div>\n                <div class=\"wfte_order_date wfte_template_element\" data-order_date-format=\"m-d-Y\" data-hover-id=\"order_date\">\n                    <span class=\"wfte_order_date_label wfte_order_fields_label\">__[Order date:]__ </span> \n                    <span class=\"wfte_order_date_val wfte_order_fields_val\">[wfte_order_date]</span>\n                </div>\n                <div class=\"wfte_ssn_number wfte_template_element wfte_hidden\" data-hover-id=\"ssn_number\">\n                    <span class=\"wfte_ssn_number_label wfte_order_fields_label\">__[SSN:]__ </span> \n                    <span class=\"wfte_ssn_number_val wfte_order_fields_val\">[wfte_ssn_number]</span>\n                </div>\n                <div class=\"wfte_vat_number wfte_template_element wfte_hidden\" data-hover-id=\"vat_number\">\n                    <span class=\"wfte_vat_number_label wfte_order_fields_label\">__[VAT:]__ </span> \n                    <span class=\"wfte_vat_number_val wfte_order_fields_val\">[wfte_vat_number]</span>\n                </div>\n                <div class=\"wfte_product_table_payment_method wfte_template_element\" data-hover-id=\"payment_method\">\n                    <span class=\"wfte_product_table_payment_method_label wfte_order_fields_label\">__[Payment method:]__ </span>\n                    <span class=\"wfte_product_table_payment_method_val wfte_order_fields_val\">[wfte_product_table_payment_method]</span>\n                </div>\n                <div class=\"wfte_order_item_meta\">[wfte_order_item_meta]</div>\n                [wfte_extra_fields]\n            </div>\n        </div>\n    </div>\n    <div class=\"clearfix\"></div>\n    <div class=\"wfte_row clearfix\">\n        <div class=\"wfte_col-2 float_left\">\n        </div>\n        <div class=\"wfte_col-2 float_right\">\n            <div class=\"wfte_received_seal wfte_hidden wfte_template_element\" data-hover-id=\"received_seal\"><span class=\"wfte_received_seal_text\">__[RECEIVED]__</span>[wfte_received_seal_extra_text]</div>\n        </div>\n    </div>\n    <div class=\"wfte_row clearfix\" style=\"padding-top: 15px;\">\n        <div class=\"wfte_col-1 float_left wfte_text_left\">\n        </div>\n    </div>\n    <div class=\"clearfix\"></div>\n    <div class=\"wfte_row clearfix\">\n        <div class=\"wfte_col-1\">\n            [wfte_product_table_start]\n            <table class=\"wfte_product_table wfte_side_padding_table wfte_template_element\" data-hover-id=\"product_table\">\n                <thead class=\"wfte_product_table_head wfte_table_head_color wfte_product_table_head_bg\">\n                    <tr>\n                        <th class=\"wfte_product_table_head_serial_no wfte_product_table_head_bg wfte_table_head_color\" col-type=\"serial_no\">__[S.No]__</th>\n                        <th class=\"wfte_product_table_head_image wfte_product_table_head_bg wfte_table_head_color\" col-type=\"-image\" data-img-width=\"50px\">__[Image]__</th>\n                        <th class=\"wfte_product_table_head_sku wfte_product_table_head_bg wfte_table_head_color\" col-type=\"-sku\">__[SKU]__</th>\n                        <th class=\"wfte_product_table_head_product wfte_product_table_head_bg wfte_table_head_color\" col-type=\"product\">__[Product]__</th>\n                        <th class=\"wfte_product_table_head_quantity wfte_product_table_head_bg wfte_table_head_color wfte_text_center\" col-type=\"quantity\">__[Quantity]__</th>\n                        <th class=\"wfte_product_table_head_price wfte_product_table_head_bg wfte_table_head_color\" col-type=\"price\">__[Unit price]__</th>\n                        <th class=\"wfte_product_table_head_tax wfte_product_table_head_bg wfte_table_head_color\" col-type=\"-tax\">__[Total Tax]__</th>\n                        <th class=\"wfte_product_table_head_total_price wfte_product_table_head_bg wfte_table_head_color wfte_text_right\" col-type=\"total_price\">__[Total price]__</th>\n                    </tr>\n                </thead>\n                <tbody class=\"wfte_product_table_body wfte_table_body_color\">\n                </tbody>\n            </table>\n            [wfte_product_table_end]\n            <table class=\"wfte_payment_summary_table wfte_product_table wfte_side_padding_table\">\n                <tbody class=\"wfte_payment_summary_table_body wfte_table_body_color\">\n                    <tr class=\"wfte_payment_summary_table_row wfte_product_table_subtotal\">\n                        <td class=\"wfte_left_column\"></td>\n                        <td class=\"wfte_product_table_subtotal_label wfte_text_left\">__[Subtotal]__</td>\n                        <td class=\"wfte_right_column wfte_text_right\">[wfte_product_table_subtotal]</td>\n                    </tr>\n                    <tr class=\"wfte_payment_summary_table_row wfte_product_table_shipping\">\n                        <td class=\"wfte_left_column\"></td>\n                        <td class=\"wfte_product_table_shipping_label wfte_text_left\">__[Shipping]__</td>\n                        <td class=\"wfte_right_column wfte_text_right\">[wfte_product_table_shipping]</td>\n                    </tr>\n                    <tr class=\"wfte_payment_summary_table_row wfte_product_table_cart_discount\">\n                        <td class=\"wfte_left_column\"></td>\n                        <td class=\"wfte_product_table_cart_discount_label wfte_text_left\">__[Cart discount]__</td>\n                        <td class=\"wfte_right_column wfte_text_right\">[wfte_product_table_cart_discount]</td>\n                    </tr>\n                    <tr class=\"wfte_payment_summary_table_row wfte_product_table_order_discount\">\n                        <td class=\"wfte_left_column\"></td>\n                        <td class=\"wfte_product_table_order_discount_label wfte_text_left\">__[Order discount]__</td>\n                        <td class=\"wfte_right_column wfte_text_right\">[wfte_product_table_order_discount]</td>\n                    </tr>\n                    <tr data-row-type=\"wfte_tax_items\" class=\"wfte_payment_summary_table_row wfte_product_table_tax_item\">\n                        <td class=\"wfte_left_column\"></td>\n                        <td class=\"wfte_product_table_tax_item_label wfte_text_left\">[wfte_product_table_tax_item_label]</td>\n                        <td class=\"wfte_right_column wfte_text_right\">[wfte_product_table_tax_item]</td>\n                    </tr>\n                    <tr class=\"wfte_payment_summary_table_row wfte_product_table_fee\">\n                        <td class=\"wfte_left_column\"></td>\n                        <td class=\"wfte_product_table_fee_label wfte_text_left\">__[Fee]__</td>\n                        <td class=\"wfte_right_column wfte_text_right\">[wfte_product_table_fee]</td>\n                    </tr>\n                    <tr class=\"wfte_payment_summary_table_row wfte_hidden wfte_product_table_additional_info\" data-row-type=\"wfte_product_table_additional_info\">\n                        <td class=\"wfte_left_column\"></td>\n                        <td class=\"wfte_product_table_additional_info_label wfte_text_left\">[wfte_product_table_additional_info_label]</td>\n                        <td class=\"wfte_right_column wfte_text_right\">[wfte_product_table_additional_info_value]</td>\n                    </tr>\n                    <tr class=\"wfte_payment_summary_table_row wfte_product_table_payment_total\">\n                        <td class=\"wfte_left_column\"></td>\n                        <td class=\"wfte_product_table_payment_total_label wfte_text_left\">__[Total]__</td>\n                        <td class=\"wfte_product_table_payment_total_val wfte_right_column wfte_text_right\">[wfte_product_table_payment_total]</td>\n                    </tr>\n                </tbody>\n            </table>\n        </div>\n    </div>\n    <div class=\"clearfix\"></div>\n    <div class=\"wfte_row clearfix\" style=\"padding-top: 15px;\">\n        <div class=\"wfte_col-1 float_left wfte_text_left\">\n        </div>\n    </div>\n    <div class=\"clearfix\"></div>\n    <div class=\"wfte_row clearfix\">\n        <div class=\"wfte_col-1 float_left\">\n            <div class=\"wfte_invoice_data\">\n                <div class=\"wfte_customer_note wfte_template_element\" data-hover-id=\"customer_note\">\n                    <span class=\"wfte_customer_note_label wfte_order_fields_label\">__[Customer note:]__ </span> \n                    <span class=\"wfte_customer_note_val wfte_order_fields_val\">[wfte_customer_note]</span>\n                </div>\n            </div>\n        </div>\n    </div>\n</div>\n<div class=\"template_footer clearfix\">\n    <div class=\"wfte_col-1\">\n        <div class=\"wfte_footer clearfix wfte_template_element\" data-hover-id=\"footer\">\n            [wfte_footer]\n        </div>\n    </div>\n</div>','0',0,1,'invoice',1705572141,1705572141),(2,'default_packinglist_template_1705572142','<!-- DC ready -->\n<style type=\"text/css\">\nbody, html{font-family:\"Helvetica Neue\", Roboto, Arial, \"Droid Sans\", sans-serif;}\n.clearfix::after{ display:block; clear:both; content:\"\"; }\n\n.wfte_invoice-main{ color:#202020; font-size:12px; font-weight:400; box-sizing:border-box; width:100%; height:auto; }\n.wfte_invoice-main *{ box-sizing:border-box;}\n.template_footer{color:#202020; font-size:12px; font-weight:400; box-sizing:border-box; padding:30px 0px; height:auto;}\n.template_footer *{ box-sizing:border-box;}\n\n.wfte_row{ width:100%; display:block; }\n.wfte_sub_row{ width:100%; display:block; }\n.wfte_col-1{ width:100%; display:block;}\n.wfte_col-2{ width:50%; display:block;}\n.wfte_col-3{ width:33%; display:block;}\n.wfte_col-4{ width:25%; display:block;}\n.wfte_col-6{ width:30%; display:block;}\n.wfte_col-7{ width:69%; display:block;}\n\n.float_left{ float:left; }\n.float_right{ float:right; }\n\n.wfte_company_logo_img_box{ margin-bottom:10px; }\n.wfte_company_logo_img{ width:150px; max-width:100%; }\n.wfte_doc_title{ color:#23a8f9; font-size:30px; font-weight:bold; height:auto; width:100%; line-height:22px;}\n.wfte_invoice_data div span:first-child, .wfte_extra_fields span:first-child{ font-weight:bold; }\n.wfte_invoice_data{ line-height:16px; font-size:12px; }\n\n.wfte_address-field-header{ font-weight:bold; font-size:12px; color:#000; padding:3px; padding-left:0px;}\n.wfte_addrss_field_main{ padding-top:15px;}\n\n.wfte_received_seal{ position:absolute; z-index:10; margin-top:90px; margin-left:0px; width:130px; border-radius:5px; font-size:22px; height:40px; line-height:28px; border:solid 5px #00ccc5; color:#00ccc5; font-weight:900; text-align:center; transform:rotate(-45deg); opacity:.5; }\n\n.wfte_product_table{ width:100%; border-collapse:collapse; margin:0px; }\n.wfte_product_table_head th{ height:36px; padding:0px 5px; font-size:.75rem; text-align:left; line-height:10px; border-bottom:solid 1px #D7DBDF; font-family:\"Helvetica Neue\", Roboto, Arial, \"Droid Sans\", sans-serif;}\n.wfte_product_table_head_product{width: 30%;}\n.wfte_product_table_body td, .wfte_payment_summary_table_body td{ font-size:12px; line-height:15px;}\n.wfte_product_table_body td{ padding:10px 5px; border-bottom:solid 1px #dddee0;}\n.wfte_product_table_body .product_td b{ font-weight:normal; }\n.product_td b{line-height: 15px;} \n\n.wfte_return_policy{width:100%; height:auto; border-bottom:solid 1px #dfd5d5; padding:5px 0px; margin-top:5px; }\n.wfte_footer{width:100%; height:auto; padding:5px 0px; margin-top:5px;font-size: 12px;}\n\n/* for mPdf */\n.wfte_invoice_data{ border:solid 0px #fff; }\n.wfte_invoice_data td, .wfte_extra_fields td{ font-size:12px; padding:0px; font-family:\"Helvetica Neue\", Roboto, Arial, \"Droid Sans\", sans-serif; line-height:14px;}\n.wfte_invoice_data tr td:nth-child(1), .wfte_extra_fields tr td:nth-child(1){ font-weight:bold; }\n</style>\n<div class=\"wfte_rtl_main wfte_invoice-main wfte_invoice_basic_main\" style=\"padding-top:30px; padding-right:30px; padding-bottom:30px; padding-left:30px; margin-top: 0px; margin-bottom:0px; margin-left:0px; margin-right:0px;\">\n    <div class=\"wfte_row clearfix\">\n        <div class=\"wfte_col-1 float_left\">\n            <div class=\"wfte_doc_title wfte_template_element\" data-hover-id=\"doc_title\">__[Packing slip]__</div>\n        </div>\n    </div>\n    <div class=\"clearfix\"></div>\n    <div class=\"wfte_row clearfix\" style=\"padding-top: 15px;\">\n        <div class=\"wfte_col-1 float_left wfte_text_left\">\n        </div>\n    </div>\n    <div class=\"clearfix\"></div>\n    <div class=\"wfte_row clearfix\">\n        <div class=\"wfte_col-3 float_left\">\n            <div class=\"wfte_company_logo wfte_template_element\" data-hover-id=\"company_logo\">\n                <div class=\"wfte_company_logo_img_box\">\n                    <img src=\"[wfte_company_logo_url]\" class=\"wfte_company_logo_img\">\n                </div>\n                <div class=\"wfte_company_name wfte_hidden\"> [wfte_company_name]</div>\n                <div class=\"wfte_company_logo_extra_details\">__[]__</div>\n            </div>\n        </div>\n        <div class=\"wfte_col-3 float_left\" style=\"height: 1px;\">\n        </div>\n        <div class=\"wfte_col-3 float_right\">\n            <div class=\"wfte_invoice_data\">\n                <div class=\"wfte_order_number wfte_template_element\" data-hover-id=\"order_number\">\n                    <span class=\"wfte_order_number_label\">__[Order No.:]__ </span> \n                    <span class=\"wfte_order_number_val\">[wfte_order_number]</span>\n                </div>\n                <div class=\"wfte_order_date wfte_template_element\" data-order_date-format=\"m-d-Y\" data-hover-id=\"order_date\">\n                    <span class=\"wfte_order_date_label\">__[Order Date:]__ </span> \n                    <span class=\"wfte_order_date_val\">[wfte_order_date]</span>\n                </div>\n                <div class=\"wfte_shipping_method wfte_template_element\" data-hover-id=\"shipping_method\">\n                    <span class=\"wfte_shipping_method_label\">__[Shipping Method:]__ </span>\n                    <span class=\"wfte_shipping_method_val\">[wfte_shipping_method]</span>\n                </div>\n                <div class=\"wfte_tracking_number wfte_template_element\" data-hover-id=\"tracking_number\">\n                    <span class=\"wfte_tracking_number_label\">__[Tracking number:]__</span>\n                    <span class=\"wfte_tracking_number_val\">[wfte_tracking_number]</span>\n                </div>\n                <div class=\"wfte_ssn_number wfte_template_element\" data-hover-id=\"ssn_number\">\n                    <span class=\"wfte_ssn_number_label\">__[SSN:]__ </span> \n                    <span class=\"wfte_ssn_number_val\">[wfte_ssn_number]</span>\n                </div>\n                <div class=\"wfte_vat_number wfte_template_element\" data-hover-id=\"vat_number\">\n                    <span class=\"wfte_vat_number_label\">__[VAT:]__ </span> \n                    <span class=\"wfte_vat_number_val\">[wfte_vat_number]</span>\n                </div>\n                <div class=\"wfte_order_item_meta\">[wfte_order_item_meta]</div>\n                [wfte_extra_fields]\n            </div>\n        </div>\n    </div>\n    <div class=\"clearfix\"></div>\n    <div class=\"wfte_row clearfix\" style=\"padding-top: 15px;\">\n        <div class=\"wfte_col-1 float_left wfte_text_left\">\n        </div>\n    </div>\n    <div class=\"clearfix\"></div>\n    <div class=\"wfte_row clearfix\">\n        <div class=\"wfte_col-3 float_left\">\n            <div class=\"wfte_from_address wfte_template_element\" data-hover-id=\"from_address\">\n                <div class=\"wfte_address-field-header wfte_from_address_label\">__[From]__</div>\n                <div class=\"wfte_from_address_val\">\n                    [wfte_from_address]\n                </div>\n            </div>\n        </div>\n        <div class=\"wfte_col-3 float_left\">\n            <div class=\"wfte_billing_address wfte_template_element\" data-hover-id=\"billing_address\">\n                <div class=\"wfte_address-field-header wfte_billing_address_label\">__[Bill to]__</div>\n                <div class=\"wfte_billing_address_val\">\n                    [wfte_billing_address]\n                </div>\n            </div>\n            <div class=\"wfte_invoice_data\">\n                <div class=\"wfte_email wfte_template_element\" data-hover-id=\"email\">\n                    <span class=\"wfte_email_label\">__[Email:]__</span>\n                    <span class=\"wfte_email_val\">[wfte_email]</span>\n                </div>\n                <div class=\"wfte_tel wfte_template_element\" data-hover-id=\"tel\">\n                    <span class=\"wfte_tel_label\">__[Phone:]__ </span>\n                    <span class=\"wfte_tel_val\">[wfte_tel]</span>\n                </div>\n            </div>\n        </div>\n        <div class=\"wfte_col-3 float_right\">\n            <div class=\"wfte_shipping_address wfte_template_element\" data-hover-id=\"shipping_address\">\n                <div class=\"wfte_address-field-header wfte_shipping_address_label\">__[Ship to]__</div>\n                <div class=\"wfte_shipping_address_val\">\n                    [wfte_shipping_address]\n                </div>\n            </div>\n        </div>\n    </div>\n    <div class=\"clearfix\"></div>\n    <div class=\"wfte_row clearfix\" style=\"padding-top: 15px;\">\n        <div class=\"wfte_col-1 float_left wfte_text_left\">\n        </div>\n    </div>\n    <div class=\"clearfix\"></div>\n    <div class=\"wfte_row clearfix\">\n        <div class=\"wfte_col-1\">\n        [wfte_product_table_start]\n        <table class=\"wfte_product_table wfte_side_padding_table wfte_template_element\" data-hover-id=\"product_table\">\n            <thead class=\"wfte_product_table_head wfte_table_head_color wfte_product_table_head_bg\">\n                <tr>\n                    <th class=\"wfte_product_table_head_serial_no wfte_product_table_head_bg wfte_table_head_color\" col-type=\"serial_no\">__[S.No]__</th>\n                    <th class=\"wfte_product_table_head_image wfte_product_table_head_bg wfte_table_head_color\" col-type=\"image\" data-img-width=\"50px\">__[Image]__</th>\n                    <th class=\"wfte_product_table_head_sku wfte_product_table_head_bg wfte_table_head_color\" col-type=\"-sku\">__[SKU]__</th>\n                    <th class=\"wfte_product_table_head_product wfte_product_table_head_bg wfte_table_head_color\" col-type=\"product\">__[Product]__</th>\n                    <th class=\"wfte_product_table_head_quantity wfte_product_table_head_bg wfte_table_head_color wfte_text_center\" col-type=\"quantity\">__[Quantity]__</th>\n                    <th class=\"wfte_product_table_head_total_weight wfte_table_head_color wfte_product_table_head_bg\" col-type=\"total_weight\">__[Total weight]__</th>\n                </tr>\n            </thead>\n            <tbody class=\"wfte_product_table_body wfte_table_body_color\">\n            </tbody>\n        </table>\n        [wfte_product_table_end]\n        </div>\n    </div>\n    <div class=\"clearfix\"></div>\n    <div class=\"wfte_row clearfix\" style=\"padding-top: 15px;\">\n        <div class=\"wfte_col-1 float_left wfte_text_left\">\n        </div>\n    </div>\n    <div class=\"clearfix\"></div>\n    <div class=\"wfte_row clearfix\">\n        <div class=\"wfte_col-1 float_left\">\n            <div class=\"wfte_invoice_data\">\n                <div class=\"wfte_customer_note wfte_template_element\" data-hover-id=\"customer_note\">\n                    <span class=\"wfte_customer_note_label wfte_order_fields_label\">__[Customer note:]__ </span> \n                    <span class=\"wfte_customer_note_val wfte_order_fields_val\">[wfte_customer_note]</span>\n                </div>\n            </div>\n        </div>\n    </div>\n    <div class=\"clearfix\"></div>\n    <div class=\"wfte_row clearfix\" style=\"padding-top: 15px;\">\n        <div class=\"wfte_col-1 float_left wfte_text_left\">\n        </div>\n    </div>\n    <div class=\"clearfix\"></div>\n    <div class=\"wfte_row clearfix\">\n        <div class=\"wfte_col-1 float_left\">\n            <div class=\"wfte_footer clearfix wfte_template_element\" data-hover-id=\"footer\">\n                [wfte_footer]\n            </div>\n        </div>\n    </div>\n</div>','0',0,1,'packinglist',1705572142,1705572142),(3,'default_shippinglabel_template_1705572142','<!-- DC ready -->\n<style type=\"text/css\">\nbody, html{font-family:\"Helvetica Neue\", Roboto, Arial, \"Droid Sans\", sans-serif;}\n.clearfix::after{ display:block; clear:both; content:\"\"; }\n\n.wfte_invoice-main{ color:#202020; font-size:12px; font-weight:400; box-sizing:border-box; height:auto;width: auto; }\n.wfte_invoice-main *{ box-sizing:border-box;}\n\n.wfte_row{ width:100%; display:block; }\n.wfte_sub_row{ width:100%; display:block; }\n.wfte_col-1{ width:100%; display:block;}\n.wfte_col-2{ width:50%; display:block;}\n.wfte_col-3{ width:33%; display:block;}\n.wfte_col-4{ width:25%; display:block;}\n.wfte_col-6{ width:30%; display:block;}\n.wfte_col-7{ width:69%; display:block;}\n\n.wfte_invoice_data div span:first-child, .wfte_extra_fields span:first-child{ font-weight:bold; }\n.wfte_invoice_data{ line-height:16px; font-size:12px; }\n\n.float_left{ float:left; }\n.float_right{ float:right; }\n</style>\n<div class=\"wfte_rtl_main wfte_invoice-main wfte_main wfte_custom_shipping_size wfte_invoice_basic_main\" style=\"padding-top:30px; padding-right:30px; padding-bottom:30px; padding-left:30px; margin-top: 0px; margin-bottom:0px; margin-left:0px; margin-right:0px;\">\n    <div class=\"wfte_row clearfix\">\n        <div class=\"wfte_col-3 float_left\">\n            <div class=\"wfte_from_address wfte_template_element\" data-wfte_name=\"from_address\" data-hover-id=\"from_address\">\n                <div class=\"wfte_address-field-header wfte_from_address_label\">__[]__</div>\n                <div class=\"wfte_from_address_val\">[wfte_from_address]</div>\n            </div>\n        </div>\n        <div class=\"wfte_col-3 float_left\" style=\"height: 1px;\"></div>\n        <div class=\"wfte_col-3 float_right\">\n            <div class=\"wfte_shipping_details wfte_invoice_data\" data-wfte_name=\"invoice_data\">\n                <div class=\"wfte_order_number wfte_template_element\" data-hover-id=\"order_number\">\n                    <span class=\"wfte_order_number_label\" style=\"font-weight:bold;\">__[Order No:]__</span>\n                    <span class=\"wfte_order_number_val\">[wfte_order_number]</span>\n                </div>\n                <div class=\"wfte_order_date wfte_template_element\" data-order_date-format=\"m-d-Y\" data-hover-id=\"order_date\">\n                    <span class=\"wfte_order_date_label wfte_order_fields_label\" style=\"font-weight:bold;\">__[Order date:]__ </span> \n                    <span class=\"wfte_order_date_val wfte_order_fields_val\">[wfte_order_date]</span>\n                </div>\n                <div class=\"wfte_weight wfte_template_element\" data-hover-id=\"weight\">\n                    <span class=\"wfte_weight_label\" style=\"font-weight:bold;\">__[Weight:]__</span>\n                    <span class=\"wfte_weight_val\">[wfte_weight]</span>\n                </div>\n                <div class=\"wfte_shipping_method wfte_template_element wfte_hidden\" data-hover-id=\"shipping_method\">\n                    <span class=\"wfte_shipping_method_label\" style=\"font-weight:bold;\">__[Shipping method:]__</span>\n                    <span class=\"wfte_shipping_method_val\">[wfte_shipping_method]</span>\n                </div>\n                <div class=\"wfte_vat_number wfte_template_element wfte_hidden\" data-hover-id=\"vat_number\">\n                    <span class=\"wfte_vat_number_label\" style=\"font-weight:bold;\">__[VAT:]__</span>\n                    <span class=\"wfte_vat_number_val\">[wfte_vat_number]</span>\n                </div>\n                <div class=\"wfte_ssn_number wfte_template_element wfte_hidden\" data-hover-id=\"ssn_number\">\n                    <span class=\"wfte_ssn_number_label\" style=\"font-weight:bold;\">__[SSN:]__</span>\n                    <span class=\"wfte_ssn_number_val\">[wfte_ssn_number]</span>\n                </div>\n                <div class=\"wfte_customer_note wfte_template_element\" data-hover-id=\"customer_note\">\n                    <span class=\"wfte_customer_note_label\" style=\"font-weight:bold;\">__[Customer note:]__</span>\n                    <span class=\"wfte_customer_note_val\">[wfte_customer_note]</span>\n                </div>\n                <div class=\"wfte_order_item_meta\">[wfte_order_item_meta]</div>\n                [wfte_extra_fields]\n                [wfte_additional_data]\n            </div>\n        </div>\n    </div>\n    <div class=\"clearfix\"></div>\n    <div class=\"wfte_row clearfix\" style=\"padding-top: 15px;\">\n        <div class=\"wfte_col-1 float_left wfte_text_left\">\n        </div>\n    </div>\n    <div class=\"clearfix\"></div>\n    <div class=\"wfte_row clearfix\" style=\"padding: 40px;\">\n        <div class=\"wfte_col-3 float_left\" style=\"height: 1px;\"></div>\n        <div class=\"wfte_col-3 float_left\">\n            <div class=\"wfte_shipping_address wfte_template_element\" data-wfte_name=\"shipping_address\" data-hover-id=\"shipping_address\">\n                <div class=\"wfte_address-field-header wfte_shipping_address_label\">__[To:]__</div>\n                <div class=\"wfte_shipping_address_val\">[wfte_shipping_address]</div>\n            </div>\n            <div class=\"wfte_invoice_data\" data-wfte_name=\"invoice_data\">\n                <div class=\"wfte_tel wfte_template_element\" data-hover-id=\"tel\">\n                    <span class=\"wfte_tel_label\" style=\"font-weight:bold;\">__[Tel:]__</span>\n                    <span class=\"wfte_tel_val\">[wfte_tel]</span>\n                </div>\n                <div class=\"wfte_email wfte_template_element\" data-hover-id=\"email\">\n                    <span class=\"wfte_email_label\" style=\"font-weight:bold;\">__[Email:]__</span>\n                    <span class=\"wfte_email_val\">[wfte_email]</span>\n                </div>\n            </div>\n        </div>\n        <div class=\"wfte_col-3 float_right\" style=\"height: 1px;\"></div>\n    </div>\n    <div class=\"clearfix\"></div>\n    <div class=\"wfte_row clearfix\" style=\"padding-top: 15px;\">\n        <div class=\"wfte_col-1 float_left wfte_text_left\">\n        </div>\n    </div>\n    <div class=\"clearfix\"></div>\n    <div class=\"wfte_row clearfix\">\n        <div class=\"wfte_col-1 float_left\">\n            <div class=\"wfte_footer wfte_text_left clearfix wfte_template_element\" data-wfte_name=\"footer\" data-hover-id=\"footer\">\n            [wfte_footer]\n            </div>\n        </div>\n    </div>\n    <div class=\"clearfix\"></div>\n</div>','0',0,1,'shippinglabel',1705572142,1705572142),(4,'default_deliverynote_template_1705572142','<!-- DC ready -->\n<style type=\"text/css\">\nbody, html{font-family:\"Helvetica Neue\", Roboto, Arial, \"Droid Sans\", sans-serif;}\n.clearfix::after{ display:block; clear:both; content:\"\"; }\n\n.wfte_invoice-main{ color:#202020; font-size:12px; font-weight:400; box-sizing:border-box; width:100%; height:auto; }\n.wfte_invoice-main *{ box-sizing:border-box;}\n.template_footer{color:#202020; font-size:12px; font-weight:400; box-sizing:border-box; padding:30px 0px; height:auto;}\n.template_footer *{ box-sizing:border-box;}\n\n.wfte_row{ width:100%; display:block; }\n.wfte_sub_row{ width:100%; display:block; }\n.wfte_col-1{ width:100%; display:block;}\n.wfte_col-2{ width:50%; display:block;}\n.wfte_col-3{ width:33%; display:block;}\n.wfte_col-4{ width:25%; display:block;}\n.wfte_col-6{ width:30%; display:block;}\n.wfte_col-7{ width:69%; display:block;}\n\n.float_left{ float:left; }\n.float_right{ float:right; }\n\n.wfte_company_logo_img_box{ margin-bottom:10px; }\n.wfte_company_logo_img{ width:150px; max-width:100%; }\n.wfte_doc_title{ color:#23a8f9; font-size:30px; font-weight:bold; height:auto; width:100%; line-height:22px;}\n.wfte_invoice_data div span:first-child, .wfte_extra_fields span:first-child{ font-weight:bold; }\n.wfte_invoice_data{ line-height:16px; font-size:12px; }\n\n.wfte_address-field-header{ font-weight:bold; font-size:12px; color:#000; padding:3px; padding-left:0px;}\n.wfte_addrss_field_main{ padding-top:15px;}\n\n.wfte_product_table{ width:100%; border-collapse:collapse; margin:0px; }\n.wfte_product_table_head th{ height:36px; padding:0px 5px; font-size:.75rem; text-align:left; line-height:10px; border-bottom:solid 1px #D7DBDF; font-family:\"Helvetica Neue\", Roboto, Arial, \"Droid Sans\", sans-serif;}\n.wfte_product_table_head_product{width: 30%;}\n.wfte_product_table_body td, .wfte_payment_summary_table_body td{ font-size:12px; line-height:15px;}\n.wfte_product_table_body td{ padding:10px 5px; border-bottom:solid 1px #dddee0;}\n.wfte_product_table_body .product_td b{ font-weight:normal; }\n.product_td b{line-height: 15px;} \n\n</style>\n<div class=\"wfte_rtl_main wfte_invoice-main wfte_invoice_basic_main\" style=\"padding-top:30px; padding-right:30px; padding-bottom:30px; padding-left:30px; margin-top: 0px; margin-bottom:0px; margin-left:0px; margin-right:0px;\">\n    <div class=\"wfte_row clearfix\">\n        <div class=\"wfte_col-1 float_left\">\n            <div class=\"wfte_doc_title wfte_template_element\" data-hover-id=\"doc_title\">__[Delivery note]__</div>\n        </div>\n    </div>\n    <div class=\"clearfix\"></div>\n    <div class=\"wfte_row clearfix\" style=\"padding-top: 15px;\">\n        <div class=\"wfte_col-1 float_left wfte_text_left\">\n        </div>\n    </div>\n    <div class=\"clearfix\"></div>\n    <div class=\"wfte_row clearfix\">\n        <div class=\"wfte_col-3 float_left\">\n            <div class=\"wfte_company_logo wfte_template_element\" data-hover-id=\"company_logo\">\n                <div class=\"wfte_company_logo_img_box\">\n                    <img src=\"[wfte_company_logo_url]\" class=\"wfte_company_logo_img\">\n                </div>\n                <div class=\"wfte_company_name wfte_hidden\"> [wfte_company_name]</div>\n                <div class=\"wfte_company_logo_extra_details\">__[]__</div>\n            </div>\n        </div>\n        <div class=\"wfte_col-3 float_left\" style=\"height: 1px;\">\n        </div>\n        <div class=\"wfte_col-3 float_right\">\n            <div class=\"wfte_invoice_data\">\n                <div class=\"wfte_order_number wfte_template_element\" data-hover-id=\"order_number\">\n                    <span class=\"wfte_order_number_label\">__[Order No:]__ </span> \n                    <span class=\"wfte_order_number_val\">[wfte_order_number]</span>\n                </div>\n                <div class=\"wfte_order_date wfte_template_element\" data-order_date-format=\"m-d-Y\" data-hover-id=\"order_date\">\n                    <span class=\"wfte_order_date_label\">__[Order Date:]__ </span> \n                    <span class=\"wfte_order_date_val\">[wfte_order_date]</span>\n                </div>\n                <div class=\"wfte_shipping_method wfte_template_element\" data-hover-id=\"shipping_method\">\n                    <span class=\"wfte_shipping_method_label\">__[Shipping Method:]__ </span>\n                    <span class=\"wfte_shipping_method_val\">[wfte_shipping_method]</span>\n                </div>\n                <div class=\"wfte_order_item_meta\">[wfte_order_item_meta]</div>\n                [wfte_extra_fields]\n            </div>\n        </div>\n    </div>\n    <div class=\"clearfix\"></div>\n    <div class=\"wfte_row clearfix\" style=\"padding-top: 15px;\">\n        <div class=\"wfte_col-1 float_left wfte_text_left\">\n        </div>\n    </div>\n    <div class=\"clearfix\"></div>\n    <div class=\"wfte_row clearfix\">\n        <div class=\"wfte_col-3 float_left\">\n            <div class=\"wfte_from_address wfte_template_element\" data-hover-id=\"from_address\">\n                <div class=\"wfte_address-field-header wfte_from_address_label\">__[From]__</div>\n                <div class=\"wfte_from_address_val\">\n                    [wfte_from_address]\n                </div>\n            </div>\n        </div>\n        <div class=\"wfte_col-3 float_left\">\n            <div class=\"wfte_billing_address wfte_template_element\" data-hover-id=\"billing_address\">\n                <div class=\"wfte_address-field-header wfte_billing_address_label\">__[Bill to]__</div>\n                <div class=\"wfte_billing_address_val\">\n                    [wfte_billing_address]\n                </div>\n            </div>\n            <div class=\"wfte_invoice_data\">\n                <div class=\"wfte_email wfte_template_element\" data-hover-id=\"email\">\n                    <span class=\"wfte_email_label\">__[Email:]__</span>\n                    <span class=\"wfte_email_val\">[wfte_email]</span>\n                </div>\n                <div class=\"wfte_tel wfte_template_element\" data-hover-id=\"tel\">\n                    <span class=\"wfte_tel_label\">__[Phone:]__ </span>\n                    <span class=\"wfte_tel_val\">[wfte_tel]</span>\n                </div>\n            </div>\n        </div>\n        <div class=\"wfte_col-3 float_right\">\n            <div class=\"wfte_shipping_address wfte_template_element\" data-hover-id=\"shipping_address\">\n                <div class=\"wfte_address-field-header wfte_shipping_address_label\">__[Ship to]__</div>\n                <div class=\"wfte_shipping_address_val\">\n                    [wfte_shipping_address]\n                </div>\n            </div>\n        </div>\n    </div>\n    <div class=\"clearfix\"></div>\n    <div class=\"wfte_row clearfix\" style=\"padding-top: 15px;\">\n        <div class=\"wfte_col-1 float_left wfte_text_left\">\n        </div>\n    </div>\n    <div class=\"clearfix\"></div>\n    <div class=\"wfte_row clearfix\">\n        <div class=\"wfte_col-1\">\n        [wfte_product_table_start]\n        <table class=\"wfte_product_table wfte_side_padding_table wfte_template_element\" data-hover-id=\"product_table\">\n            <thead class=\"wfte_product_table_head wfte_table_head_color wfte_product_table_head_bg\">\n                <tr>\n                    <th class=\"wfte_product_table_head_serial_no wfte_product_table_head_bg wfte_table_head_color\" col-type=\"serial_no\">__[S.No]__</th>\n                    <th class=\"wfte_product_table_head_image wfte_product_table_head_bg wfte_table_head_color\" col-type=\"image\" data-img-width=\"50px\">__[Image]__</th>\n                    <th class=\"wfte_product_table_head_sku wfte_product_table_head_bg wfte_table_head_color\" col-type=\"sku\">__[SKU]__</th>\n                    <th class=\"wfte_product_table_head_product wfte_product_table_head_bg wfte_table_head_color\" col-type=\"product\">__[Product]__</th>\n                    <th class=\"wfte_product_table_head_quantity wfte_product_table_head_bg wfte_table_head_color wfte_text_center\" col-type=\"quantity\">__[Quantity]__</th>\n                    <th class=\"wfte_product_table_head_price wfte_product_table_head_bg wfte_table_head_color\" col-type=\"price\">__[Unit price]__</th>\n                    <th class=\"wfte_product_table_head_total_price wfte_product_table_head_bg wfte_table_head_color\" col-type=\"total_price\">__[Total price]__</th>\n                </tr>\n            </thead>\n            <tbody class=\"wfte_product_table_body wfte_table_body_color\">\n            </tbody>\n        </table>\n        [wfte_product_table_end]\n        </div>\n    </div>\n    <div class=\"clearfix\"></div>\n    <div class=\"wfte_row clearfix\" style=\"padding-top: 15px;\">\n        <div class=\"wfte_col-1 float_left wfte_text_left\">\n        </div>\n    </div>\n    <div class=\"clearfix\"></div>\n    <div class=\"wfte_row clearfix\">\n        <div class=\"wfte_col-1 float_left\">\n            <div class=\"wfte_footer clearfix wfte_template_element\" data-hover-id=\"footer\">\n                [wfte_footer]\n            </div>\n        </div>\n    </div>\n</div>\n','0',0,1,'deliverynote',1705572142,1705572142),(5,'default_dispatchlabel_template_1705572142','<!-- DC ready -->\n<style type=\"text/css\">\nbody, html{font-family:\"Helvetica Neue\", Roboto, Arial, \"Droid Sans\", sans-serif;}\n.clearfix::after{ display:block; clear:both; content:\"\"; }\n.wfte_invoice-main{ color:#202020; font-size:12px; font-weight:400; box-sizing:border-box; width:100%; height:auto; }\n.wfte_invoice-main *{ box-sizing:border-box;}\n.template_footer{color:#202020; font-size:12px; font-weight:400; box-sizing:border-box; padding:30px 0px; height:auto;}\n.template_footer *{ box-sizing:border-box;}\n\n\n.wfte_row{ width:100%; display:block; }\n.wfte_sub_row{ width:100%; display:block; }\n.wfte_col-1{ width:100%; display:block;}\n.wfte_col-2{ width:50%; display:block;}\n.wfte_col-3{ width:33%; display:block;}\n.wfte_col-4{ width:25%; display:block;}\n.wfte_col-6{ width:30%; display:block;}\n.wfte_col-7{ width:69%; display:block;}\n\n.wfte_company_logo_img_box{ margin-bottom:10px; }\n.wfte_company_logo_img{ width:150px; max-width:100%; }\n.wfte_company_name{ font-size:18px; font-weight:bold; }\n.wfte_company_logo_extra_details{ font-size:12px; margin-top:3px;}\n.wfte_invoice_data div span:first-child, .wfte_extra_fields span:first-child{ font-weight:bold; }\n.wfte_invoice_data{ line-height:16px; font-size:12px; }\n.wfte_email_label,.wfte_tel_label,.wfte_vat_number_label,.wfte_shipping_method_label,.wfte_tracking_number_label,.wfte_ssn_number_label{ font-weight:bold; }\n.wfte_shipping_address{ width:95%;}\n.wfte_billing_address{ width:95%; }\n.wfte_address-field-header{ font-weight:bold; font-size:12px; color:#000; padding:3px; padding-left:0px;}\n\n.wfte_product_table{ width:100%; border-collapse:collapse; margin:0px; }\n.wfte_payment_summary_table_body .wfte_right_column{ text-align:left; }\n.wfte_payment_summary_table{ margin-bottom:10px; }\n.wfte_table_head_color{ color:#2e2e2e; }\n\n.wfte_product_table_head th{ height:36px; padding:0px 5px; font-size:.75rem; text-align:left; line-height:10px; border-bottom:solid 1px #7b7b7b; border-top:solid 1px #7b7b7b; font-family:\"Helvetica Neue\", Roboto, Arial, \"Droid Sans\", sans-serif; text-transform:uppercase;}\n.wfte_product_table_body td, .wfte_payment_summary_table_body td{ font-size:12px; line-height:15px;}\n.wfte_product_table_body td{ padding:10px 5px; border-bottom:solid 1px #dddee0;}\n.wfte_product_table .wfte_right_column{ width:15%;}\n.wfte_payment_summary_table .wfte_left_column{ width:60%; }\n.wfte_product_table_body .product_td b{ font-weight:normal; }\n.wfte_product_table_head_product{width: 30%;}\n\n.wfte_payment_summary_table_body td{ padding:5px 5px; border:none;}\n\n.wfte_product_table_payment_total td{ font-size:13px; color:#000; height:28px; border-bottom:solid 1px #cccccc; border-top:solid 1px #cccccc;}\n.wfte_product_table_payment_total td:nth-child(3){ font-weight:bold; }\n\n.product_td b{line-height: 15px;}\n\n/* for mPdf */\n.wfte_invoice_data{ border:solid 0px #fff; }\n.wfte_invoice_data td, .wfte_extra_fields td{ font-size:12px; padding:0px; font-family:\"Helvetica Neue\", Roboto, Arial, \"Droid Sans\", sans-serif; line-height:14px;}\n.wfte_invoice_data tr td:nth-child(1), .wfte_extra_fields tr td:nth-child(1){ font-weight:bold; }\n.wfte_return_policy{width:100%; height:auto; border-bottom:solid 1px #dfd5d5; padding:5px 0px; margin-top:5px; }\n.wfte_footer{width:100%; height:auto; padding:5px 0px; margin-top:5px;font-size: 12px;}\n.float_left{ float:left; }\n.float_right{ float:right; }\n\n.wfte_product_table_category_row td{ padding:10px 5px;}\n</style>\n<div class=\"wfte_rtl_main wfte_invoice-main wfte_invoice_basic_main\" style=\"padding-top:30px; padding-right:30px; padding-bottom:30px; padding-left:30px; margin-top: 0px; margin-bottom:0px; margin-left:0px; margin-right:0px;\">\n    <div class=\"wfte_row clearfix\">       \n        <div class=\"wfte_col-7 float_left\">\n            <div class=\"wfte_company_logo wfte_template_element\" data-hover-id=\"company_logo\">\n                <div class=\"wfte_company_logo_img_box\">\n                    <img src=\"[wfte_company_logo_url]\" class=\"wfte_company_logo_img\">\n                </div>\n                <div class=\"wfte_company_name wfte_hidden\"> [wfte_company_name]</div>\n                <div class=\"wfte_company_logo_extra_details\">__[]__</div>\n            </div>\n            <div class=\"wfte_invoice_data\">\n                <div class=\"wfte_invoice_number wfte_template_element\" data-hover-id=\"invoice_number\">\n                    <span class=\"wfte_invoice_number_label\">__[Invoice No.:]__ </span> \n                    <span class=\"wfte_invoice_number_val\">[wfte_invoice_number]</span>\n                </div>\n                <div class=\"wfte_order_number wfte_template_element\" data-hover-id=\"order_number\">\n                    <span class=\"wfte_order_number_label\">__[Order No.:]__ </span> \n                    <span class=\"wfte_order_number_val\">[wfte_order_number]</span>\n                </div>\n                <div class=\"wfte_order_date wfte_template_element\" data-order_date-format=\"m-d-Y\" data-hover-id=\"order_date\">\n                    <span class=\"wfte_order_date_label\">__[Order Date:]__ </span> \n                    <span class=\"wfte_order_date_val\">[wfte_order_date]</span>\n                </div>\n               <div class=\"wfte_dispatch_date wfte_template_element\" data-hover-id=\"dispatch_date\" data-dispatch_date-format=\"m-d-Y\">\n                    <span class=\"wfte_dispatch_date_label\">__[Dispatch Date:]__</span> \n                    <span class=\"wfte_dispatch_date_val\">[wfte_dispatch_date]</span>\n                </div>\n            </div>\n        </div>\n        <div class=\"wfte_col-6 float_right\">\n            <div class=\"wfte_from_address wfte_template_element\" data-hover-id=\"from_address\">\n                <div class=\"wfte_address-field-header wfte_from_address_label\">__[From Address:]__</div>\n                <div class=\"wfte_from_address_val\">\n                    [wfte_from_address]\n                </div>\n            </div>\n        </div>\n    </div>\n    <div class=\"clearfix\"></div>\n    <div class=\"wfte_row clearfix\" style=\"padding-top: 15px;\">\n        <div class=\"wfte_col-1 float_left\">\n        </div>\n    </div>\n    <div class=\"clearfix\"></div>\n    <div class=\"wfte_row clearfix\">\n        <div class=\"wfte_col-7 float_left\">\n            <div class=\"wfte_billing_address wfte_template_element\" data-hover-id=\"billing_address\">\n                <div class=\"wfte_address-field-header wfte_billing_address_label\">__[Billing Address:]__</div>\n                <div class=\"wfte_billing_address_val\">\n                    [wfte_billing_address]\n                </div>\n            </div>\n            <div class=\"wfte_invoice_data\">\n                <div class=\"wfte_email wfte_template_element\" data-hover-id=\"email\">\n                    <span class=\"wfte_email_label\">__[Email:]__</span>\n                    <span class=\"wfte_email_val\">[wfte_email]</span>\n                </div>\n                <div class=\"wfte_tel wfte_template_element\" data-hover-id=\"tel\">\n                    <span class=\"wfte_tel_label\">__[Phone:]__ </span>\n                    <span class=\"wfte_tel_val\">[wfte_tel]</span>\n                </div>\n                <div class=\"wfte_order_item_meta\">[wfte_order_item_meta]</div>\n            </div>\n        </div>\n        <div class=\"wfte_col-6 float_right\">\n            <div class=\"wfte_shipping_address wfte_template_element\" data-hover-id=\"shipping_address\">\n                <div class=\"wfte_address-field-header wfte_shipping_address_label\">__[Shipping Address:]__</div>\n                <div class=\"wfte_shipping_address_val\">\n                    [wfte_shipping_address]\n                </div>\n            </div>\n            <div class=\"wfte_invoice_data\">\n                <div class=\"wfte_tracking_number wfte_template_element\" data-hover-id=\"tracking_number\">\n                    <span class=\"wfte_tracking_number_label\">__[Tracking number:]__</span>\n                    <span class=\"wfte_tracking_number_val\">[wfte_tracking_number]</span>\n                </div>\n                <div class=\"wfte_ssn_number wfte_template_element\" data-hover-id=\"ssn_number\">\n                    <span class=\"wfte_ssn_number_label\">__[SSN:]__</span>\n                    <span class=\"wfte_ssn_number_val\">[wfte_ssn_number]</span>\n                </div>\n                [wfte_extra_fields]\n            </div>\n        </div>\n    </div>\n    <div class=\"clearfix\"></div>\n    <div class=\"wfte_row clearfix\" style=\"padding-top: 15px;\">\n        <div class=\"wfte_col-1 float_left\">\n        </div>\n    </div>\n    <div class=\"clearfix\"></div>\n    <div class=\"wfte_row clearfix\">\n        <div class=\"wfte_col-1\">\n            [wfte_product_table_start]\n            <table class=\"wfte_product_table wfte_side_padding_table wfte_template_element\" data-hover-id=\"product_table\">\n                <thead class=\"wfte_product_table_head wfte_table_head_color wfte_product_table_head_bg\">\n                    <tr>\n                        <th class=\"wfte_product_table_head_serial_no wfte_product_table_head_bg wfte_table_head_color\" col-type=\"serial_no\">__[S.No]__</th>\n                        <th class=\"wfte_product_table_head_sku wfte_product_table_head_bg wfte_table_head_color\" col-type=\"sku\">__[SKU]__</th>\n                        <th class=\"wfte_product_table_head_product wfte_product_table_head_bg wfte_table_head_color\" col-type=\"product\">__[Product]__</th>\n                        <th class=\"wfte_product_table_head_quantity wfte_product_table_head_bg wfte_table_head_color wfte_text_center\" col-type=\"quantity\">__[Quantity]__</th>\n                        <th class=\"wfte_product_table_head_price wfte_product_table_head_bg wfte_table_head_color\" col-type=\"price\">__[Price]__</th>\n                        <th class=\"wfte_product_table_head_total_price wfte_product_table_head_bg wfte_table_head_color\" col-type=\"total_price\">__[Total price]__</th>\n                    </tr>\n                </thead>\n                <tbody class=\"wfte_product_table_body wfte_table_body_color\">\n                </tbody>\n            </table>\n            [wfte_product_table_end]\n        </div>\n        <div class=\"clearfix\"></div>\n        <div class=\"wfte_col-1\">\n            <table class=\"wfte_payment_summary_table wfte_product_table wfte_side_padding_table\">\n                <tbody class=\"wfte_payment_summary_table_body wfte_table_body_color\">\n                    <tr class=\"wfte_payment_summary_table_row\">\n                        <td colspan=\"3\"></td>\n                    </tr>\n                    <tr class=\"wfte_payment_summary_table_row wfte_product_table_subtotal wfte_template_element\" data-hover-id=\"product_table_subtotal\">\n                        <td colspan=\"2\" class=\"wfte_product_table_subtotal_label wfte_text_right\">__[Subtotal]__</td>\n                        <td class=\"wfte_right_column wfte_text_left\">[wfte_product_table_subtotal]</td>\n                    </tr>\n                    <tr class=\"wfte_payment_summary_table_row wfte_product_table_shipping wfte_template_element\" data-hover-id=\"product_table_shipping\">\n                        <td colspan=\"2\" class=\"wfte_product_table_shipping_label wfte_text_right\">__[Shipping]__</td>\n                        <td class=\"wfte_right_column wfte_text_left\">[wfte_product_table_shipping]</td>\n                    </tr>\n                    <tr class=\"wfte_payment_summary_table_row wfte_product_table_cart_discount wfte_template_element\" data-hover-id=\"product_table_cart_discount\">\n                        <td colspan=\"2\" class=\"wfte_product_table_cart_discount_label wfte_text_right\">__[Cart discount]__</td>\n                        <td class=\"wfte_right_column wfte_text_left\">[wfte_product_table_cart_discount]</td>\n                    </tr>\n                    <tr class=\"wfte_payment_summary_table_row wfte_product_table_order_discount wfte_template_element\" data-hover-id=\"product_table_order_discount\">\n                        <td colspan=\"2\" class=\"wfte_product_table_order_discount_label wfte_text_right\">__[Order discount]__</td>\n                        <td class=\"wfte_right_column wfte_text_left\">[wfte_product_table_order_discount]</td>\n                    </tr>\n                    <tr class=\"wfte_payment_summary_table_row wfte_product_table_total_tax wfte_template_element\" data-hover-id=\"product_table_total_tax\">\n                        <td colspan=\"2\" class=\"wfte_product_table_total_tax_label wfte_text_right\">__[Total tax]__</td>\n                        <td class=\"wfte_right_column wfte_text_left\">[wfte_product_table_total_tax]</td>\n                    </tr>\n                    <tr class=\"wfte_payment_summary_table_row wfte_product_table_fee wfte_template_element\" data-hover-id=\"product_table_fee\">\n                        <td colspan=\"2\" class=\"wfte_product_table_fee_label wfte_text_right\">__[Fee]__</td>\n                        <td class=\"wfte_right_column wfte_text_left\">[wfte_product_table_fee]</td>\n                    </tr>\n                    <tr class=\"wfte_payment_summary_table_row wfte_product_table_coupon wfte_template_element\" data-hover-id=\"product_table_coupon\">\n                        <td colspan=\"2\" class=\"wfte_product_table_coupon_label wfte_text_right\">__[Coupon used]__</td>\n                        <td class=\"wfte_right_column wfte_text_left\">[wfte_product_table_coupon]</td>\n                    </tr>\n                    <tr class=\"wfte_payment_summary_table_row wfte_hidden wfte_product_table_additional_info\" data-row-type=\"wfte_product_table_additional_info\">\n                        <td colspan=\"2\" class=\"wfte_product_table_additional_info_label wfte_text_right\">[wfte_product_table_additional_info_label]</td>\n                        <td class=\"wfte_right_column wfte_text_left\">[wfte_product_table_additional_info_value]</td>\n                    </tr>\n                    <tr class=\"wfte_payment_summary_table_row wfte_product_table_payment_total wfte_template_element\" data-hover-id=\"product_table_payment_total\">\n                        <td class=\"wfte_left_column\"></td>\n                        <td class=\"wfte_product_table_payment_total_label wfte_text_right\">__[Total]__</td>\n                        <td class=\"wfte_product_table_payment_total_val wfte_right_column wfte_text_left\">[wfte_product_table_payment_total]</td>\n                    </tr>\n                </tbody>\n            </table>\n        </div>\n    </div>\n    <div class=\"clearfix\"></div>\n    <div class=\"wfte_row clearfix\">\n        <div class=\"wfte_col-1\">\n            <div class=\"wfte_return_policy clearfix wfte_template_element\" data-hover-id=\"return_policy\">\n                [wfte_return_policy]\n            </div>\n        </div>\n    </div>\n    <div class=\"clearfix\"></div>\n    <div class=\"wfte_row clearfix\">\n        <div class=\"wfte_col-1\">\n            <div class=\"wfte_footer clearfix wfte_template_element\" data-hover-id=\"footer\">\n                [wfte_footer]\n            </div>\n        </div>\n    </div>\n    <div class=\"clearfix\"></div>\n</div>','0',0,1,'dispatchlabel',1705572142,1705572142);

--
-- Table structure for table `hbakoiadmp_woocommerce_api_keys`
--

CREATE TABLE `hbakoiadmp_woocommerce_api_keys` (
  `key_id` bigint(20) unsigned NOT NULL AUTO_INCREMENT,
  `user_id` bigint(20) unsigned NOT NULL,
  `description` varchar(200) COLLATE utf8mb4_unicode_520_ci DEFAULT NULL,
  `permissions` varchar(10) COLLATE utf8mb4_unicode_520_ci NOT NULL,
  `consumer_key` char(64) COLLATE utf8mb4_unicode_520_ci NOT NULL,
  `consumer_secret` char(43) COLLATE utf8mb4_unicode_520_ci NOT NULL,
  `nonces` longtext COLLATE utf8mb4_unicode_520_ci,
  `truncated_key` char(7) COLLATE utf8mb4_unicode_520_ci NOT NULL,
  `last_access` datetime DEFAULT NULL,
  PRIMARY KEY (`key_id`),
  KEY `consumer_key` (`consumer_key`),
  KEY `consumer_secret` (`consumer_secret`)
) ENGINE=MyISAM AUTO_INCREMENT=9 DEFAULT CHARSET=utf8mb4 COLLATE=utf8mb4_unicode_520_ci;

--
-- Dumping data for table `hbakoiadmp_woocommerce_api_keys`
--

INSERT INTO `hbakoiadmp_woocommerce_api_keys` VALUES (2,3,'SiteGiantHoiBaking.com','read_write','3a2fff172cbeaacf908ad8ca179455e80990d0681031541113a3e2089bbb31d7','cs_01a07576c1e2b4f921280bd6d339a2f307204885',NULL,'e449ad0','2024-04-20 08:50:39'),(5,1,'lucky','read_write','998ea76925ff0c7052fd21392da148b9b7aaef317f2c6b40b6626954ed186c8f','cs_cc7defee99ab0e5aba22d7eb50921a5847b41974',NULL,'cc855a5','2024-11-21 17:32:33'),(6,3,'Sitegiant','read_write','ab0c8c4b5a3af8fe5f2bf8efa779c0e00576af636ffd0567a6444fb51aab9038','cs_a3b208cd1e0b03a5d2be96ca121e43a5a9c58677',NULL,'a010742','2024-12-03 00:00:37');

--
-- Table structure for table `hbakoiadmp_woocommerce_attribute_taxonomies`
--

CREATE TABLE `hbakoiadmp_woocommerce_attribute_taxonomies` (
  `attribute_id` bigint(20) unsigned NOT NULL AUTO_INCREMENT,
  `attribute_name` varchar(200) COLLATE utf8mb4_unicode_520_ci NOT NULL,
  `attribute_label` varchar(200) COLLATE utf8mb4_unicode_520_ci DEFAULT NULL,
  `attribute_type` varchar(20) COLLATE utf8mb4_unicode_520_ci NOT NULL,
  `attribute_orderby` varchar(20) COLLATE utf8mb4_unicode_520_ci NOT NULL,
  `attribute_public` int(1) NOT NULL DEFAULT '1',
  PRIMARY KEY (`attribute_id`),
  KEY `attribute_name` (`attribute_name`(20))
) ENGINE=MyISAM AUTO_INCREMENT=5 DEFAULT CHARSET=utf8mb4 COLLATE=utf8mb4_unicode_520_ci;

--
-- Dumping data for table `hbakoiadmp_woocommerce_attribute_taxonomies`
--

INSERT INTO `hbakoiadmp_woocommerce_attribute_taxonomies` VALUES (1,'size','Size','select','menu_order',0),(2,'brands','Brands','select','menu_order',1),(3,'flavour','Flavour','select','menu_order',0),(4,'product-type','Product Type','select','menu_order',0);

--
-- Table structure for table `hbakoiadmp_woocommerce_downloadable_product_permissions`
--

CREATE TABLE `hbakoiadmp_woocommerce_downloadable_product_permissions` (
  `permission_id` bigint(20) unsigned NOT NULL AUTO_INCREMENT,
  `download_id` varchar(36) COLLATE utf8mb4_unicode_520_ci NOT NULL,
  `product_id` bigint(20) unsigned NOT NULL,
  `order_id` bigint(20) unsigned NOT NULL DEFAULT '0',
  `order_key` varchar(200) COLLATE utf8mb4_unicode_520_ci NOT NULL,
  `user_email` varchar(200) COLLATE utf8mb4_unicode_520_ci NOT NULL,
  `user_id` bigint(20) unsigned DEFAULT NULL,
  `downloads_remaining` varchar(9) COLLATE utf8mb4_unicode_520_ci DEFAULT NULL,
  `access_granted` datetime NOT NULL DEFAULT '0000-00-00 00:00:00',
  `access_expires` datetime DEFAULT NULL,
  `download_count` bigint(20) unsigned NOT NULL DEFAULT '0',
  PRIMARY KEY (`permission_id`),
  KEY `download_order_key_product` (`product_id`,`order_id`,`order_key`(16),`download_id`),
  KEY `download_order_product` (`download_id`,`order_id`,`product_id`),
  KEY `order_id` (`order_id`),
  KEY `user_order_remaining_expires` (`user_id`,`order_id`,`downloads_remaining`,`access_expires`)
) ENGINE=MyISAM DEFAULT CHARSET=utf8mb4 COLLATE=utf8mb4_unicode_520_ci;

--
-- Dumping data for table `hbakoiadmp_woocommerce_downloadable_product_permissions`
--


--
-- Table structure for table `hbakoiadmp_woocommerce_log`
--

CREATE TABLE `hbakoiadmp_woocommerce_log` (
  `log_id` bigint(20) unsigned NOT NULL AUTO_INCREMENT,
  `timestamp` datetime NOT NULL,
  `level` smallint(4) NOT NULL,
  `source` varchar(200) COLLATE utf8mb4_unicode_520_ci NOT NULL,
  `message` longtext COLLATE utf8mb4_unicode_520_ci NOT NULL,
  `context` longtext COLLATE utf8mb4_unicode_520_ci,
  PRIMARY KEY (`log_id`),
  KEY `level` (`level`)
) ENGINE=MyISAM DEFAULT CHARSET=utf8mb4 COLLATE=utf8mb4_unicode_520_ci;

--
-- Dumping data for table `hbakoiadmp_woocommerce_log`
--


--
-- Table structure for table `hbakoiadmp_woocommerce_order_itemmeta`
--

CREATE TABLE `hbakoiadmp_woocommerce_order_itemmeta` (
  `meta_id` bigint(20) unsigned NOT NULL AUTO_INCREMENT,
  `order_item_id` bigint(20) unsigned NOT NULL,
  `meta_key` varchar(255) COLLATE utf8mb4_unicode_520_ci DEFAULT NULL,
  `meta_value` longtext COLLATE utf8mb4_unicode_520_ci,
  PRIMARY KEY (`meta_id`),
  KEY `order_item_id` (`order_item_id`),
  KEY `meta_key` (`meta_key`(32))
) ENGINE=MyISAM AUTO_INCREMENT=2964 DEFAULT CHARSET=utf8mb4 COLLATE=utf8mb4_unicode_520_ci;

--
-- Dumping data for table `hbakoiadmp_woocommerce_order_itemmeta`
--

INSERT INTO `hbakoiadmp_woocommerce_order_itemmeta` VALUES (1,1,'_product_id','90'),(2,1,'_variation_id','0'),(3,1,'_qty','2'),(4,1,'_tax_class',''),(5,1,'_line_subtotal','11.98'),(6,1,'_line_subtotal_tax','0'),(7,1,'_line_total','11.98'),(8,1,'_line_tax','0'),(9,1,'_line_tax_data','a:2:{s:5:\"total\";a:0:{}s:8:\"subtotal\";a:0:{}}'),(10,1,'_ywpar_total_points','10'),(11,2,'method_id','betrs_shipping'),(12,2,'instance_id','2'),(13,2,'cost','5.72'),(14,2,'total_tax','0'),(15,2,'taxes','a:1:{s:5:\"total\";a:0:{}}'),(16,2,'Items','Eco Paper Bag &times; 2'),(17,3,'_product_id','727'),(18,3,'_variation_id','733'),(19,3,'_qty','1'),(20,3,'_tax_class',''),(21,3,'_line_subtotal','61.49'),(22,3,'_line_subtotal_tax','0'),(23,3,'_line_total','61.49'),(24,3,'_line_tax','0'),(25,3,'_line_tax_data','a:2:{s:5:\"total\";a:0:{}s:8:\"subtotal\";a:0:{}}'),(26,3,'pa_size','1kg'),(27,3,'_ywpar_total_points','61'),(28,4,'method_id','betrs_shipping'),(29,4,'instance_id','7'),(30,4,'cost','9.69'),(31,4,'total_tax','0'),(32,4,'taxes','a:1:{s:5:\"total\";a:0:{}}'),(33,4,'Items','Cacao Barry Paillete Feuilletine - 1KG &times; 1'),(34,3,'_reduced_stock','1'),(35,5,'_product_id','862'),(36,5,'_variation_id','863'),(37,5,'_qty','1'),(38,5,'_tax_class',''),(39,5,'_line_subtotal','10.89'),(40,5,'_line_subtotal_tax','0'),(41,5,'_line_total','10.89'),(42,5,'_line_tax','0'),(43,5,'_line_tax_data','a:2:{s:5:\"total\";a:0:{}s:8:\"subtotal\";a:0:{}}'),(44,5,'type','Salted'),(45,5,'_ywpar_total_points','10'),(46,6,'_fee_amount','9'),(47,6,'_tax_class','0'),(48,6,'_tax_status','taxable'),(49,6,'_line_total','9'),(50,6,'_line_tax','0'),(51,6,'_line_tax_data','a:1:{s:5:\"total\";a:0:{}}'),(52,6,'_wc_checkout_add_on_id','c961926'),(53,6,'_wc_checkout_add_on_value','fee'),(54,6,'_wc_checkout_add_on_label','fee'),(55,7,'method_id','betrs_shipping'),(56,7,'instance_id','2'),(57,7,'cost','20.00'),(58,7,'total_tax','0'),(59,7,'taxes','a:1:{s:5:\"total\";a:0:{}}'),(60,7,'Items','Meadow Churn Butter 250G - Salted &times; 1'),(61,8,'_product_id','1060'),(62,8,'_variation_id','0'),(63,8,'_qty','1'),(64,8,'_tax_class',''),(65,8,'_line_subtotal','1'),(66,8,'_line_subtotal_tax','0'),(67,8,'_line_total','1'),(68,8,'_line_tax','0'),(69,8,'_line_tax_data','a:2:{s:5:\"total\";a:0:{}s:8:\"subtotal\";a:0:{}}'),(70,8,'_ywpar_total_points','1'),(71,9,'method_id','free_shipping'),(72,9,'instance_id','9'),(73,9,'cost','0.00'),(74,9,'total_tax','0'),(75,9,'taxes','a:1:{s:5:\"total\";a:0:{}}'),(76,9,'Items','Test &times; 1'),(77,10,'discount_amount','0'),(78,10,'discount_amount_tax','0'),(79,10,'coupon_data','a:25:{s:2:\"id\";i:1064;s:4:\"code\";s:13:\"hoifreeship24\";s:6:\"amount\";s:1:\"0\";s:6:\"status\";s:7:\"publish\";s:12:\"date_created\";O:11:\"WC_DateTime\":4:{s:13:\"\0*\0utc_offset\";i:28800;s:4:\"date\";s:26:\"2024-02-19 06:30:58.000000\";s:13:\"timezone_type\";i:1;s:8:\"timezone\";s:6:\"+00:00\";}s:13:\"date_modified\";O:11:\"WC_DateTime\":4:{s:13:\"\0*\0utc_offset\";i:28800;s:4:\"date\";s:26:\"2024-02-19 06:30:58.000000\";s:13:\"timezone_type\";i:1;s:8:\"timezone\";s:6:\"+00:00\";}s:12:\"date_expires\";N;s:13:\"discount_type\";s:10:\"fixed_cart\";s:11:\"description\";s:13:\"Free Shipping\";s:11:\"usage_count\";i:0;s:14:\"individual_use\";b:0;s:11:\"product_ids\";a:0:{}s:20:\"excluded_product_ids\";a:0:{}s:11:\"usage_limit\";i:0;s:20:\"usage_limit_per_user\";i:0;s:22:\"limit_usage_to_x_items\";N;s:13:\"free_shipping\";b:1;s:18:\"product_categories\";a:0:{}s:27:\"excluded_product_categories\";a:0:{}s:18:\"exclude_sale_items\";b:0;s:14:\"minimum_amount\";s:0:\"\";s:14:\"maximum_amount\";s:0:\"\";s:18:\"email_restrictions\";a:0:{}s:7:\"virtual\";b:0;s:9:\"meta_data\";a:0:{}}'),(80,11,'_product_id','1060'),(81,11,'_variation_id','0'),(82,11,'_qty','1'),(83,11,'_tax_class',''),(84,11,'_line_subtotal','2'),(85,11,'_line_subtotal_tax','0'),(86,11,'_line_total','2'),(87,11,'_line_tax','0'),(88,11,'_line_tax_data','a:2:{s:5:\"total\";a:0:{}s:8:\"subtotal\";a:0:{}}'),(89,11,'_ywpar_total_points','1'),(90,12,'method_id','free_shipping'),(91,12,'instance_id','9'),(92,12,'cost','0.00'),(93,12,'total_tax','0'),(94,12,'taxes','a:1:{s:5:\"total\";a:0:{}}'),(95,12,'Items','Test &times; 1'),(96,13,'discount_amount','0'),(97,13,'discount_amount_tax','0'),(98,13,'coupon_data','a:25:{s:2:\"id\";i:1064;s:4:\"code\";s:13:\"hoifreeship24\";s:6:\"amount\";s:1:\"0\";s:6:\"status\";s:7:\"publish\";s:12:\"date_created\";O:11:\"WC_DateTime\":4:{s:13:\"\0*\0utc_offset\";i:28800;s:4:\"date\";s:26:\"2024-02-19 06:30:58.000000\";s:13:\"timezone_type\";i:1;s:8:\"timezone\";s:6:\"+00:00\";}s:13:\"date_modified\";O:11:\"WC_DateTime\":4:{s:13:\"\0*\0utc_offset\";i:28800;s:4:\"date\";s:26:\"2024-02-19 06:30:58.000000\";s:13:\"timezone_type\";i:1;s:8:\"timezone\";s:6:\"+00:00\";}s:12:\"date_expires\";N;s:13:\"discount_type\";s:10:\"fixed_cart\";s:11:\"description\";s:13:\"Free Shipping\";s:11:\"usage_count\";i:0;s:14:\"individual_use\";b:0;s:11:\"product_ids\";a:0:{}s:20:\"excluded_product_ids\";a:0:{}s:11:\"usage_limit\";i:0;s:20:\"usage_limit_per_user\";i:0;s:22:\"limit_usage_to_x_items\";N;s:13:\"free_shipping\";b:1;s:18:\"product_categories\";a:0:{}s:27:\"excluded_product_categories\";a:0:{}s:18:\"exclude_sale_items\";b:0;s:14:\"minimum_amount\";s:0:\"\";s:14:\"maximum_amount\";s:0:\"\";s:18:\"email_restrictions\";a:0:{}s:7:\"virtual\";b:0;s:9:\"meta_data\";a:0:{}}'),(99,14,'_product_id','1060'),(100,14,'_variation_id','0'),(101,14,'_qty','1'),(102,14,'_tax_class',''),(103,14,'_line_subtotal','1'),(104,14,'_line_subtotal_tax','0'),(105,14,'_line_total','1'),(106,14,'_line_tax','0'),(107,14,'_line_tax_data','a:2:{s:5:\"total\";a:0:{}s:8:\"subtotal\";a:0:{}}'),(108,14,'_ywpar_total_points','1'),(109,15,'method_id','free_shipping'),(110,15,'instance_id','9'),(111,15,'cost','0.00'),(112,15,'total_tax','0'),(113,15,'taxes','a:1:{s:5:\"total\";a:0:{}}'),(114,15,'Items','Test &times; 1'),(115,16,'discount_amount','0'),(116,16,'discount_amount_tax','0'),(117,16,'coupon_data','a:25:{s:2:\"id\";i:1064;s:4:\"code\";s:13:\"hoifreeship24\";s:6:\"amount\";s:1:\"0\";s:6:\"status\";s:7:\"publish\";s:12:\"date_created\";O:11:\"WC_DateTime\":4:{s:13:\"\0*\0utc_offset\";i:28800;s:4:\"date\";s:26:\"2024-02-19 06:30:58.000000\";s:13:\"timezone_type\";i:1;s:8:\"timezone\";s:6:\"+00:00\";}s:13:\"date_modified\";O:11:\"WC_DateTime\":4:{s:13:\"\0*\0utc_offset\";i:28800;s:4:\"date\";s:26:\"2024-02-19 06:30:58.000000\";s:13:\"timezone_type\";i:1;s:8:\"timezone\";s:6:\"+00:00\";}s:12:\"date_expires\";N;s:13:\"discount_type\";s:10:\"fixed_cart\";s:11:\"description\";s:13:\"Free Shipping\";s:11:\"usage_count\";i:0;s:14:\"individual_use\";b:0;s:11:\"product_ids\";a:0:{}s:20:\"excluded_product_ids\";a:0:{}s:11:\"usage_limit\";i:0;s:20:\"usage_limit_per_user\";i:0;s:22:\"limit_usage_to_x_items\";N;s:13:\"free_shipping\";b:1;s:18:\"product_categories\";a:0:{}s:27:\"excluded_product_categories\";a:0:{}s:18:\"exclude_sale_items\";b:0;s:14:\"minimum_amount\";s:0:\"\";s:14:\"maximum_amount\";s:0:\"\";s:18:\"email_restrictions\";a:0:{}s:7:\"virtual\";b:0;s:9:\"meta_data\";a:0:{}}'),(203,29,'_ywpar_total_points','1'),(204,30,'method_id','free_shipping'),(205,30,'instance_id','9'),(206,30,'cost','0.00'),(207,30,'total_tax','0'),(208,30,'taxes','a:1:{s:5:\"total\";a:0:{}}'),(209,30,'Items','Test &times; 1'),(210,31,'discount_amount','0'),(211,31,'discount_amount_tax','0'),(212,31,'coupon_data','a:25:{s:2:\"id\";i:1064;s:4:\"code\";s:13:\"hoifreeship24\";s:6:\"amount\";s:1:\"0\";s:6:\"status\";s:7:\"publish\";s:12:\"date_created\";O:11:\"WC_DateTime\":4:{s:13:\"\0*\0utc_offset\";i:28800;s:4:\"date\";s:26:\"2024-02-19 06:30:58.000000\";s:13:\"timezone_type\";i:1;s:8:\"timezone\";s:6:\"+00:00\";}s:13:\"date_modified\";O:11:\"WC_DateTime\":4:{s:13:\"\0*\0utc_offset\";i:28800;s:4:\"date\";s:26:\"2024-02-19 06:30:58.000000\";s:13:\"timezone_type\";i:1;s:8:\"timezone\";s:6:\"+00:00\";}s:12:\"date_expires\";N;s:13:\"discount_type\";s:10:\"fixed_cart\";s:11:\"description\";s:13:\"Free Shipping\";s:11:\"usage_count\";i:0;s:14:\"individual_use\";b:0;s:11:\"product_ids\";a:0:{}s:20:\"excluded_product_ids\";a:0:{}s:11:\"usage_limit\";i:0;s:20:\"usage_limit_per_user\";i:0;s:22:\"limit_usage_to_x_items\";N;s:13:\"free_shipping\";b:1;s:18:\"product_categories\";a:0:{}s:27:\"excluded_product_categories\";a:0:{}s:18:\"exclude_sale_items\";b:0;s:14:\"minimum_amount\";s:0:\"\";s:14:\"maximum_amount\";s:0:\"\";s:18:\"email_restrictions\";a:0:{}s:7:\"virtual\";b:0;s:9:\"meta_data\";a:0:{}}'),(194,29,'_product_id','1060'),(195,29,'_variation_id','0'),(196,29,'_qty','1'),(197,29,'_tax_class',''),(198,29,'_line_subtotal','2'),(199,29,'_line_subtotal_tax','0'),(200,29,'_line_total','2'),(201,29,'_line_tax','0'),(202,29,'_line_tax_data','a:2:{s:5:\"total\";a:0:{}s:8:\"subtotal\";a:0:{}}'),(213,32,'_product_id','1060'),(214,32,'_variation_id','0'),(215,32,'_qty','1'),(216,32,'_tax_class',''),(217,32,'_line_subtotal','2'),(218,32,'_line_subtotal_tax','0'),(219,32,'_line_total','2'),(220,32,'_line_tax','0'),(221,32,'_line_tax_data','a:2:{s:5:\"total\";a:0:{}s:8:\"subtotal\";a:0:{}}'),(222,32,'_ywpar_total_points','1'),(223,33,'method_id','free_shipping'),(224,33,'instance_id','9'),(225,33,'cost','0.00'),(226,33,'total_tax','0'),(227,33,'taxes','a:1:{s:5:\"total\";a:0:{}}'),(228,33,'Items','Test &times; 1'),(229,34,'discount_amount','0'),(230,34,'discount_amount_tax','0'),(231,34,'coupon_data','a:25:{s:2:\"id\";i:1064;s:4:\"code\";s:13:\"hoifreeship24\";s:6:\"amount\";s:1:\"0\";s:6:\"status\";s:7:\"publish\";s:12:\"date_created\";O:11:\"WC_DateTime\":4:{s:13:\"\0*\0utc_offset\";i:28800;s:4:\"date\";s:26:\"2024-02-19 06:30:58.000000\";s:13:\"timezone_type\";i:1;s:8:\"timezone\";s:6:\"+00:00\";}s:13:\"date_modified\";O:11:\"WC_DateTime\":4:{s:13:\"\0*\0utc_offset\";i:28800;s:4:\"date\";s:26:\"2024-02-19 06:30:58.000000\";s:13:\"timezone_type\";i:1;s:8:\"timezone\";s:6:\"+00:00\";}s:12:\"date_expires\";N;s:13:\"discount_type\";s:10:\"fixed_cart\";s:11:\"description\";s:13:\"Free Shipping\";s:11:\"usage_count\";i:0;s:14:\"individual_use\";b:0;s:11:\"product_ids\";a:0:{}s:20:\"excluded_product_ids\";a:0:{}s:11:\"usage_limit\";i:0;s:20:\"usage_limit_per_user\";i:0;s:22:\"limit_usage_to_x_items\";N;s:13:\"free_shipping\";b:1;s:18:\"product_categories\";a:0:{}s:27:\"excluded_product_categories\";a:0:{}s:18:\"exclude_sale_items\";b:0;s:14:\"minimum_amount\";s:0:\"\";s:14:\"maximum_amount\";s:0:\"\";s:18:\"email_restrictions\";a:0:{}s:7:\"virtual\";b:0;s:9:\"meta_data\";a:0:{}}'),(232,35,'_product_id','1060'),(233,35,'_variation_id','0'),(234,35,'_qty','1'),(235,35,'_tax_class',''),(236,35,'_line_subtotal','2'),(237,35,'_line_subtotal_tax','0'),(238,35,'_line_total','2'),(239,35,'_line_tax','0'),(240,35,'_line_tax_data','a:2:{s:5:\"total\";a:0:{}s:8:\"subtotal\";a:0:{}}'),(241,35,'_ywpar_total_points','2'),(242,36,'method_id','free_shipping'),(243,36,'instance_id','9'),(244,36,'cost','0.00'),(245,36,'total_tax','0'),(246,36,'taxes','a:1:{s:5:\"total\";a:0:{}}'),(247,36,'Items','Test &times; 1'),(248,37,'discount_amount','0'),(249,37,'discount_amount_tax','0'),(250,37,'coupon_data','a:25:{s:2:\"id\";i:1064;s:4:\"code\";s:13:\"hoifreeship24\";s:6:\"amount\";s:1:\"0\";s:6:\"status\";s:7:\"publish\";s:12:\"date_created\";O:11:\"WC_DateTime\":4:{s:13:\"\0*\0utc_offset\";i:28800;s:4:\"date\";s:26:\"2024-02-19 06:30:58.000000\";s:13:\"timezone_type\";i:1;s:8:\"timezone\";s:6:\"+00:00\";}s:13:\"date_modified\";O:11:\"WC_DateTime\":4:{s:13:\"\0*\0utc_offset\";i:28800;s:4:\"date\";s:26:\"2024-02-19 06:30:58.000000\";s:13:\"timezone_type\";i:1;s:8:\"timezone\";s:6:\"+00:00\";}s:12:\"date_expires\";N;s:13:\"discount_type\";s:10:\"fixed_cart\";s:11:\"description\";s:13:\"Free Shipping\";s:11:\"usage_count\";i:0;s:14:\"individual_use\";b:0;s:11:\"product_ids\";a:0:{}s:20:\"excluded_product_ids\";a:0:{}s:11:\"usage_limit\";i:0;s:20:\"usage_limit_per_user\";i:0;s:22:\"limit_usage_to_x_items\";N;s:13:\"free_shipping\";b:1;s:18:\"product_categories\";a:0:{}s:27:\"excluded_product_categories\";a:0:{}s:18:\"exclude_sale_items\";b:0;s:14:\"minimum_amount\";s:0:\"\";s:14:\"maximum_amount\";s:0:\"\";s:18:\"email_restrictions\";a:0:{}s:7:\"virtual\";b:0;s:9:\"meta_data\";a:0:{}}'),(251,38,'_product_id','1060'),(252,38,'_variation_id','0'),(253,38,'_qty','1'),(254,38,'_tax_class',''),(255,38,'_line_subtotal','2'),(256,38,'_line_subtotal_tax','0'),(257,38,'_line_total','2'),(258,38,'_line_tax','0'),(259,38,'_line_tax_data','a:2:{s:5:\"total\";a:0:{}s:8:\"subtotal\";a:0:{}}'),(260,38,'_ywpar_total_points','2'),(261,39,'method_id','betrs_shipping'),(262,39,'instance_id','7'),(263,39,'cost','5.12'),(264,39,'total_tax','0'),(265,39,'taxes','a:1:{s:5:\"total\";a:0:{}}'),(266,39,'Items','Test &times; 1'),(267,40,'discount_amount','0'),(268,40,'discount_amount_tax','0'),(269,40,'coupon_data','a:25:{s:2:\"id\";i:1064;s:4:\"code\";s:13:\"hoifreeship24\";s:6:\"amount\";s:1:\"0\";s:6:\"status\";s:7:\"publish\";s:12:\"date_created\";O:11:\"WC_DateTime\":4:{s:13:\"\0*\0utc_offset\";i:28800;s:4:\"date\";s:26:\"2024-02-19 06:30:58.000000\";s:13:\"timezone_type\";i:1;s:8:\"timezone\";s:6:\"+00:00\";}s:13:\"date_modified\";O:11:\"WC_DateTime\":4:{s:13:\"\0*\0utc_offset\";i:28800;s:4:\"date\";s:26:\"2024-02-19 06:30:58.000000\";s:13:\"timezone_type\";i:1;s:8:\"timezone\";s:6:\"+00:00\";}s:12:\"date_expires\";N;s:13:\"discount_type\";s:10:\"fixed_cart\";s:11:\"description\";s:13:\"Free Shipping\";s:11:\"usage_count\";i:0;s:14:\"individual_use\";b:0;s:11:\"product_ids\";a:0:{}s:20:\"excluded_product_ids\";a:0:{}s:11:\"usage_limit\";i:0;s:20:\"usage_limit_per_user\";i:0;s:22:\"limit_usage_to_x_items\";N;s:13:\"free_shipping\";b:1;s:18:\"product_categories\";a:0:{}s:27:\"excluded_product_categories\";a:0:{}s:18:\"exclude_sale_items\";b:0;s:14:\"minimum_amount\";s:0:\"\";s:14:\"maximum_amount\";s:0:\"\";s:18:\"email_restrictions\";a:0:{}s:7:\"virtual\";b:0;s:9:\"meta_data\";a:0:{}}'),(307,46,'coupon_data','a:25:{s:2:\"id\";i:1064;s:4:\"code\";s:13:\"hoifreeship24\";s:6:\"amount\";s:1:\"0\";s:6:\"status\";s:7:\"publish\";s:12:\"date_created\";O:11:\"WC_DateTime\":4:{s:13:\"\0*\0utc_offset\";i:28800;s:4:\"date\";s:26:\"2024-02-19 06:30:58.000000\";s:13:\"timezone_type\";i:1;s:8:\"timezone\";s:6:\"+00:00\";}s:13:\"date_modified\";O:11:\"WC_DateTime\":4:{s:13:\"\0*\0utc_offset\";i:28800;s:4:\"date\";s:26:\"2024-02-19 06:30:58.000000\";s:13:\"timezone_type\";i:1;s:8:\"timezone\";s:6:\"+00:00\";}s:12:\"date_expires\";N;s:13:\"discount_type\";s:10:\"fixed_cart\";s:11:\"description\";s:13:\"Free Shipping\";s:11:\"usage_count\";i:0;s:14:\"individual_use\";b:0;s:11:\"product_ids\";a:0:{}s:20:\"excluded_product_ids\";a:0:{}s:11:\"usage_limit\";i:0;s:20:\"usage_limit_per_user\";i:0;s:22:\"limit_usage_to_x_items\";N;s:13:\"free_shipping\";b:1;s:18:\"product_categories\";a:0:{}s:27:\"excluded_product_categories\";a:0:{}s:18:\"exclude_sale_items\";b:0;s:14:\"minimum_amount\";s:0:\"\";s:14:\"maximum_amount\";s:0:\"\";s:18:\"email_restrictions\";a:0:{}s:7:\"virtual\";b:0;s:9:\"meta_data\";a:0:{}}'),(289,44,'_product_id','1060'),(290,44,'_variation_id','0'),(291,44,'_qty','1'),(292,44,'_tax_class',''),(293,44,'_line_subtotal','2'),(294,44,'_line_subtotal_tax','0'),(295,44,'_line_total','2'),(296,44,'_line_tax','0'),(297,44,'_line_tax_data','a:2:{s:5:\"total\";a:0:{}s:8:\"subtotal\";a:0:{}}'),(298,44,'_ywpar_total_points','2'),(299,45,'method_id','free_shipping'),(300,45,'instance_id','9'),(301,45,'cost','0.00'),(302,45,'total_tax','0'),(303,45,'taxes','a:1:{s:5:\"total\";a:0:{}}'),(304,45,'Items','Test &times; 1'),(305,46,'discount_amount','0'),(306,46,'discount_amount_tax','0'),(308,47,'_product_id','1060'),(309,47,'_variation_id','0'),(310,47,'_qty','1'),(311,47,'_tax_class',''),(312,47,'_line_subtotal','2'),(313,47,'_line_subtotal_tax','0'),(314,47,'_line_total','2'),(315,47,'_line_tax','0'),(316,47,'_line_tax_data','a:2:{s:5:\"total\";a:0:{}s:8:\"subtotal\";a:0:{}}'),(317,47,'_ywpar_total_points','2'),(318,48,'method_id','betrs_shipping'),(319,48,'instance_id','7'),(320,48,'cost','5.15'),(321,48,'total_tax','0'),(322,48,'taxes','a:1:{s:5:\"total\";a:0:{}}'),(323,48,'Items','Test &times; 1'),(324,49,'_product_id','1060'),(325,49,'_variation_id','0'),(326,49,'_qty','1'),(327,49,'_tax_class',''),(328,49,'_line_subtotal','2'),(329,49,'_line_subtotal_tax','0'),(330,49,'_line_total','2'),(331,49,'_line_tax','0'),(332,49,'_line_tax_data','a:2:{s:5:\"total\";a:0:{}s:8:\"subtotal\";a:0:{}}'),(333,49,'_ywpar_total_points','2'),(334,50,'method_id','betrs_shipping'),(335,50,'instance_id','7'),(336,50,'cost','5.15'),(337,50,'total_tax','0'),(338,50,'taxes','a:1:{s:5:\"total\";a:0:{}}'),(339,50,'Items','Test &times; 1'),(340,51,'_product_id','1060'),(341,51,'_variation_id','0'),(342,51,'_qty','1'),(343,51,'_tax_class',''),(344,51,'_line_subtotal','2'),(345,51,'_line_subtotal_tax','0'),(346,51,'_line_total','2'),(347,51,'_line_tax','0'),(348,51,'_line_tax_data','a:2:{s:5:\"total\";a:0:{}s:8:\"subtotal\";a:0:{}}'),(349,51,'_ywpar_total_points','2'),(350,52,'method_id','betrs_shipping'),(351,52,'instance_id','7'),(352,52,'cost','5.15'),(353,52,'total_tax','0'),(354,52,'taxes','a:1:{s:5:\"total\";a:0:{}}'),(355,52,'Items','Test &times; 1'),(356,53,'_product_id','1060'),(357,53,'_variation_id','0'),(358,53,'_qty','1'),(359,53,'_tax_class',''),(360,53,'_line_subtotal','2'),(361,53,'_line_subtotal_tax','0'),(362,53,'_line_total','2'),(363,53,'_line_tax','0'),(364,53,'_line_tax_data','a:2:{s:5:\"total\";a:0:{}s:8:\"subtotal\";a:0:{}}'),(365,53,'_ywpar_total_points','2'),(366,54,'method_id','betrs_shipping'),(367,54,'instance_id','7'),(368,54,'cost','5.15'),(369,54,'total_tax','0'),(370,54,'taxes','a:1:{s:5:\"total\";a:0:{}}'),(371,54,'Items','Test &times; 1'),(372,55,'_product_id','1060'),(373,55,'_variation_id','0'),(374,55,'_qty','1'),(375,55,'_tax_class',''),(376,55,'_line_subtotal','2'),(377,55,'_line_subtotal_tax','0'),(378,55,'_line_total','2'),(379,55,'_line_tax','0'),(380,55,'_line_tax_data','a:2:{s:5:\"total\";a:0:{}s:8:\"subtotal\";a:0:{}}'),(381,55,'_ywpar_total_points','1'),(382,56,'method_id','betrs_shipping'),(383,56,'instance_id','7'),(384,56,'cost','5.15'),(385,56,'total_tax','0'),(386,56,'taxes','a:1:{s:5:\"total\";a:0:{}}'),(387,56,'Items','Test &times; 1'),(388,57,'_product_id','1060'),(389,57,'_variation_id','0'),(390,57,'_qty','1'),(391,57,'_tax_class',''),(392,57,'_line_subtotal','2'),(393,57,'_line_subtotal_tax','0'),(394,57,'_line_total','2'),(395,57,'_line_tax','0'),(396,57,'_line_tax_data','a:2:{s:5:\"total\";a:0:{}s:8:\"subtotal\";a:0:{}}'),(397,57,'_ywpar_total_points','2'),(398,58,'method_id','jnt'),(399,58,'instance_id','0'),(400,58,'cost','0.00'),(401,58,'total_tax','0'),(402,58,'taxes','a:1:{s:5:\"total\";a:0:{}}'),(403,59,'_product_id','1060'),(404,59,'_variation_id','0'),(405,59,'_qty','1'),(406,59,'_tax_class',''),(407,59,'_line_subtotal','2'),(408,59,'_line_subtotal_tax','0'),(409,59,'_line_total','2'),(410,59,'_line_tax','0'),(411,59,'_line_tax_data','a:2:{s:5:\"total\";a:0:{}s:8:\"subtotal\";a:0:{}}'),(412,59,'_ywpar_total_points','2'),(413,60,'method_id','jnt'),(414,60,'instance_id','0'),(415,60,'cost','0.00'),(416,60,'total_tax','0'),(417,60,'taxes','a:1:{s:5:\"total\";a:0:{}}'),(418,61,'_product_id','1060'),(419,61,'_variation_id','0'),(420,61,'_qty','1'),(421,61,'_tax_class',''),(422,61,'_line_subtotal','2'),(423,61,'_line_subtotal_tax','0'),(424,61,'_line_total','2'),(425,61,'_line_tax','0'),(426,61,'_line_tax_data','a:2:{s:5:\"total\";a:0:{}s:8:\"subtotal\";a:0:{}}'),(427,61,'_ywpar_total_points','1'),(428,62,'method_id','betrs_shipping'),(429,62,'instance_id','7'),(430,62,'cost','5.15'),(431,62,'total_tax','0'),(432,62,'taxes','a:1:{s:5:\"total\";a:0:{}}'),(433,62,'Items','Test &times; 1'),(434,63,'_product_id','1060'),(435,63,'_variation_id','0'),(436,63,'_qty','1'),(437,63,'_tax_class',''),(438,63,'_line_subtotal','2'),(439,63,'_line_subtotal_tax','0'),(440,63,'_line_total','2'),(441,63,'_line_tax','0'),(442,63,'_line_tax_data','a:2:{s:5:\"total\";a:0:{}s:8:\"subtotal\";a:0:{}}'),(443,63,'_ywpar_total_points','1'),(444,64,'method_id','jnt'),(445,64,'instance_id','0'),(446,64,'cost','0.00'),(447,64,'total_tax','0'),(448,64,'taxes','a:1:{s:5:\"total\";a:0:{}}'),(449,65,'_product_id','1060'),(450,65,'_variation_id','0'),(451,65,'_qty','1'),(452,65,'_tax_class',''),(453,65,'_line_subtotal','2'),(454,65,'_line_subtotal_tax','0'),(455,65,'_line_total','2'),(456,65,'_line_tax','0'),(457,65,'_line_tax_data','a:2:{s:5:\"total\";a:0:{}s:8:\"subtotal\";a:0:{}}'),(458,65,'_ywpar_total_points','1'),(459,66,'method_id','betrs_shipping'),(460,66,'instance_id','7'),(461,66,'cost','5.15'),(462,66,'total_tax','0'),(463,66,'taxes','a:1:{s:5:\"total\";a:0:{}}'),(464,66,'Items','Test &times; 1'),(465,67,'_product_id','1258'),(466,67,'_variation_id','1259'),(467,67,'_qty','1'),(468,67,'_tax_class',''),(469,67,'_line_subtotal','15.29'),(470,67,'_line_subtotal_tax','0'),(471,67,'_line_total','15.29'),(472,67,'_line_tax','0'),(473,67,'_line_tax_data','a:2:{s:5:\"total\";a:0:{}s:8:\"subtotal\";a:0:{}}'),(474,67,'type','Salted'),(475,67,'size','250G'),(476,67,'_ywpar_total_points','15'),(477,68,'_product_id','1873'),(478,68,'_variation_id','1874'),(479,68,'_qty','1'),(480,68,'_tax_class',''),(481,68,'_line_subtotal','10.89'),(482,68,'_line_subtotal_tax','0'),(483,68,'_line_total','10.89'),(484,68,'_line_tax','0'),(485,68,'_line_tax_data','a:2:{s:5:\"total\";a:0:{}s:8:\"subtotal\";a:0:{}}'),(486,68,'size','500G'),(487,68,'_ywpar_total_points','10'),(488,69,'_fee_amount','9'),(489,69,'_tax_class','0'),(490,69,'_tax_status','taxable'),(491,69,'_line_total','9'),(492,69,'_line_tax','0'),(493,69,'_line_tax_data','a:1:{s:5:\"total\";a:0:{}}'),(494,69,'_wc_checkout_add_on_id','c961926'),(495,69,'_wc_checkout_add_on_value','fee'),(496,69,'_wc_checkout_add_on_label','fee'),(497,70,'method_id','betrs_shipping'),(498,70,'instance_id','2'),(499,70,'cost','20.00'),(500,70,'total_tax','0'),(501,70,'taxes','a:1:{s:5:\"total\";a:0:{}}'),(502,70,'Items','Lurpak Butter 250G - Salted, 250G &times; 1, Buckwheat Flour - 500G &times; 1'),(582,79,'taxes','a:1:{s:5:\"total\";a:0:{}}'),(581,79,'total_tax','0'),(580,79,'cost','20.00'),(579,79,'instance_id','2'),(578,79,'method_id','betrs_shipping'),(577,78,'_wc_checkout_add_on_label','fee'),(576,78,'_wc_checkout_add_on_value','fee'),(575,78,'_wc_checkout_add_on_id','c961926'),(574,78,'_line_tax_data','a:1:{s:5:\"total\";a:0:{}}'),(573,78,'_line_tax','0'),(571,78,'_tax_status','taxable'),(572,78,'_line_total','9'),(570,78,'_tax_class','0'),(569,78,'_fee_amount','9'),(568,77,'_ywpar_total_points','15'),(566,77,'type','Salted'),(567,77,'size','250G'),(565,77,'_line_tax_data','a:2:{s:5:\"total\";a:0:{}s:8:\"subtotal\";a:0:{}}'),(563,77,'_line_total','15.29'),(564,77,'_line_tax','0'),(562,77,'_line_subtotal_tax','0'),(561,77,'_line_subtotal','15.29'),(560,77,'_tax_class',''),(559,77,'_qty','1'),(558,77,'_variation_id','1259'),(557,77,'_product_id','1258'),(583,79,'Items','Lurpak Butter 250G - Salted, 250G &times; 1'),(584,77,'_reduced_stock','1'),(585,80,'_product_id','1873'),(586,80,'_variation_id','1875'),(587,80,'_qty','1'),(588,80,'_tax_class',''),(589,80,'_line_subtotal','18.15'),(590,80,'_line_subtotal_tax','0'),(591,80,'_line_total','18.15'),(592,80,'_line_tax','0'),(593,80,'_line_tax_data','a:2:{s:5:\"total\";a:0:{}s:8:\"subtotal\";a:0:{}}'),(594,80,'size','1KG'),(595,80,'_ywpar_total_points','18'),(596,81,'method_id','betrs_shipping'),(597,81,'instance_id','7'),(598,81,'cost','6.36'),(599,81,'total_tax','0'),(600,81,'taxes','a:1:{s:5:\"total\";a:0:{}}'),(601,81,'Items','Buckwheat Flour - 1KG &times; 1'),(602,80,'_reduced_stock','1'),(603,82,'_product_id','1532'),(604,82,'_variation_id','1534'),(605,82,'_qty','1'),(606,82,'_tax_class',''),(607,82,'_line_subtotal','37.29'),(608,82,'_line_subtotal_tax','0'),(609,82,'_line_total','29.21'),(610,82,'_line_tax','0'),(611,82,'_line_tax_data','a:2:{s:5:\"total\";a:0:{}s:8:\"subtotal\";a:0:{}}'),(612,82,'size','1KG'),(613,82,'_ywpar_total_points','28'),(614,83,'method_id','betrs_shipping'),(615,83,'instance_id','7'),(616,83,'cost','6.36'),(617,83,'total_tax','0'),(618,83,'taxes','a:1:{s:5:\"total\";a:0:{}}'),(619,83,'Items','Almond Flakes - 1KG &times; 1'),(620,84,'discount_amount','8.08'),(621,84,'discount_amount_tax','0'),(622,84,'coupon_data','a:25:{s:2:\"id\";i:1936;s:4:\"code\";s:17:\"ywpar_discount_12\";s:6:\"amount\";s:5:\"8.075\";s:6:\"status\";s:7:\"publish\";s:12:\"date_created\";O:11:\"WC_DateTime\":4:{s:13:\"\0*\0utc_offset\";i:28800;s:4:\"date\";s:26:\"2024-04-18 08:39:05.000000\";s:13:\"timezone_type\";i:1;s:8:\"timezone\";s:6:\"+00:00\";}s:13:\"date_modified\";O:11:\"WC_DateTime\":4:{s:13:\"\0*\0utc_offset\";i:28800;s:4:\"date\";s:26:\"2024-04-18 08:39:05.000000\";s:13:\"timezone_type\";i:1;s:8:\"timezone\";s:6:\"+00:00\";}s:12:\"date_expires\";N;s:13:\"discount_type\";s:10:\"fixed_cart\";s:11:\"description\";s:0:\"\";s:11:\"usage_count\";i:0;s:14:\"individual_use\";b:0;s:11:\"product_ids\";a:0:{}s:20:\"excluded_product_ids\";a:0:{}s:11:\"usage_limit\";i:0;s:20:\"usage_limit_per_user\";i:0;s:22:\"limit_usage_to_x_items\";N;s:13:\"free_shipping\";b:0;s:18:\"product_categories\";a:0:{}s:27:\"excluded_product_categories\";a:0:{}s:18:\"exclude_sale_items\";b:0;s:14:\"minimum_amount\";s:0:\"\";s:14:\"maximum_amount\";s:0:\"\";s:18:\"email_restrictions\";a:0:{}s:7:\"virtual\";b:0;s:9:\"meta_data\";a:1:{i:0;O:12:\"WC_Meta_Data\":2:{s:15:\"\0*\0current_data\";a:3:{s:2:\"id\";i:31807;s:3:\"key\";s:12:\"ywpar_coupon\";s:5:\"value\";s:1:\"1\";}s:7:\"\0*\0data\";a:3:{s:2:\"id\";i:31807;s:3:\"key\";s:12:\"ywpar_coupon\";s:5:\"value\";s:1:\"1\";}}}}'),(623,82,'_reduced_stock','1'),(624,85,'_product_id','1228'),(625,85,'_variation_id','0'),(626,85,'_qty','1'),(627,85,'_tax_class',''),(628,85,'_line_subtotal','27.5'),(629,85,'_line_subtotal_tax','0'),(630,85,'_line_total','27.5'),(631,85,'_line_tax','0'),(632,85,'_line_tax_data','a:2:{s:5:\"total\";a:0:{}s:8:\"subtotal\";a:0:{}}'),(633,85,'_ywpar_total_points','27'),(634,86,'_product_id','846'),(635,86,'_variation_id','0'),(636,86,'_qty','1'),(637,86,'_tax_class',''),(638,86,'_line_subtotal','80.08'),(639,86,'_line_subtotal_tax','0'),(640,86,'_line_total','80.08'),(641,86,'_line_tax','0'),(642,86,'_line_tax_data','a:2:{s:5:\"total\";a:0:{}s:8:\"subtotal\";a:0:{}}'),(643,86,'_ywpar_total_points','80'),(644,87,'_product_id','1990'),(645,87,'_variation_id','0'),(646,87,'_qty','1'),(647,87,'_tax_class',''),(648,87,'_line_subtotal','169'),(649,87,'_line_subtotal_tax','0'),(650,87,'_line_total','169'),(651,87,'_line_tax','0'),(652,87,'_line_tax_data','a:2:{s:5:\"total\";a:0:{}s:8:\"subtotal\";a:0:{}}'),(653,87,'_ywpar_total_points','169'),(654,88,'_fee_amount','9'),(655,88,'_tax_class','0'),(656,88,'_tax_status','taxable'),(657,88,'_line_total','9'),(658,88,'_line_tax','0'),(659,88,'_line_tax_data','a:1:{s:5:\"total\";a:0:{}}'),(660,88,'_wc_checkout_add_on_id','c961926'),(661,88,'_wc_checkout_add_on_value','fee'),(662,88,'_wc_checkout_add_on_label','fee'),(663,89,'method_id','betrs_shipping'),(664,89,'instance_id','2'),(665,89,'cost','20.00'),(666,89,'total_tax','0'),(667,89,'taxes','a:1:{s:5:\"total\";a:0:{}}'),(668,89,'Items','Anchor Culinary Cream 1L &times; 1, Anchor Shredded Mozzarella Cheese 2KG &times; 1, Braun Multimix Hand Mixer HM1010BK &times; 1'),(669,90,'_product_id','1228'),(670,90,'_variation_id','0'),(671,90,'_qty','1'),(672,90,'_tax_class',''),(673,90,'_line_subtotal','27.5'),(674,90,'_line_subtotal_tax','0'),(675,90,'_line_total','27.5'),(676,90,'_line_tax','0'),(677,90,'_line_tax_data','a:2:{s:5:\"total\";a:0:{}s:8:\"subtotal\";a:0:{}}'),(678,90,'_ywpar_total_points','27'),(679,91,'_product_id','846'),(680,91,'_variation_id','0'),(681,91,'_qty','1'),(682,91,'_tax_class',''),(683,91,'_line_subtotal','80.08'),(684,91,'_line_subtotal_tax','0'),(685,91,'_line_total','80.08'),(686,91,'_line_tax','0'),(687,91,'_line_tax_data','a:2:{s:5:\"total\";a:0:{}s:8:\"subtotal\";a:0:{}}'),(688,91,'_ywpar_total_points','80'),(689,92,'_product_id','1990'),(690,92,'_variation_id','0'),(691,92,'_qty','1'),(692,92,'_tax_class',''),(693,92,'_line_subtotal','169'),(694,92,'_line_subtotal_tax','0'),(695,92,'_line_total','169'),(696,92,'_line_tax','0'),(697,92,'_line_tax_data','a:2:{s:5:\"total\";a:0:{}s:8:\"subtotal\";a:0:{}}'),(698,92,'_ywpar_total_points','169'),(699,93,'_fee_amount','9'),(700,93,'_tax_class','0'),(701,93,'_tax_status','taxable'),(702,93,'_line_total','9'),(703,93,'_line_tax','0'),(704,93,'_line_tax_data','a:1:{s:5:\"total\";a:0:{}}'),(705,93,'_wc_checkout_add_on_id','c961926'),(706,93,'_wc_checkout_add_on_value','fee'),(707,93,'_wc_checkout_add_on_label','fee'),(708,94,'method_id','betrs_shipping'),(709,94,'instance_id','2'),(710,94,'cost','20.00'),(711,94,'total_tax','0'),(712,94,'taxes','a:1:{s:5:\"total\";a:0:{}}'),(713,94,'Items','Anchor Culinary Cream 1L &times; 1, Anchor Shredded Mozzarella Cheese 2KG &times; 1, Braun Multimix Hand Mixer HM1010BK &times; 1'),(714,90,'_reduced_stock','1'),(715,91,'_reduced_stock','1'),(716,92,'_reduced_stock','1'),(717,95,'_product_id','0'),(718,95,'_variation_id','0'),(719,95,'_qty','1'),(720,95,'_tax_class',''),(721,95,'_line_subtotal','0'),(722,95,'_line_subtotal_tax','0'),(723,95,'_line_total','0'),(724,95,'_line_tax','0'),(725,95,'_line_tax_data','a:2:{s:5:\"total\";a:0:{}s:8:\"subtotal\";a:0:{}}'),(2767,327,'total_tax','0'),(2766,327,'cost','6.36'),(2765,327,'instance_id','7'),(2764,327,'method_id','betrs_shipping'),(2763,326,'_ywpar_total_points','8'),(2762,326,'size','500G'),(2761,326,'_line_tax_data','a:2:{s:5:\"total\";a:0:{}s:8:\"subtotal\";a:0:{}}'),(2760,326,'_line_tax','0'),(2759,326,'_line_total','8.03'),(2758,326,'_line_subtotal_tax','0'),(2757,326,'_line_subtotal','8.03'),(2755,326,'_qty','1'),(2756,326,'_tax_class',''),(2753,326,'_product_id','935'),(2754,326,'_variation_id','939'),(2785,329,'total_tax','0'),(2784,329,'cost','6.36'),(2783,329,'instance_id','7'),(2782,329,'method_id','betrs_shipping'),(2781,328,'_ywpar_total_points','8'),(2780,328,'size','500G'),(2779,328,'_line_tax_data','a:2:{s:5:\"total\";a:0:{}s:8:\"subtotal\";a:0:{}}'),(2778,328,'_line_tax','0'),(2777,328,'_line_total','8.03'),(2776,328,'_line_subtotal_tax','0'),(2775,328,'_line_subtotal','8.03'),(2774,328,'_tax_class',''),(2773,328,'_qty','1'),(2772,328,'_variation_id','939'),(2771,328,'_product_id','935'),(2770,326,'_reduced_stock','1'),(2769,327,'Items','Calcium Propionate - 500G &times; 1'),(2768,327,'taxes','a:1:{s:5:\"total\";a:0:{}}'),(2804,331,'taxes','a:1:{s:5:\"total\";a:0:{}}'),(2803,331,'total_tax','0'),(2802,331,'cost','6.36'),(2801,331,'instance_id','7'),(2800,331,'method_id','betrs_shipping'),(2799,330,'_ywpar_total_points','8'),(2798,330,'size','500G'),(2797,330,'_line_tax_data','a:2:{s:5:\"total\";a:0:{}s:8:\"subtotal\";a:0:{}}'),(2796,330,'_line_tax','0'),(2795,330,'_line_total','8.03'),(2794,330,'_line_subtotal_tax','0'),(2793,330,'_line_subtotal','8.03'),(2792,330,'_tax_class',''),(2791,330,'_qty','1'),(2790,330,'_variation_id','939'),(2789,330,'_product_id','935'),(2788,328,'_reduced_stock','1'),(2787,329,'Items','Calcium Propionate - 500G &times; 1'),(2786,329,'taxes','a:1:{s:5:\"total\";a:0:{}}'),(2823,333,'Items','Calcium Propionate - 500G &times; 1'),(2822,333,'taxes','a:1:{s:5:\"total\";a:0:{}}'),(2821,333,'total_tax','0'),(2820,333,'cost','6.36'),(2819,333,'instance_id','7'),(2818,333,'method_id','betrs_shipping'),(2817,332,'_ywpar_total_points','8'),(2816,332,'size','500G'),(2815,332,'_line_tax_data','a:2:{s:5:\"total\";a:0:{}s:8:\"subtotal\";a:0:{}}'),(2814,332,'_line_tax','0'),(2813,332,'_line_total','8.03'),(2812,332,'_line_subtotal_tax','0'),(2811,332,'_line_subtotal','8.03'),(2810,332,'_tax_class',''),(2809,332,'_qty','1'),(2808,332,'_variation_id','939'),(2807,332,'_product_id','935'),(2806,330,'_reduced_stock','1'),(2805,331,'Items','Calcium Propionate - 500G &times; 1'),(2843,336,'_product_id','1334'),(2842,334,'_reduced_stock','1'),(2841,335,'Items','Calcium Propionate - 1KG &times; 1'),(2839,335,'total_tax','0'),(2840,335,'taxes','a:1:{s:5:\"total\";a:0:{}}'),(2838,335,'cost','6.36'),(2837,335,'instance_id','7'),(2836,335,'method_id','betrs_shipping'),(2835,334,'_ywpar_total_points','13'),(2834,334,'size','1KG'),(2833,334,'_line_tax_data','a:2:{s:5:\"total\";a:0:{}s:8:\"subtotal\";a:0:{}}'),(2832,334,'_line_tax','0'),(2831,334,'_line_total','13.53'),(2830,334,'_line_subtotal_tax','0'),(2829,334,'_line_subtotal','13.53'),(2828,334,'_tax_class',''),(2827,334,'_qty','1'),(2826,334,'_variation_id','940'),(2824,332,'_reduced_stock','1'),(2825,334,'_product_id','935'),(2860,338,'_product_id','1430'),(2859,336,'_reduced_stock','1'),(2858,337,'Items','Castor Sugar 1KG &times; 1'),(2856,337,'total_tax','0'),(2857,337,'taxes','a:1:{s:5:\"total\";a:0:{}}'),(2855,337,'cost','6.36'),(2854,337,'instance_id','7'),(2853,337,'method_id','betrs_shipping'),(2852,336,'_ywpar_total_points','6'),(2851,336,'_line_tax_data','a:2:{s:5:\"total\";a:0:{}s:8:\"subtotal\";a:0:{}}'),(2850,336,'_line_tax','0'),(2849,336,'_line_total','6.05'),(2848,336,'_line_subtotal_tax','0'),(2847,336,'_line_subtotal','6.05'),(2846,336,'_tax_class',''),(2845,336,'_qty','1'),(2844,336,'_variation_id','0'),(2878,340,'_variation_id','1384'),(2877,340,'_product_id','1383'),(2876,338,'_reduced_stock','1'),(2875,339,'Items','Vanilla Flan 1KG &times; 1'),(2873,339,'total_tax','0'),(2874,339,'taxes','a:1:{s:5:\"total\";a:0:{}}'),(2872,339,'cost','6.36'),(2871,339,'instance_id','7'),(2870,339,'method_id','betrs_shipping'),(2869,338,'_ywpar_total_points','33'),(2868,338,'_line_tax_data','a:2:{s:5:\"total\";a:0:{}s:8:\"subtotal\";a:0:{}}'),(2867,338,'_line_tax','0'),(2866,338,'_line_total','33.99'),(2865,338,'_line_subtotal_tax','0'),(2864,338,'_line_subtotal','33.99'),(2863,338,'_tax_class',''),(2862,338,'_qty','1'),(2861,338,'_variation_id','0'),(2909,343,'taxes','a:1:{s:5:\"total\";a:0:{}}'),(2908,343,'total_tax','0'),(2907,343,'cost','6.36'),(2906,343,'instance_id','7'),(2905,343,'method_id','betrs_shipping'),(2904,342,'_ywpar_total_points','5'),(2903,342,'_line_tax_data','a:2:{s:5:\"total\";a:0:{}s:8:\"subtotal\";a:0:{}}'),(2902,342,'_line_tax','0'),(2901,342,'_line_total','5.39'),(2900,342,'_line_subtotal_tax','0'),(2899,342,'_line_subtotal','5.39'),(2898,342,'_tax_class',''),(2896,342,'_variation_id','0'),(2897,342,'_qty','1'),(2895,342,'_product_id','1399'),(2894,340,'_reduced_stock','1'),(2893,341,'Items','Sugar Grain - 250G &times; 1'),(2892,341,'taxes','a:1:{s:5:\"total\";a:0:{}}'),(2891,341,'total_tax','0'),(2890,341,'cost','6.36'),(2889,341,'instance_id','7'),(2888,341,'method_id','betrs_shipping'),(2887,340,'_ywpar_total_points','7'),(2886,340,'size','250G'),(2885,340,'_line_tax_data','a:2:{s:5:\"total\";a:0:{}s:8:\"subtotal\";a:0:{}}'),(2884,340,'_line_tax','0'),(2883,340,'_line_total','7.77'),(2882,340,'_line_subtotal_tax','0'),(2879,340,'_qty','1'),(2880,340,'_tax_class',''),(2881,340,'_line_subtotal','7.77'),(2927,345,'Items','Superfine Flour 1KG &times; 1'),(2926,345,'taxes','a:1:{s:5:\"total\";a:0:{}}'),(2925,345,'total_tax','0'),(2923,345,'instance_id','7'),(2924,345,'cost','6.36'),(2922,345,'method_id','betrs_shipping'),(2921,344,'_ywpar_total_points','5'),(2920,344,'_line_tax_data','a:2:{s:5:\"total\";a:0:{}s:8:\"subtotal\";a:0:{}}'),(2919,344,'_line_tax','0'),(2918,344,'_line_total','5.39'),(2917,344,'_line_subtotal_tax','0'),(2916,344,'_line_subtotal','5.39'),(2915,344,'_tax_class',''),(2914,344,'_qty','1'),(2913,344,'_variation_id','0'),(2912,344,'_product_id','1399'),(2911,342,'_reduced_stock','1'),(2910,343,'Items','Superfine Flour 1KG &times; 1'),(2947,348,'_variation_id','26'),(2946,348,'_product_id','23'),(2945,346,'_reduced_stock','1'),(2944,347,'Items','Superfine Flour 1KG &times; 1'),(2943,347,'taxes','a:1:{s:5:\"total\";a:0:{}}'),(2942,347,'total_tax','0'),(2941,347,'cost','6.36'),(2940,347,'instance_id','7'),(2939,347,'method_id','betrs_shipping'),(2938,346,'_ywpar_total_points','5'),(2937,346,'_line_tax_data','a:2:{s:5:\"total\";a:0:{}s:8:\"subtotal\";a:0:{}}'),(2936,346,'_line_tax','0'),(2935,346,'_line_total','5.39'),(2934,346,'_line_subtotal_tax','0'),(2933,346,'_line_subtotal','5.39'),(2932,346,'_tax_class',''),(2931,346,'_qty','1'),(2930,346,'_variation_id','0'),(2928,344,'_reduced_stock','1'),(2929,346,'_product_id','1399'),(2963,348,'_reduced_stock','1'),(2962,349,'Items','Almond Flakes with Skin - 500G &times; 1'),(2961,349,'taxes','a:1:{s:5:\"total\";a:0:{}}'),(2960,349,'total_tax','0'),(2959,349,'cost','6.36'),(2958,349,'instance_id','7'),(2957,349,'method_id','betrs_shipping'),(2956,348,'_ywpar_total_points','19'),(2955,348,'pa_size','500g'),(2954,348,'_line_tax_data','a:2:{s:5:\"total\";a:0:{}s:8:\"subtotal\";a:0:{}}'),(2953,348,'_line_tax','0'),(2952,348,'_line_total','19.69'),(2951,348,'_line_subtotal_tax','0'),(2948,348,'_qty','1'),(2949,348,'_tax_class',''),(2950,348,'_line_subtotal','19.69'),(1077,135,'_product_id','844'),(1078,135,'_variation_id','0'),(1079,135,'_qty','1'),(1080,135,'_tax_class',''),(1081,135,'_line_subtotal','33.88'),(1082,135,'_line_subtotal_tax','0'),(1083,135,'_line_total','33.88'),(1084,135,'_line_tax','0'),(1085,135,'_line_tax_data','a:2:{s:5:\"total\";a:0:{}s:8:\"subtotal\";a:0:{}}'),(1086,135,'_ywpar_total_points','33'),(1087,136,'_fee_amount','9'),(1088,136,'_tax_class','0'),(1089,136,'_tax_status','taxable'),(1090,136,'_line_total','9'),(1091,136,'_line_tax','0'),(1092,136,'_line_tax_data','a:1:{s:5:\"total\";a:0:{}}'),(1093,136,'_wc_checkout_add_on_id','c961926'),(1094,136,'_wc_checkout_add_on_value','fee'),(1095,136,'_wc_checkout_add_on_label','fee'),(1096,137,'method_id','betrs_shipping'),(1097,137,'instance_id','2'),(1098,137,'cost','20.00'),(1099,137,'total_tax','0'),(1100,137,'taxes','a:1:{s:5:\"total\";a:0:{}}'),(1101,137,'Items','Anchor Cream Cheese 1KG &times; 1'),(1102,135,'_reduced_stock','1'),(1103,138,'_product_id','844'),(1104,138,'_variation_id','0'),(1105,138,'_qty','1'),(1106,138,'_tax_class',''),(1107,138,'_line_subtotal','33.88'),(1108,138,'_line_subtotal_tax','0'),(1109,138,'_line_total','33.88'),(1110,138,'_line_tax','0'),(1111,138,'_line_tax_data','a:2:{s:5:\"total\";a:0:{}s:8:\"subtotal\";a:0:{}}'),(1112,138,'_ywpar_total_points','33'),(1113,139,'_fee_amount','9'),(1114,139,'_tax_class','0'),(1115,139,'_tax_status','taxable'),(1116,139,'_line_total','9'),(1117,139,'_line_tax','0'),(1118,139,'_line_tax_data','a:1:{s:5:\"total\";a:0:{}}'),(1119,139,'_wc_checkout_add_on_id','c961926'),(1120,139,'_wc_checkout_add_on_value','fee'),(1121,139,'_wc_checkout_add_on_label','fee'),(1122,140,'method_id','betrs_shipping'),(1123,140,'instance_id','2'),(1124,140,'cost','20.00'),(1125,140,'total_tax','0'),(1126,140,'taxes','a:1:{s:5:\"total\";a:0:{}}'),(1127,140,'Items','Anchor Cream Cheese 1KG &times; 1'),(1128,138,'_reduced_stock','1'),(1129,141,'_product_id','1344'),(1130,141,'_variation_id','1346'),(1131,141,'_qty','1'),(1132,141,'_tax_class',''),(1133,141,'_line_subtotal','0.99'),(1134,141,'_line_subtotal_tax','0'),(1135,141,'_line_total','0.99'),(1136,141,'_line_tax','0'),(1137,141,'_line_tax_data','a:2:{s:5:\"total\";a:0:{}s:8:\"subtotal\";a:0:{}}'),(1138,141,'type','11G'),(1139,141,'_ywpar_total_points','0'),(1140,142,'method_id','betrs_shipping'),(1141,142,'instance_id','7'),(1142,142,'cost','6.36'),(1143,142,'total_tax','0'),(1144,142,'taxes','a:1:{s:5:\"total\";a:0:{}}'),(1145,142,'Items','SAF - Instant Yeast - 11G &times; 1'),(1146,141,'_reduced_stock','1'),(1147,143,'_product_id','1342'),(1148,143,'_variation_id','0'),(1149,143,'_qty','1'),(1150,143,'_tax_class',''),(1151,143,'_line_subtotal','1.43'),(1152,143,'_line_subtotal_tax','0'),(1153,143,'_line_total','1.43'),(1154,143,'_line_tax','0'),(1155,143,'_line_tax_data','a:2:{s:5:\"total\";a:0:{}s:8:\"subtotal\";a:0:{}}'),(1156,143,'_ywpar_total_points','1'),(1157,144,'method_id','betrs_shipping'),(1158,144,'instance_id','7'),(1159,144,'cost','6.36'),(1160,144,'total_tax','0'),(1161,144,'taxes','a:1:{s:5:\"total\";a:0:{}}'),(1162,144,'Items','Salt 500G (Australia) &times; 1'),(1163,143,'_reduced_stock','1'),(1164,145,'_product_id','1344'),(1165,145,'_variation_id','1347'),(1166,145,'_qty','1'),(1167,145,'_tax_class',''),(1168,145,'_line_subtotal','13.97'),(1169,145,'_line_subtotal_tax','0'),(1170,145,'_line_total','13.97'),(1171,145,'_line_tax','0'),(1172,145,'_line_tax_data','a:2:{s:5:\"total\";a:0:{}s:8:\"subtotal\";a:0:{}}'),(1173,145,'type','500G'),(1174,145,'_ywpar_total_points','13'),(1175,146,'method_id','betrs_shipping'),(1176,146,'instance_id','7'),(1177,146,'cost','6.36'),(1178,146,'total_tax','0'),(1179,146,'taxes','a:1:{s:5:\"total\";a:0:{}}'),(1180,146,'Items','SAF - Instant Yeast - 500G &times; 1'),(1181,145,'_reduced_stock','1'),(1301,160,'_line_tax_data','a:2:{s:5:\"total\";a:0:{}s:8:\"subtotal\";a:0:{}}'),(1300,160,'_line_tax','0'),(1299,160,'_line_total','13.97'),(1298,160,'_line_subtotal_tax','0'),(1297,160,'_line_subtotal','13.97'),(1296,160,'_tax_class',''),(1295,160,'_qty','1'),(1294,160,'_variation_id','0'),(1293,160,'_product_id','1344'),(1192,148,'_product_id','1344'),(1193,148,'_variation_id','1348'),(1194,148,'_qty','1'),(1195,148,'_tax_class',''),(1196,148,'_line_subtotal','15.29'),(1197,148,'_line_subtotal_tax','0'),(1198,148,'_line_total','15.29'),(1199,148,'_line_tax','0'),(1200,148,'_line_tax_data','a:2:{s:5:\"total\";a:0:{}s:8:\"subtotal\";a:0:{}}'),(1201,148,'type','Red Label 500G'),(1202,148,'_ywpar_total_points','15'),(1203,149,'method_id','betrs_shipping'),(1204,149,'instance_id','7'),(1205,149,'cost','6.36'),(1206,149,'total_tax','0'),(1207,149,'taxes','a:1:{s:5:\"total\";a:0:{}}'),(1208,149,'Items','SAF - Instant Yeast - Red Label 500G &times; 1'),(1210,150,'_product_id','1344'),(1211,150,'_variation_id','0'),(1212,150,'_qty','1'),(1213,150,'_tax_class',''),(1214,150,'_line_subtotal','13.97'),(1215,150,'_line_subtotal_tax','0'),(1216,150,'_line_total','13.97'),(1217,150,'_line_tax','0'),(1218,150,'_line_tax_data','a:2:{s:5:\"total\";a:0:{}s:8:\"subtotal\";a:0:{}}'),(1219,151,'method_id','flat_rate'),(1220,151,'instance_id','1'),(1221,151,'cost','6.36'),(1222,151,'total_tax','0'),(1223,151,'taxes','a:1:{s:5:\"total\";a:0:{}}'),(1224,152,'_product_id','1344'),(1225,152,'_variation_id','1346'),(1226,152,'_qty','1'),(1227,152,'_tax_class',''),(1228,152,'_line_subtotal','0.99'),(1229,152,'_line_subtotal_tax','0'),(1230,152,'_line_total','0.99'),(1231,152,'_line_tax','0'),(1232,152,'_line_tax_data','a:2:{s:5:\"total\";a:0:{}s:8:\"subtotal\";a:0:{}}'),(1233,152,'type','11G'),(1234,152,'_ywpar_total_points','0'),(1235,153,'method_id','betrs_shipping'),(1236,153,'instance_id','7'),(1237,153,'cost','6.36'),(1238,153,'total_tax','0'),(1239,153,'taxes','a:1:{s:5:\"total\";a:0:{}}'),(1240,153,'Items','SAF - Instant Yeast - 11G &times; 1'),(1242,152,'_reduced_stock','1'),(1243,154,'_product_id','2125'),(1244,154,'_variation_id','0'),(1245,154,'_qty','1'),(1246,154,'_tax_class',''),(1247,154,'_line_subtotal','10'),(1248,154,'_line_subtotal_tax','0'),(1249,154,'_line_total','10'),(1250,154,'_line_tax','0'),(1251,154,'_line_tax_data','a:2:{s:5:\"total\";a:0:{}s:8:\"subtotal\";a:0:{}}'),(1252,154,'_ywpar_total_points','10'),(1253,155,'method_id','betrs_shipping'),(1254,155,'instance_id','7'),(1255,155,'cost','5.30'),(1256,155,'total_tax','0'),(1257,155,'taxes','a:1:{s:5:\"total\";a:0:{}}'),(1258,155,'Items','Test Product &times; 1'),(1259,156,'_product_id','2125'),(1260,156,'_variation_id','0'),(1261,156,'_qty','1'),(1262,156,'_tax_class',''),(1263,156,'_line_subtotal','10'),(1264,156,'_line_subtotal_tax','0'),(1265,156,'_line_total','10'),(1266,156,'_line_tax','0'),(1267,156,'_line_tax_data','a:2:{s:5:\"total\";a:0:{}s:8:\"subtotal\";a:0:{}}'),(1268,156,'_ywpar_total_points','10'),(1269,157,'method_id','betrs_shipping'),(1270,157,'instance_id','7'),(1271,157,'cost','5.30'),(1272,157,'total_tax','0'),(1273,157,'taxes','a:1:{s:5:\"total\";a:0:{}}'),(1274,157,'Items','Test Product &times; 1'),(1275,158,'_product_id','1532'),(1276,158,'_variation_id','1533'),(1277,158,'_qty','1'),(1278,158,'_tax_class',''),(1279,158,'_line_subtotal','20.35'),(1280,158,'_line_subtotal_tax','0'),(1281,158,'_line_total','20.35'),(1282,158,'_line_tax','0'),(1283,158,'_line_tax_data','a:2:{s:5:\"total\";a:0:{}s:8:\"subtotal\";a:0:{}}'),(1284,158,'size','500G'),(1285,158,'_ywpar_total_points','20'),(1286,159,'method_id','betrs_shipping'),(1287,159,'instance_id','7'),(1288,159,'cost','6.36'),(1289,159,'total_tax','0'),(1290,159,'taxes','a:1:{s:5:\"total\";a:0:{}}'),(1291,159,'Items','Almond Flakes - 500G &times; 1'),(1292,158,'_reduced_stock','1'),(1302,161,'method_id','flat_rate'),(1303,161,'instance_id','1'),(1304,161,'cost','6.36'),(1305,161,'total_tax','0'),(1306,161,'taxes','a:1:{s:5:\"total\";a:0:{}}'),(1307,162,'_product_id','846'),(1308,162,'_variation_id','0'),(1309,162,'_qty','1'),(1310,162,'_tax_class',''),(1311,162,'_line_subtotal','80.08'),(1312,162,'_line_subtotal_tax','0'),(1313,162,'_line_total','80.08'),(1314,162,'_line_tax','0'),(1315,162,'_line_tax_data','a:2:{s:5:\"total\";a:0:{}s:8:\"subtotal\";a:0:{}}'),(1316,162,'_ywpar_total_points','80'),(1317,163,'_fee_amount','9'),(1318,163,'_tax_class','0'),(1319,163,'_tax_status','taxable'),(1320,163,'_line_total','9'),(1321,163,'_line_tax','0'),(1322,163,'_line_tax_data','a:1:{s:5:\"total\";a:0:{}}'),(1323,163,'_wc_checkout_add_on_id','c961926'),(1324,163,'_wc_checkout_add_on_value','fee'),(1325,163,'_wc_checkout_add_on_label','fee'),(1326,164,'method_id','betrs_shipping'),(1327,164,'instance_id','2'),(1328,164,'cost','20.00'),(1329,164,'total_tax','0'),(1330,164,'taxes','a:1:{s:5:\"total\";a:0:{}}'),(1331,164,'Items','Anchor Shredded Mozzarella Cheese 2KG &times; 1'),(1332,162,'_reduced_stock','1'),(1333,165,'_product_id','1532'),(1334,165,'_variation_id','1533'),(1335,165,'_qty','1'),(1336,165,'_tax_class',''),(1337,165,'_line_subtotal','20.35'),(1338,165,'_line_subtotal_tax','0'),(1339,165,'_line_total','20.35'),(1340,165,'_line_tax','0'),(1341,165,'_line_tax_data','a:2:{s:5:\"total\";a:0:{}s:8:\"subtotal\";a:0:{}}'),(1342,165,'size','500G'),(1343,165,'_ywpar_total_points','20'),(1344,166,'method_id','betrs_shipping'),(1345,166,'instance_id','7'),(1346,166,'cost','6.36'),(1347,166,'total_tax','0'),(1348,166,'taxes','a:1:{s:5:\"total\";a:0:{}}'),(1349,166,'Items','Almond Flakes - 500G &times; 1'),(1350,165,'_reduced_stock','1'),(1351,167,'_product_id','1532'),(1352,167,'_variation_id','1533'),(1353,167,'_qty','1'),(1354,167,'_tax_class',''),(1355,167,'_line_subtotal','20.35'),(1356,167,'_line_subtotal_tax','0'),(1357,167,'_line_total','20.35'),(1358,167,'_line_tax','0'),(1359,167,'_line_tax_data','a:2:{s:5:\"total\";a:0:{}s:8:\"subtotal\";a:0:{}}'),(1360,167,'size','500G'),(1361,167,'_ywpar_total_points','20'),(1362,168,'method_id','betrs_shipping'),(1363,168,'instance_id','7'),(1364,168,'cost','6.36'),(1365,168,'total_tax','0'),(1366,168,'taxes','a:1:{s:5:\"total\";a:0:{}}'),(1367,168,'Items','Almond Flakes - 500G &times; 1'),(1368,167,'_reduced_stock','1'),(1369,169,'_product_id','1532'),(1370,169,'_variation_id','1534'),(1371,169,'_qty','1'),(1372,169,'_tax_class',''),(1373,169,'_line_subtotal','37.29'),(1374,169,'_line_subtotal_tax','0'),(1375,169,'_line_total','37.29'),(1376,169,'_line_tax','0'),(1377,169,'_line_tax_data','a:2:{s:5:\"total\";a:0:{}s:8:\"subtotal\";a:0:{}}'),(1378,169,'size','1KG'),(1379,169,'_ywpar_total_points','37'),(1380,170,'method_id','betrs_shipping'),(1381,170,'instance_id','7'),(1382,170,'cost','6.36'),(1383,170,'total_tax','0'),(1384,170,'taxes','a:1:{s:5:\"total\";a:0:{}}'),(1385,170,'Items','Almond Flakes - 1KG &times; 1'),(1386,169,'_reduced_stock','1'),(1387,171,'_product_id','1532'),(1388,171,'_variation_id','1533'),(1389,171,'_qty','1'),(1390,171,'_tax_class',''),(1391,171,'_line_subtotal','20.35'),(1392,171,'_line_subtotal_tax','0'),(1393,171,'_line_total','20.35'),(1394,171,'_line_tax','0'),(1395,171,'_line_tax_data','a:2:{s:5:\"total\";a:0:{}s:8:\"subtotal\";a:0:{}}'),(1396,171,'size','500G'),(1397,171,'_ywpar_total_points','20'),(1398,172,'method_id','betrs_shipping'),(1399,172,'instance_id','7'),(1400,172,'cost','6.36'),(1401,172,'total_tax','0'),(1402,172,'taxes','a:1:{s:5:\"total\";a:0:{}}'),(1403,172,'Items','Almond Flakes - 500G &times; 1'),(1404,171,'_reduced_stock','1'),(1405,173,'_product_id','1228'),(1406,173,'_variation_id','0'),(1407,173,'_qty','1'),(1408,173,'_tax_class',''),(1409,173,'_line_subtotal','27.5'),(1410,173,'_line_subtotal_tax','0'),(1411,173,'_line_total','27.5'),(1412,173,'_line_tax','0'),(1413,173,'_line_tax_data','a:2:{s:5:\"total\";a:0:{}s:8:\"subtotal\";a:0:{}}'),(1414,173,'_ywpar_total_points','27'),(1415,174,'_fee_amount','9'),(1416,174,'_tax_class','0'),(1417,174,'_tax_status','taxable'),(1418,174,'_line_total','9'),(1419,174,'_line_tax','0'),(1420,174,'_line_tax_data','a:1:{s:5:\"total\";a:0:{}}'),(1421,174,'_wc_checkout_add_on_id','c961926'),(1422,174,'_wc_checkout_add_on_value','fee'),(1423,174,'_wc_checkout_add_on_label','fee'),(1424,175,'method_id','betrs_shipping'),(1425,175,'instance_id','7'),(1426,175,'cost','6.36'),(1427,175,'total_tax','0'),(1428,175,'taxes','a:1:{s:5:\"total\";a:0:{}}'),(1429,175,'Items','Anchor Culinary Cream 1L &times; 1'),(1430,173,'_reduced_stock','1'),(1431,176,'_product_id','1532'),(1432,176,'_variation_id','1534'),(1433,176,'_qty','1'),(1434,176,'_tax_class',''),(1435,176,'_line_subtotal','37.29'),(1436,176,'_line_subtotal_tax','0'),(1437,176,'_line_total','37.29'),(1438,176,'_line_tax','0'),(1439,176,'_line_tax_data','a:2:{s:5:\"total\";a:0:{}s:8:\"subtotal\";a:0:{}}'),(1440,176,'size','1KG'),(1441,176,'_ywpar_total_points','37'),(1442,177,'method_id','betrs_shipping'),(1443,177,'instance_id','7'),(1444,177,'cost','6.36'),(1445,177,'total_tax','0'),(1446,177,'taxes','a:1:{s:5:\"total\";a:0:{}}'),(1447,177,'Items','Almond Flakes - 1KG &times; 1'),(1448,176,'_reduced_stock','1'),(1449,178,'_product_id','1228'),(1450,178,'_variation_id','0'),(1451,178,'_qty','1'),(1452,178,'_tax_class',''),(1453,178,'_line_subtotal','27.5'),(1454,178,'_line_subtotal_tax','0'),(1455,178,'_line_total','27.5'),(1456,178,'_line_tax','0'),(1457,178,'_line_tax_data','a:2:{s:5:\"total\";a:0:{}s:8:\"subtotal\";a:0:{}}'),(1458,178,'_ywpar_total_points','27'),(1459,179,'_fee_amount','9'),(1460,179,'_tax_class','0'),(1461,179,'_tax_status','taxable'),(1462,179,'_line_total','9'),(1463,179,'_line_tax','0'),(1464,179,'_line_tax_data','a:1:{s:5:\"total\";a:0:{}}'),(1465,179,'_wc_checkout_add_on_id','c961926'),(1466,179,'_wc_checkout_add_on_value','fee'),(1467,179,'_wc_checkout_add_on_label','fee'),(1468,180,'method_id','betrs_shipping'),(1469,180,'instance_id','7'),(1470,180,'cost','6.36'),(1471,180,'total_tax','0'),(1472,180,'taxes','a:1:{s:5:\"total\";a:0:{}}'),(1473,180,'Items','Anchor Culinary Cream 1L &times; 1'),(1474,178,'_reduced_stock','1'),(1475,181,'_product_id','1532'),(1476,181,'_variation_id','1534'),(1477,181,'_qty','1'),(1478,181,'_tax_class',''),(1479,181,'_line_subtotal','37.29'),(1480,181,'_line_subtotal_tax','0'),(1481,181,'_line_total','37.29'),(1482,181,'_line_tax','0'),(1483,181,'_line_tax_data','a:2:{s:5:\"total\";a:0:{}s:8:\"subtotal\";a:0:{}}'),(1484,181,'size','1KG'),(1485,181,'_ywpar_total_points','37'),(1486,182,'method_id','betrs_shipping'),(1487,182,'instance_id','7'),(1488,182,'cost','6.36'),(1489,182,'total_tax','0'),(1490,182,'taxes','a:1:{s:5:\"total\";a:0:{}}'),(1491,182,'Items','Almond Flakes - 1KG &times; 1'),(1492,181,'_reduced_stock','1'),(1493,183,'_product_id','1532'),(1494,183,'_variation_id','1533'),(1495,183,'_qty','1'),(1496,183,'_tax_class',''),(1497,183,'_line_subtotal','20.35'),(1498,183,'_line_subtotal_tax','0'),(1499,183,'_line_total','20.35'),(1500,183,'_line_tax','0'),(1501,183,'_line_tax_data','a:2:{s:5:\"total\";a:0:{}s:8:\"subtotal\";a:0:{}}'),(1502,183,'size','500G'),(1503,183,'_ywpar_total_points','20'),(1504,184,'method_id','betrs_shipping'),(1505,184,'instance_id','7'),(1506,184,'cost','6.36'),(1507,184,'total_tax','0'),(1508,184,'taxes','a:1:{s:5:\"total\";a:0:{}}'),(1509,184,'Items','Almond Flakes - 500G &times; 1'),(1510,183,'_reduced_stock','1'),(1511,185,'_product_id','1532'),(1512,185,'_variation_id','1533'),(1513,185,'_qty','1'),(1514,185,'_tax_class',''),(1515,185,'_line_subtotal','20.35'),(1516,185,'_line_subtotal_tax','0'),(1517,185,'_line_total','20.35'),(1518,185,'_line_tax','0'),(1519,185,'_line_tax_data','a:2:{s:5:\"total\";a:0:{}s:8:\"subtotal\";a:0:{}}'),(1520,185,'size','500G'),(1521,185,'_ywpar_total_points','20'),(1522,186,'method_id','betrs_shipping'),(1523,186,'instance_id','7'),(1524,186,'cost','6.36'),(1525,186,'total_tax','0'),(1526,186,'taxes','a:1:{s:5:\"total\";a:0:{}}'),(1527,186,'Items','Almond Flakes - 500G &times; 1'),(1528,185,'_reduced_stock','1'),(1529,187,'_product_id','1532'),(1530,187,'_variation_id','1533'),(1531,187,'_qty','1'),(1532,187,'_tax_class',''),(1533,187,'_line_subtotal','20.35'),(1534,187,'_line_subtotal_tax','0'),(1535,187,'_line_total','20.35'),(1536,187,'_line_tax','0'),(1537,187,'_line_tax_data','a:2:{s:5:\"total\";a:0:{}s:8:\"subtotal\";a:0:{}}'),(1538,187,'size','500G'),(1539,187,'_ywpar_total_points','20'),(1540,188,'method_id','betrs_shipping'),(1541,188,'instance_id','7'),(1542,188,'cost','6.36'),(1543,188,'total_tax','0'),(1544,188,'taxes','a:1:{s:5:\"total\";a:0:{}}'),(1545,188,'Items','Almond Flakes - 500G &times; 1'),(1546,187,'_reduced_stock','1'),(1547,189,'_product_id','1532'),(1548,189,'_variation_id','1533'),(1549,189,'_qty','1'),(1550,189,'_tax_class',''),(1551,189,'_line_subtotal','20.35'),(1552,189,'_line_subtotal_tax','0'),(1553,189,'_line_total','20.35'),(1554,189,'_line_tax','0'),(1555,189,'_line_tax_data','a:2:{s:5:\"total\";a:0:{}s:8:\"subtotal\";a:0:{}}'),(1556,189,'size','500G'),(1557,189,'_ywpar_total_points','20'),(1558,190,'method_id','betrs_shipping'),(1559,190,'instance_id','7'),(1560,190,'cost','6.36'),(1561,190,'total_tax','0'),(1562,190,'taxes','a:1:{s:5:\"total\";a:0:{}}'),(1563,190,'Items','Almond Flakes - 500G &times; 1'),(1564,189,'_reduced_stock','1'),(1565,191,'_product_id','1532'),(1566,191,'_variation_id','1534'),(1567,191,'_qty','1'),(1568,191,'_tax_class',''),(1569,191,'_line_subtotal','37.29'),(1570,191,'_line_subtotal_tax','0'),(1571,191,'_line_total','37.29'),(1572,191,'_line_tax','0'),(1573,191,'_line_tax_data','a:2:{s:5:\"total\";a:0:{}s:8:\"subtotal\";a:0:{}}'),(1574,191,'size','1KG'),(1575,191,'_ywpar_total_points','37'),(1576,192,'method_id','betrs_shipping'),(1577,192,'instance_id','7'),(1578,192,'cost','6.36'),(1579,192,'total_tax','0'),(1580,192,'taxes','a:1:{s:5:\"total\";a:0:{}}'),(1581,192,'Items','Almond Flakes - 1KG &times; 1'),(1582,191,'_reduced_stock','1'),(1583,193,'_product_id','1532'),(1584,193,'_variation_id','1534'),(1585,193,'_qty','1'),(1586,193,'_tax_class',''),(1587,193,'_line_subtotal','37.29'),(1588,193,'_line_subtotal_tax','0'),(1589,193,'_line_total','37.29'),(1590,193,'_line_tax','0'),(1591,193,'_line_tax_data','a:2:{s:5:\"total\";a:0:{}s:8:\"subtotal\";a:0:{}}'),(1592,193,'size','1KG'),(1593,193,'_ywpar_total_points','37'),(1594,194,'method_id','betrs_shipping'),(1595,194,'instance_id','7'),(1596,194,'cost','6.36'),(1597,194,'total_tax','0'),(1598,194,'taxes','a:1:{s:5:\"total\";a:0:{}}'),(1599,194,'Items','Almond Flakes - 1KG &times; 1'),(1600,193,'_reduced_stock','1'),(1601,195,'_product_id','1532'),(1602,195,'_variation_id','1533'),(1603,195,'_qty','1'),(1604,195,'_tax_class',''),(1605,195,'_line_subtotal','20.35'),(1606,195,'_line_subtotal_tax','0'),(1607,195,'_line_total','20.35'),(1608,195,'_line_tax','0'),(1609,195,'_line_tax_data','a:2:{s:5:\"total\";a:0:{}s:8:\"subtotal\";a:0:{}}'),(1610,195,'size','500G'),(1611,195,'_ywpar_total_points','20'),(1612,196,'method_id','betrs_shipping'),(1613,196,'instance_id','7'),(1614,196,'cost','6.36'),(1615,196,'total_tax','0'),(1616,196,'taxes','a:1:{s:5:\"total\";a:0:{}}'),(1617,196,'Items','Almond Flakes - 500G &times; 1'),(1618,195,'_reduced_stock','1'),(1619,197,'_product_id','867'),(1620,197,'_variation_id','0'),(1621,197,'_qty','1'),(1622,197,'_tax_class',''),(1623,197,'_line_subtotal','20.79'),(1624,197,'_line_subtotal_tax','0'),(1625,197,'_line_total','20.79'),(1626,197,'_line_tax','0'),(1627,197,'_line_tax_data','a:2:{s:5:\"total\";a:0:{}s:8:\"subtotal\";a:0:{}}'),(1628,197,'_ywpar_total_points','20'),(1629,198,'_fee_amount','9'),(1630,198,'_tax_class','0'),(1631,198,'_tax_status','taxable'),(1632,198,'_line_total','9'),(1633,198,'_line_tax','0'),(1634,198,'_line_tax_data','a:1:{s:5:\"total\";a:0:{}}'),(1635,198,'_wc_checkout_add_on_id','c961926'),(1636,198,'_wc_checkout_add_on_value','fee'),(1637,198,'_wc_checkout_add_on_label','fee'),(1638,199,'method_id','betrs_shipping'),(1639,199,'instance_id','2'),(1640,199,'cost','20.00'),(1641,199,'total_tax','0'),(1642,199,'taxes','a:1:{s:5:\"total\";a:0:{}}'),(1643,199,'Items','Avonmore Professional Whipping Cream 1L &times; 1'),(1644,197,'_reduced_stock','1'),(1645,200,'_product_id','1532'),(1646,200,'_variation_id','1534'),(1647,200,'_qty','1'),(1648,200,'_tax_class',''),(1649,200,'_line_subtotal','37.29'),(1650,200,'_line_subtotal_tax','0'),(1651,200,'_line_total','37.29'),(1652,200,'_line_tax','0'),(1653,200,'_line_tax_data','a:2:{s:5:\"total\";a:0:{}s:8:\"subtotal\";a:0:{}}'),(1654,200,'size','1KG'),(1655,200,'_ywpar_total_points','37'),(1656,201,'method_id','betrs_shipping'),(1657,201,'instance_id','7'),(1658,201,'cost','6.36'),(1659,201,'total_tax','0'),(1660,201,'taxes','a:1:{s:5:\"total\";a:0:{}}'),(1661,201,'Items','Almond Flakes - 1KG &times; 1'),(1662,200,'_reduced_stock','1'),(1663,202,'_product_id','1532'),(1664,202,'_variation_id','1534'),(1665,202,'_qty','1'),(1666,202,'_tax_class',''),(1667,202,'_line_subtotal','37.29'),(1668,202,'_line_subtotal_tax','0'),(1669,202,'_line_total','37.29'),(1670,202,'_line_tax','0'),(1671,202,'_line_tax_data','a:2:{s:5:\"total\";a:0:{}s:8:\"subtotal\";a:0:{}}'),(1672,202,'size','1KG'),(1673,202,'_ywpar_total_points','37'),(1674,203,'method_id','betrs_shipping'),(1675,203,'instance_id','7'),(1676,203,'cost','6.36'),(1677,203,'total_tax','0'),(1678,203,'taxes','a:1:{s:5:\"total\";a:0:{}}'),(1679,203,'Items','Almond Flakes - 1KG &times; 1'),(1681,202,'_reduced_stock','1'),(1682,204,'_product_id','1532'),(1683,204,'_variation_id','1533'),(1684,204,'_qty','1'),(1685,204,'_tax_class',''),(1686,204,'_line_subtotal','20.35'),(1687,204,'_line_subtotal_tax','0'),(1688,204,'_line_total','20.35'),(1689,204,'_line_tax','0'),(1690,204,'_line_tax_data','a:2:{s:5:\"total\";a:0:{}s:8:\"subtotal\";a:0:{}}'),(1691,204,'size','500G'),(1692,204,'_ywpar_total_points','20'),(1693,205,'method_id','betrs_shipping'),(1694,205,'instance_id','7'),(1695,205,'cost','6.36'),(1696,205,'total_tax','0'),(1697,205,'taxes','a:1:{s:5:\"total\";a:0:{}}'),(1698,205,'Items','Almond Flakes - 500G &times; 1'),(1699,204,'_reduced_stock','1'),(1700,206,'_product_id','1984'),(1701,206,'_variation_id','0'),(1702,206,'_qty','1'),(1703,206,'_tax_class',''),(1704,206,'_line_subtotal','26.29'),(1705,206,'_line_subtotal_tax','0'),(1706,206,'_line_total','26.29'),(1707,206,'_line_tax','0'),(1708,206,'_line_tax_data','a:2:{s:5:\"total\";a:0:{}s:8:\"subtotal\";a:0:{}}'),(1709,206,'_ywpar_total_points','26'),(1710,207,'method_id','betrs_shipping'),(1711,207,'instance_id','7'),(1712,207,'cost','6.36'),(1713,207,'total_tax','0'),(1714,207,'taxes','a:1:{s:5:\"total\";a:0:{}}'),(1715,207,'Items','Cadbury Dairy Milk Neap 405G &times; 1'),(1716,206,'_reduced_stock','1'),(1717,208,'_product_id','1228'),(1718,208,'_variation_id','0'),(1719,208,'_qty','1'),(1720,208,'_tax_class',''),(1721,208,'_line_subtotal','27.5'),(1722,208,'_line_subtotal_tax','0'),(1723,208,'_line_total','27.5'),(1724,208,'_line_tax','0'),(1725,208,'_line_tax_data','a:2:{s:5:\"total\";a:0:{}s:8:\"subtotal\";a:0:{}}'),(1726,208,'_ywpar_total_points','27'),(1727,209,'_fee_amount','9'),(1728,209,'_tax_class','0'),(1729,209,'_tax_status','taxable'),(1730,209,'_line_total','9'),(1731,209,'_line_tax','0'),(1732,209,'_line_tax_data','a:1:{s:5:\"total\";a:0:{}}'),(1733,209,'_wc_checkout_add_on_id','c961926'),(1734,209,'_wc_checkout_add_on_value','fee'),(1735,209,'_wc_checkout_add_on_label','fee'),(1736,210,'method_id','betrs_shipping'),(1737,210,'instance_id','7'),(1738,210,'cost','6.36'),(1739,210,'total_tax','0'),(1740,210,'taxes','a:1:{s:5:\"total\";a:0:{}}'),(1741,210,'Items','Anchor Culinary Cream 1L &times; 1'),(1742,208,'_reduced_stock','1'),(1743,211,'_product_id','1532'),(1744,211,'_variation_id','1534'),(1745,211,'_qty','1'),(1746,211,'_tax_class',''),(1747,211,'_line_subtotal','37.29'),(1748,211,'_line_subtotal_tax','0'),(1749,211,'_line_total','37.29'),(1750,211,'_line_tax','0'),(1751,211,'_line_tax_data','a:2:{s:5:\"total\";a:0:{}s:8:\"subtotal\";a:0:{}}'),(1752,211,'size','1KG'),(1753,211,'_ywpar_total_points','37'),(1754,212,'method_id','betrs_shipping'),(1755,212,'instance_id','7'),(1756,212,'cost','6.36'),(1757,212,'total_tax','0'),(1758,212,'taxes','a:1:{s:5:\"total\";a:0:{}}'),(1759,212,'Items','Almond Flakes - 1KG &times; 1'),(1760,211,'_reduced_stock','1'),(1761,213,'_product_id','1532'),(1762,213,'_variation_id','1534'),(1763,213,'_qty','1'),(1764,213,'_tax_class',''),(1765,213,'_line_subtotal','37.29'),(1766,213,'_line_subtotal_tax','0'),(1767,213,'_line_total','37.29'),(1768,213,'_line_tax','0'),(1769,213,'_line_tax_data','a:2:{s:5:\"total\";a:0:{}s:8:\"subtotal\";a:0:{}}'),(1770,213,'size','1KG'),(1771,213,'_ywpar_total_points','37'),(1772,214,'method_id','betrs_shipping'),(1773,214,'instance_id','7'),(1774,214,'cost','6.36'),(1775,214,'total_tax','0'),(1776,214,'taxes','a:1:{s:5:\"total\";a:0:{}}'),(1777,214,'Items','Almond Flakes - 1KG &times; 1'),(1778,213,'_reduced_stock','1'),(1779,215,'_product_id','844'),(1780,215,'_variation_id','0'),(1781,215,'_qty','1'),(1782,215,'_tax_class',''),(1783,215,'_line_subtotal','33.88'),(1784,215,'_line_subtotal_tax','0'),(1785,215,'_line_total','33.88'),(1786,215,'_line_tax','0'),(1787,215,'_line_tax_data','a:2:{s:5:\"total\";a:0:{}s:8:\"subtotal\";a:0:{}}'),(1788,215,'_ywpar_total_points','33'),(1789,216,'_fee_amount','9'),(1790,216,'_tax_class','0'),(1791,216,'_tax_status','taxable'),(1792,216,'_line_total','9'),(1793,216,'_line_tax','0'),(1794,216,'_line_tax_data','a:1:{s:5:\"total\";a:0:{}}'),(1795,216,'_wc_checkout_add_on_id','c961926'),(1796,216,'_wc_checkout_add_on_value','fee'),(1797,216,'_wc_checkout_add_on_label','fee'),(1798,217,'method_id','betrs_shipping'),(1799,217,'instance_id','2'),(1800,217,'cost','20.00'),(1801,217,'total_tax','0'),(1802,217,'taxes','a:1:{s:5:\"total\";a:0:{}}'),(1803,217,'Items','Anchor Cream Cheese 1KG &times; 1'),(1804,215,'_reduced_stock','1'),(1805,218,'_product_id','844'),(1806,218,'_variation_id','0'),(1807,218,'_qty','1'),(1808,218,'_tax_class',''),(1809,218,'_line_subtotal','33.88'),(1810,218,'_line_subtotal_tax','0'),(1811,218,'_line_total','33.88'),(1812,218,'_line_tax','0'),(1813,218,'_line_tax_data','a:2:{s:5:\"total\";a:0:{}s:8:\"subtotal\";a:0:{}}'),(1814,218,'_ywpar_total_points','33'),(1815,219,'_fee_amount','9'),(1816,219,'_tax_class','0'),(1817,219,'_tax_status','taxable'),(1818,219,'_line_total','9'),(1819,219,'_line_tax','0'),(1820,219,'_line_tax_data','a:1:{s:5:\"total\";a:0:{}}'),(1821,219,'_wc_checkout_add_on_id','c961926'),(1822,219,'_wc_checkout_add_on_value','fee'),(1823,219,'_wc_checkout_add_on_label','fee'),(1824,220,'method_id','betrs_shipping'),(1825,220,'instance_id','2'),(1826,220,'cost','20.00'),(1827,220,'total_tax','0'),(1828,220,'taxes','a:1:{s:5:\"total\";a:0:{}}'),(1829,220,'Items','Anchor Cream Cheese 1KG &times; 1'),(1830,218,'_reduced_stock','1'),(1831,221,'_product_id','844'),(1832,221,'_variation_id','0'),(1833,221,'_qty','1'),(1834,221,'_tax_class',''),(1835,221,'_line_subtotal','33.88'),(1836,221,'_line_subtotal_tax','0'),(1837,221,'_line_total','33.88'),(1838,221,'_line_tax','0'),(1839,221,'_line_tax_data','a:2:{s:5:\"total\";a:0:{}s:8:\"subtotal\";a:0:{}}'),(1840,221,'_ywpar_total_points','33'),(1841,222,'_fee_amount','9'),(1842,222,'_tax_class','0'),(1843,222,'_tax_status','taxable'),(1844,222,'_line_total','9'),(1845,222,'_line_tax','0'),(1846,222,'_line_tax_data','a:1:{s:5:\"total\";a:0:{}}'),(1847,222,'_wc_checkout_add_on_id','c961926'),(1848,222,'_wc_checkout_add_on_value','fee'),(1849,222,'_wc_checkout_add_on_label','fee'),(1850,223,'method_id','betrs_shipping'),(1851,223,'instance_id','2'),(1852,223,'cost','20.00'),(1853,223,'total_tax','0'),(1854,223,'taxes','a:1:{s:5:\"total\";a:0:{}}'),(1855,223,'Items','Anchor Cream Cheese 1KG &times; 1'),(1856,221,'_reduced_stock','1'),(1857,224,'_product_id','867'),(1858,224,'_variation_id','0'),(1859,224,'_qty','1'),(1860,224,'_tax_class',''),(1861,224,'_line_subtotal','20.79'),(1862,224,'_line_subtotal_tax','0'),(1863,224,'_line_total','20.79'),(1864,224,'_line_tax','0'),(1865,224,'_line_tax_data','a:2:{s:5:\"total\";a:0:{}s:8:\"subtotal\";a:0:{}}'),(1866,224,'_ywpar_total_points','20'),(1867,225,'_fee_amount','9'),(1868,225,'_tax_class','0'),(1869,225,'_tax_status','taxable'),(1870,225,'_line_total','9'),(1871,225,'_line_tax','0'),(1872,225,'_line_tax_data','a:1:{s:5:\"total\";a:0:{}}'),(1873,225,'_wc_checkout_add_on_id','c961926'),(1874,225,'_wc_checkout_add_on_value','fee'),(1875,225,'_wc_checkout_add_on_label','fee'),(1876,226,'method_id','betrs_shipping'),(1877,226,'instance_id','2'),(1878,226,'cost','20.00'),(1879,226,'total_tax','0'),(1880,226,'taxes','a:1:{s:5:\"total\";a:0:{}}'),(1881,226,'Items','Avonmore Professional Whipping Cream 1L &times; 1'),(1882,224,'_reduced_stock','1'),(1883,227,'_product_id','844'),(1884,227,'_variation_id','0'),(1885,227,'_qty','1'),(1886,227,'_tax_class',''),(1887,227,'_line_subtotal','33.88'),(1888,227,'_line_subtotal_tax','0'),(1889,227,'_line_total','33.88'),(1890,227,'_line_tax','0'),(1891,227,'_line_tax_data','a:2:{s:5:\"total\";a:0:{}s:8:\"subtotal\";a:0:{}}'),(1892,227,'_ywpar_total_points','33'),(1893,228,'_fee_amount','9'),(1894,228,'_tax_class','0'),(1895,228,'_tax_status','taxable'),(1896,228,'_line_total','9'),(1897,228,'_line_tax','0'),(1898,228,'_line_tax_data','a:1:{s:5:\"total\";a:0:{}}'),(1899,228,'_wc_checkout_add_on_id','c961926'),(1900,228,'_wc_checkout_add_on_value','fee'),(1901,228,'_wc_checkout_add_on_label','fee'),(1902,229,'method_id','betrs_shipping'),(1903,229,'instance_id','2'),(1904,229,'cost','20.00'),(1905,229,'total_tax','0'),(1906,229,'taxes','a:1:{s:5:\"total\";a:0:{}}'),(1907,229,'Items','Anchor Cream Cheese 1KG &times; 1'),(1908,227,'_reduced_stock','1'),(1909,230,'_product_id','846'),(1910,230,'_variation_id','0'),(1911,230,'_qty','1'),(1912,230,'_tax_class',''),(1913,230,'_line_subtotal','80.08'),(1914,230,'_line_subtotal_tax','0'),(1915,230,'_line_total','80.08'),(1916,230,'_line_tax','0'),(1917,230,'_line_tax_data','a:2:{s:5:\"total\";a:0:{}s:8:\"subtotal\";a:0:{}}'),(1918,230,'_ywpar_total_points','80'),(1919,231,'_fee_amount','9'),(1920,231,'_tax_class','0'),(1921,231,'_tax_status','taxable'),(1922,231,'_line_total','9'),(1923,231,'_line_tax','0'),(1924,231,'_line_tax_data','a:1:{s:5:\"total\";a:0:{}}'),(1925,231,'_wc_checkout_add_on_id','c961926'),(1926,231,'_wc_checkout_add_on_value','fee'),(1927,231,'_wc_checkout_add_on_label','fee'),(1928,232,'method_id','betrs_shipping'),(1929,232,'instance_id','2'),(1930,232,'cost','20.00'),(1931,232,'total_tax','0'),(1932,232,'taxes','a:1:{s:5:\"total\";a:0:{}}'),(1933,232,'Items','Anchor Shredded Mozzarella Cheese 2KG &times; 1'),(1934,230,'_reduced_stock','1'),(1935,233,'_product_id','846'),(1936,233,'_variation_id','0'),(1937,233,'_qty','1'),(1938,233,'_tax_class',''),(1939,233,'_line_subtotal','80.08'),(1940,233,'_line_subtotal_tax','0'),(1941,233,'_line_total','80.08'),(1942,233,'_line_tax','0'),(1943,233,'_line_tax_data','a:2:{s:5:\"total\";a:0:{}s:8:\"subtotal\";a:0:{}}'),(1944,233,'_ywpar_total_points','80'),(1945,234,'_fee_amount','9'),(1946,234,'_tax_class','0'),(1947,234,'_tax_status','taxable'),(1948,234,'_line_total','9'),(1949,234,'_line_tax','0'),(1950,234,'_line_tax_data','a:1:{s:5:\"total\";a:0:{}}'),(1951,234,'_wc_checkout_add_on_id','c961926'),(1952,234,'_wc_checkout_add_on_value','fee'),(1953,234,'_wc_checkout_add_on_label','fee'),(1954,235,'method_id','betrs_shipping'),(1955,235,'instance_id','2'),(1956,235,'cost','20.00'),(1957,235,'total_tax','0'),(1958,235,'taxes','a:1:{s:5:\"total\";a:0:{}}'),(1959,235,'Items','Anchor Shredded Mozzarella Cheese 2KG &times; 1'),(1960,233,'_reduced_stock','1'),(1961,236,'_product_id','846'),(1962,236,'_variation_id','0'),(1963,236,'_qty','1'),(1964,236,'_tax_class',''),(1965,236,'_line_subtotal','80.08'),(1966,236,'_line_subtotal_tax','0'),(1967,236,'_line_total','80.08'),(1968,236,'_line_tax','0'),(1969,236,'_line_tax_data','a:2:{s:5:\"total\";a:0:{}s:8:\"subtotal\";a:0:{}}'),(1970,236,'_ywpar_total_points','80'),(1971,237,'_fee_amount','9'),(1972,237,'_tax_class','0'),(1973,237,'_tax_status','taxable'),(1974,237,'_line_total','9'),(1975,237,'_line_tax','0'),(1976,237,'_line_tax_data','a:1:{s:5:\"total\";a:0:{}}'),(1977,237,'_wc_checkout_add_on_id','c961926'),(1978,237,'_wc_checkout_add_on_value','fee'),(1979,237,'_wc_checkout_add_on_label','fee'),(1980,238,'method_id','betrs_shipping'),(1981,238,'instance_id','2'),(1982,238,'cost','20.00'),(1983,238,'total_tax','0'),(1984,238,'taxes','a:1:{s:5:\"total\";a:0:{}}'),(1985,238,'Items','Anchor Shredded Mozzarella Cheese 2KG &times; 1'),(1986,236,'_reduced_stock','1'),(1987,239,'_product_id','844'),(1988,239,'_variation_id','0'),(1989,239,'_qty','1'),(1990,239,'_tax_class',''),(1991,239,'_line_subtotal','33.88'),(1992,239,'_line_subtotal_tax','0'),(1993,239,'_line_total','33.88'),(1994,239,'_line_tax','0'),(1995,239,'_line_tax_data','a:2:{s:5:\"total\";a:0:{}s:8:\"subtotal\";a:0:{}}'),(1996,239,'_ywpar_total_points','33'),(1997,240,'_fee_amount','9'),(1998,240,'_tax_class','0'),(1999,240,'_tax_status','taxable'),(2000,240,'_line_total','9'),(2001,240,'_line_tax','0'),(2002,240,'_line_tax_data','a:1:{s:5:\"total\";a:0:{}}'),(2003,240,'_wc_checkout_add_on_id','c961926'),(2004,240,'_wc_checkout_add_on_value','fee'),(2005,240,'_wc_checkout_add_on_label','fee'),(2006,241,'method_id','betrs_shipping'),(2007,241,'instance_id','2'),(2008,241,'cost','20.00'),(2009,241,'total_tax','0'),(2010,241,'taxes','a:1:{s:5:\"total\";a:0:{}}'),(2011,241,'Items','Anchor Cream Cheese 1KG &times; 1'),(2012,239,'_reduced_stock','1'),(2013,242,'_product_id','867'),(2014,242,'_variation_id','0'),(2015,242,'_qty','1'),(2016,242,'_tax_class',''),(2017,242,'_line_subtotal','20.79'),(2018,242,'_line_subtotal_tax','0'),(2019,242,'_line_total','20.79'),(2020,242,'_line_tax','0'),(2021,242,'_line_tax_data','a:2:{s:5:\"total\";a:0:{}s:8:\"subtotal\";a:0:{}}'),(2022,242,'_ywpar_total_points','20'),(2023,243,'_fee_amount','9'),(2024,243,'_tax_class','0'),(2025,243,'_tax_status','taxable'),(2026,243,'_line_total','9'),(2027,243,'_line_tax','0'),(2028,243,'_line_tax_data','a:1:{s:5:\"total\";a:0:{}}'),(2029,243,'_wc_checkout_add_on_id','c961926'),(2030,243,'_wc_checkout_add_on_value','fee'),(2031,243,'_wc_checkout_add_on_label','fee'),(2032,244,'method_id','betrs_shipping'),(2033,244,'instance_id','2'),(2034,244,'cost','20.00'),(2035,244,'total_tax','0'),(2036,244,'taxes','a:1:{s:5:\"total\";a:0:{}}'),(2037,244,'Items','Avonmore Professional Whipping Cream 1L &times; 1'),(2038,242,'_reduced_stock','1'),(2039,245,'_product_id','844'),(2040,245,'_variation_id','0'),(2041,245,'_qty','1'),(2042,245,'_tax_class',''),(2043,245,'_line_subtotal','33.88'),(2044,245,'_line_subtotal_tax','0'),(2045,245,'_line_total','33.88'),(2046,245,'_line_tax','0'),(2047,245,'_line_tax_data','a:2:{s:5:\"total\";a:0:{}s:8:\"subtotal\";a:0:{}}'),(2048,245,'_ywpar_total_points','33'),(2049,246,'_fee_amount','9'),(2050,246,'_tax_class','0'),(2051,246,'_tax_status','taxable'),(2052,246,'_line_total','9'),(2053,246,'_line_tax','0'),(2054,246,'_line_tax_data','a:1:{s:5:\"total\";a:0:{}}'),(2055,246,'_wc_checkout_add_on_id','c961926'),(2056,246,'_wc_checkout_add_on_value','fee'),(2057,246,'_wc_checkout_add_on_label','fee'),(2058,247,'method_id','betrs_shipping'),(2059,247,'instance_id','2'),(2060,247,'cost','20.00'),(2061,247,'total_tax','0'),(2062,247,'taxes','a:1:{s:5:\"total\";a:0:{}}'),(2063,247,'Items','Anchor Cream Cheese 1KG &times; 1'),(2064,245,'_reduced_stock','1'),(2065,248,'_product_id','867'),(2066,248,'_variation_id','0'),(2067,248,'_qty','1'),(2068,248,'_tax_class',''),(2069,248,'_line_subtotal','20.79'),(2070,248,'_line_subtotal_tax','0'),(2071,248,'_line_total','20.79'),(2072,248,'_line_tax','0'),(2073,248,'_line_tax_data','a:2:{s:5:\"total\";a:0:{}s:8:\"subtotal\";a:0:{}}'),(2074,248,'_ywpar_total_points','20'),(2075,249,'_fee_amount','9'),(2076,249,'_tax_class','0'),(2077,249,'_tax_status','taxable'),(2078,249,'_line_total','9'),(2079,249,'_line_tax','0'),(2080,249,'_line_tax_data','a:1:{s:5:\"total\";a:0:{}}'),(2081,249,'_wc_checkout_add_on_id','c961926'),(2082,249,'_wc_checkout_add_on_value','fee'),(2083,249,'_wc_checkout_add_on_label','fee'),(2084,250,'method_id','betrs_shipping'),(2085,250,'instance_id','2'),(2086,250,'cost','20.00'),(2087,250,'total_tax','0'),(2088,250,'taxes','a:1:{s:5:\"total\";a:0:{}}'),(2089,250,'Items','Avonmore Professional Whipping Cream 1L &times; 1'),(2090,248,'_reduced_stock','1'),(2091,251,'_product_id','867'),(2092,251,'_variation_id','0'),(2093,251,'_qty','1'),(2094,251,'_tax_class',''),(2095,251,'_line_subtotal','20.79'),(2096,251,'_line_subtotal_tax','0'),(2097,251,'_line_total','20.79'),(2098,251,'_line_tax','0'),(2099,251,'_line_tax_data','a:2:{s:5:\"total\";a:0:{}s:8:\"subtotal\";a:0:{}}'),(2100,251,'_ywpar_total_points','20'),(2101,252,'_fee_amount','9'),(2102,252,'_tax_class','0'),(2103,252,'_tax_status','taxable'),(2104,252,'_line_total','9'),(2105,252,'_line_tax','0'),(2106,252,'_line_tax_data','a:1:{s:5:\"total\";a:0:{}}'),(2107,252,'_wc_checkout_add_on_id','c961926'),(2108,252,'_wc_checkout_add_on_value','fee'),(2109,252,'_wc_checkout_add_on_label','fee'),(2110,253,'method_id','betrs_shipping'),(2111,253,'instance_id','2'),(2112,253,'cost','20.00'),(2113,253,'total_tax','0'),(2114,253,'taxes','a:1:{s:5:\"total\";a:0:{}}'),(2115,253,'Items','Avonmore Professional Whipping Cream 1L &times; 1'),(2116,251,'_reduced_stock','1'),(2117,254,'_product_id','1871'),(2118,254,'_variation_id','0'),(2119,254,'_qty','2'),(2120,254,'_tax_class',''),(2121,254,'_line_subtotal','22.44'),(2122,254,'_line_subtotal_tax','0'),(2123,254,'_line_total','22.44'),(2124,254,'_line_tax','0'),(2125,254,'_line_tax_data','a:2:{s:5:\"total\";a:0:{}s:8:\"subtotal\";a:0:{}}'),(2126,254,'_ywpar_total_points','22'),(2127,255,'method_id','betrs_shipping'),(2128,255,'instance_id','7'),(2129,255,'cost','6.36'),(2130,255,'total_tax','0'),(2131,255,'taxes','a:1:{s:5:\"total\";a:0:{}}'),(2132,255,'Items','Brownie Mix 500G &times; 2'),(2133,254,'_reduced_stock','2'),(2134,256,'_product_id','1871'),(2135,256,'_variation_id','0'),(2136,256,'_qty','3'),(2137,256,'_tax_class',''),(2138,256,'_line_subtotal','33.66'),(2139,256,'_line_subtotal_tax','0'),(2140,256,'_line_total','33.66'),(2141,256,'_line_tax','0'),(2142,256,'_line_tax_data','a:2:{s:5:\"total\";a:0:{}s:8:\"subtotal\";a:0:{}}'),(2143,256,'_ywpar_total_points','33'),(2144,257,'method_id','betrs_shipping'),(2145,257,'instance_id','7'),(2146,257,'cost','7.42'),(2147,257,'total_tax','0'),(2148,257,'taxes','a:1:{s:5:\"total\";a:0:{}}'),(2149,257,'Items','Brownie Mix 500G &times; 3'),(2150,256,'_reduced_stock','3'),(2151,258,'_product_id','1871'),(2152,258,'_variation_id','0'),(2153,258,'_qty','2'),(2154,258,'_tax_class',''),(2155,258,'_line_subtotal','22.44'),(2156,258,'_line_subtotal_tax','0'),(2157,258,'_line_total','22.44'),(2158,258,'_line_tax','0'),(2159,258,'_line_tax_data','a:2:{s:5:\"total\";a:0:{}s:8:\"subtotal\";a:0:{}}'),(2160,258,'_ywpar_total_points','22'),(2161,259,'method_id','betrs_shipping'),(2162,259,'instance_id','7'),(2163,259,'cost','6.36'),(2164,259,'total_tax','0'),(2165,259,'taxes','a:1:{s:5:\"total\";a:0:{}}'),(2166,259,'Items','Brownie Mix 500G &times; 2'),(2167,258,'_reduced_stock','2'),(2168,260,'_product_id','1871'),(2169,260,'_variation_id','0'),(2170,260,'_qty','1'),(2171,260,'_tax_class',''),(2172,260,'_line_subtotal','11.22'),(2173,260,'_line_subtotal_tax','0'),(2174,260,'_line_total','11.22'),(2175,260,'_line_tax','0'),(2176,260,'_line_tax_data','a:2:{s:5:\"total\";a:0:{}s:8:\"subtotal\";a:0:{}}'),(2177,260,'_ywpar_total_points','11'),(2178,261,'method_id','betrs_shipping'),(2179,261,'instance_id','7'),(2180,261,'cost','6.36'),(2181,261,'total_tax','0'),(2182,261,'taxes','a:1:{s:5:\"total\";a:0:{}}'),(2183,261,'Items','Brownie Mix 500G &times; 1'),(2184,260,'_reduced_stock','1'),(2185,262,'_product_id','1871'),(2186,262,'_variation_id','0'),(2187,262,'_qty','1'),(2188,262,'_tax_class',''),(2189,262,'_line_subtotal','11.22'),(2190,262,'_line_subtotal_tax','0'),(2191,262,'_line_total','11.22'),(2192,262,'_line_tax','0'),(2193,262,'_line_tax_data','a:2:{s:5:\"total\";a:0:{}s:8:\"subtotal\";a:0:{}}'),(2194,262,'_ywpar_total_points','11'),(2195,263,'method_id','betrs_shipping'),(2196,263,'instance_id','7'),(2197,263,'cost','6.36'),(2198,263,'total_tax','0'),(2199,263,'taxes','a:1:{s:5:\"total\";a:0:{}}'),(2200,263,'Items','Brownie Mix 500G &times; 1'),(2201,262,'_reduced_stock','1'),(2202,264,'_product_id','1871'),(2203,264,'_variation_id','0'),(2204,264,'_qty','1'),(2205,264,'_tax_class',''),(2206,264,'_line_subtotal','11.22'),(2207,264,'_line_subtotal_tax','0'),(2208,264,'_line_total','11.22'),(2209,264,'_line_tax','0'),(2210,264,'_line_tax_data','a:2:{s:5:\"total\";a:0:{}s:8:\"subtotal\";a:0:{}}'),(2211,264,'_ywpar_total_points','11'),(2212,265,'method_id','betrs_shipping'),(2213,265,'instance_id','7'),(2214,265,'cost','6.36'),(2215,265,'total_tax','0'),(2216,265,'taxes','a:1:{s:5:\"total\";a:0:{}}'),(2217,265,'Items','Brownie Mix 500G &times; 1'),(2218,264,'_reduced_stock','1'),(2219,266,'_product_id','1873'),(2220,266,'_variation_id','1874'),(2221,266,'_qty','1'),(2222,266,'_tax_class',''),(2223,266,'_line_subtotal','10.89'),(2224,266,'_line_subtotal_tax','0'),(2225,266,'_line_total','10.89'),(2226,266,'_line_tax','0'),(2227,266,'_line_tax_data','a:2:{s:5:\"total\";a:0:{}s:8:\"subtotal\";a:0:{}}'),(2228,266,'size','500G'),(2229,266,'_ywpar_total_points','10'),(2230,267,'method_id','betrs_shipping'),(2231,267,'instance_id','7'),(2232,267,'cost','6.36'),(2233,267,'total_tax','0'),(2234,267,'taxes','a:1:{s:5:\"total\";a:0:{}}'),(2235,267,'Items','Buckwheat Flour - 500G &times; 1'),(2236,266,'_reduced_stock','1'),(2237,268,'_product_id','1984'),(2238,268,'_variation_id','0'),(2239,268,'_qty','1'),(2240,268,'_tax_class',''),(2241,268,'_line_subtotal','26.29'),(2242,268,'_line_subtotal_tax','0'),(2243,268,'_line_total','26.29'),(2244,268,'_line_tax','0'),(2245,268,'_line_tax_data','a:2:{s:5:\"total\";a:0:{}s:8:\"subtotal\";a:0:{}}'),(2246,268,'_ywpar_total_points','26'),(2247,269,'method_id','betrs_shipping'),(2248,269,'instance_id','7'),(2249,269,'cost','6.36'),(2250,269,'total_tax','0'),(2251,269,'taxes','a:1:{s:5:\"total\";a:0:{}}'),(2252,269,'Items','Cadbury Dairy Milk Neap 405G &times; 1'),(2253,268,'_reduced_stock','1'),(2254,270,'_product_id','1984'),(2255,270,'_variation_id','0'),(2256,270,'_qty','1'),(2257,270,'_tax_class',''),(2258,270,'_line_subtotal','26.29'),(2259,270,'_line_subtotal_tax','0'),(2260,270,'_line_total','26.29'),(2261,270,'_line_tax','0'),(2262,270,'_line_tax_data','a:2:{s:5:\"total\";a:0:{}s:8:\"subtotal\";a:0:{}}'),(2263,270,'_ywpar_total_points','26'),(2264,271,'method_id','betrs_shipping'),(2265,271,'instance_id','7'),(2266,271,'cost','6.36'),(2267,271,'total_tax','0'),(2268,271,'taxes','a:1:{s:5:\"total\";a:0:{}}'),(2269,271,'Items','Cadbury Dairy Milk Neap 405G &times; 1'),(2270,270,'_reduced_stock','1'),(2271,272,'_product_id','1984'),(2272,272,'_variation_id','0'),(2273,272,'_qty','1'),(2274,272,'_tax_class',''),(2275,272,'_line_subtotal','26.29'),(2276,272,'_line_subtotal_tax','0'),(2277,272,'_line_total','26.29'),(2278,272,'_line_tax','0'),(2279,272,'_line_tax_data','a:2:{s:5:\"total\";a:0:{}s:8:\"subtotal\";a:0:{}}'),(2280,272,'_ywpar_total_points','26'),(2281,273,'method_id','betrs_shipping'),(2282,273,'instance_id','7'),(2283,273,'cost','6.36'),(2284,273,'total_tax','0'),(2285,273,'taxes','a:1:{s:5:\"total\";a:0:{}}'),(2286,273,'Items','Cadbury Dairy Milk Neap 405G &times; 1'),(2287,272,'_reduced_stock','1'),(2288,274,'_product_id','1984'),(2289,274,'_variation_id','0'),(2290,274,'_qty','1'),(2291,274,'_tax_class',''),(2292,274,'_line_subtotal','26.29'),(2293,274,'_line_subtotal_tax','0'),(2294,274,'_line_total','26.29'),(2295,274,'_line_tax','0'),(2296,274,'_line_tax_data','a:2:{s:5:\"total\";a:0:{}s:8:\"subtotal\";a:0:{}}'),(2297,274,'_ywpar_total_points','26'),(2298,275,'method_id','betrs_shipping'),(2299,275,'instance_id','7'),(2300,275,'cost','6.36'),(2301,275,'total_tax','0'),(2302,275,'taxes','a:1:{s:5:\"total\";a:0:{}}'),(2303,275,'Items','Cadbury Dairy Milk Neap 405G &times; 1'),(2304,274,'_reduced_stock','1'),(2305,276,'_product_id','1984'),(2306,276,'_variation_id','0'),(2307,276,'_qty','1'),(2308,276,'_tax_class',''),(2309,276,'_line_subtotal','26.29'),(2310,276,'_line_subtotal_tax','0'),(2311,276,'_line_total','26.29'),(2312,276,'_line_tax','0'),(2313,276,'_line_tax_data','a:2:{s:5:\"total\";a:0:{}s:8:\"subtotal\";a:0:{}}'),(2314,276,'_ywpar_total_points','26'),(2315,277,'method_id','betrs_shipping'),(2316,277,'instance_id','7'),(2317,277,'cost','6.36'),(2318,277,'total_tax','0'),(2319,277,'taxes','a:1:{s:5:\"total\";a:0:{}}'),(2320,277,'Items','Cadbury Dairy Milk Neap 405G &times; 1'),(2321,276,'_reduced_stock','1'),(2322,278,'_product_id','1984'),(2323,278,'_variation_id','0'),(2324,278,'_qty','1'),(2325,278,'_tax_class',''),(2326,278,'_line_subtotal','26.29'),(2327,278,'_line_subtotal_tax','0'),(2328,278,'_line_total','26.29'),(2329,278,'_line_tax','0'),(2330,278,'_line_tax_data','a:2:{s:5:\"total\";a:0:{}s:8:\"subtotal\";a:0:{}}'),(2331,278,'_ywpar_total_points','26'),(2332,279,'method_id','betrs_shipping'),(2333,279,'instance_id','7'),(2334,279,'cost','6.36'),(2335,279,'total_tax','0'),(2336,279,'taxes','a:1:{s:5:\"total\";a:0:{}}'),(2337,279,'Items','Cadbury Dairy Milk Neap 405G &times; 1'),(2338,278,'_reduced_stock','1'),(2339,280,'_product_id','1984'),(2340,280,'_variation_id','0'),(2341,280,'_qty','1'),(2342,280,'_tax_class',''),(2343,280,'_line_subtotal','26.29'),(2344,280,'_line_subtotal_tax','0'),(2345,280,'_line_total','26.29'),(2346,280,'_line_tax','0'),(2347,280,'_line_tax_data','a:2:{s:5:\"total\";a:0:{}s:8:\"subtotal\";a:0:{}}'),(2348,280,'_ywpar_total_points','26'),(2349,281,'method_id','betrs_shipping'),(2350,281,'instance_id','7'),(2351,281,'cost','6.36'),(2352,281,'total_tax','0'),(2353,281,'taxes','a:1:{s:5:\"total\";a:0:{}}'),(2354,281,'Items','Cadbury Dairy Milk Neap 405G &times; 1'),(2355,280,'_reduced_stock','1'),(2356,282,'_product_id','1984'),(2357,282,'_variation_id','0'),(2358,282,'_qty','1'),(2359,282,'_tax_class',''),(2360,282,'_line_subtotal','26.29'),(2361,282,'_line_subtotal_tax','0'),(2362,282,'_line_total','26.29'),(2363,282,'_line_tax','0'),(2364,282,'_line_tax_data','a:2:{s:5:\"total\";a:0:{}s:8:\"subtotal\";a:0:{}}'),(2365,282,'_ywpar_total_points','26'),(2366,283,'method_id','betrs_shipping'),(2367,283,'instance_id','7'),(2368,283,'cost','6.36'),(2369,283,'total_tax','0'),(2370,283,'taxes','a:1:{s:5:\"total\";a:0:{}}'),(2371,283,'Items','Cadbury Dairy Milk Neap 405G &times; 1'),(2372,282,'_reduced_stock','1'),(2373,284,'_product_id','1984'),(2374,284,'_variation_id','0'),(2375,284,'_qty','1'),(2376,284,'_tax_class',''),(2377,284,'_line_subtotal','26.29'),(2378,284,'_line_subtotal_tax','0'),(2379,284,'_line_total','26.29'),(2380,284,'_line_tax','0'),(2381,284,'_line_tax_data','a:2:{s:5:\"total\";a:0:{}s:8:\"subtotal\";a:0:{}}'),(2382,284,'_ywpar_total_points','26'),(2383,285,'method_id','betrs_shipping'),(2384,285,'instance_id','7'),(2385,285,'cost','6.36'),(2386,285,'total_tax','0'),(2387,285,'taxes','a:1:{s:5:\"total\";a:0:{}}'),(2388,285,'Items','Cadbury Dairy Milk Neap 405G &times; 1'),(2389,284,'_reduced_stock','1'),(2390,286,'_product_id','935'),(2391,286,'_variation_id','940'),(2392,286,'_qty','1'),(2393,286,'_tax_class',''),(2394,286,'_line_subtotal','13.53'),(2395,286,'_line_subtotal_tax','0'),(2396,286,'_line_total','13.53'),(2397,286,'_line_tax','0'),(2398,286,'_line_tax_data','a:2:{s:5:\"total\";a:0:{}s:8:\"subtotal\";a:0:{}}'),(2399,286,'size','1KG'),(2400,286,'_ywpar_total_points','13'),(2401,287,'method_id','betrs_shipping'),(2402,287,'instance_id','7'),(2403,287,'cost','6.36'),(2404,287,'total_tax','0'),(2405,287,'taxes','a:1:{s:5:\"total\";a:0:{}}'),(2406,287,'Items','Calcium Propionate - 1KG &times; 1'),(2407,286,'_reduced_stock','1'),(2408,288,'_product_id','1713'),(2409,288,'_variation_id','1716'),(2410,288,'_qty','1'),(2411,288,'_tax_class',''),(2412,288,'_line_subtotal','3.52'),(2413,288,'_line_subtotal_tax','0'),(2414,288,'_line_total','3.52'),(2415,288,'_line_tax','0'),(2416,288,'_line_tax_data','a:2:{s:5:\"total\";a:0:{}s:8:\"subtotal\";a:0:{}}'),(2417,288,'size','1KG'),(2418,288,'type','Tepung Gandum'),(2419,288,'_ywpar_total_points','3'),(2420,289,'method_id','betrs_shipping'),(2421,289,'instance_id','7'),(2422,289,'cost','6.36'),(2423,289,'total_tax','0'),(2424,289,'taxes','a:1:{s:5:\"total\";a:0:{}}'),(2425,289,'Items','Baker\'s Choice Flour - 1KG, Tepung Gandum &times; 1'),(2426,288,'_reduced_stock','1'),(2427,290,'_product_id','1713'),(2428,290,'_variation_id','1716'),(2429,290,'_qty','1'),(2430,290,'_tax_class',''),(2431,290,'_line_subtotal','3.52'),(2432,290,'_line_subtotal_tax','0'),(2433,290,'_line_total','3.52'),(2434,290,'_line_tax','0'),(2435,290,'_line_tax_data','a:2:{s:5:\"total\";a:0:{}s:8:\"subtotal\";a:0:{}}'),(2436,290,'size','1KG'),(2437,290,'type','Tepung Gandum'),(2438,290,'_ywpar_total_points','3'),(2439,291,'method_id','betrs_shipping'),(2440,291,'instance_id','7'),(2441,291,'cost','6.36'),(2442,291,'total_tax','0'),(2443,291,'taxes','a:1:{s:5:\"total\";a:0:{}}'),(2444,291,'Items','Baker\'s Choice Flour - 1KG, Tepung Gandum &times; 1'),(2445,290,'_reduced_stock','1'),(2446,292,'_product_id','1753'),(2447,292,'_variation_id','1755'),(2448,292,'_qty','1'),(2449,292,'_tax_class',''),(2450,292,'_line_subtotal','94.49'),(2451,292,'_line_subtotal_tax','0'),(2452,292,'_line_total','94.49'),(2453,292,'_line_tax','0'),(2454,292,'_line_tax_data','a:2:{s:5:\"total\";a:0:{}s:8:\"subtotal\";a:0:{}}'),(2455,292,'size','1KG'),(2456,292,'_ywpar_total_points','94'),(2457,293,'method_id','betrs_shipping'),(2458,293,'instance_id','7'),(2459,293,'cost','6.36'),(2460,293,'total_tax','0'),(2461,293,'taxes','a:1:{s:5:\"total\";a:0:{}}'),(2462,293,'Items','Blueberries - 1KG &times; 1'),(2463,292,'_reduced_stock','1'),(2464,294,'_product_id','1616'),(2465,294,'_variation_id','1617'),(2466,294,'_qty','1'),(2467,294,'_tax_class',''),(2468,294,'_line_subtotal','2.75'),(2469,294,'_line_subtotal_tax','0'),(2470,294,'_line_total','2.75'),(2471,294,'_line_tax','0'),(2472,294,'_line_tax_data','a:2:{s:5:\"total\";a:0:{}s:8:\"subtotal\";a:0:{}}'),(2473,294,'size','50G'),(2474,294,'_ywpar_total_points','2'),(2475,295,'method_id','betrs_shipping'),(2476,295,'instance_id','7'),(2477,295,'cost','6.36'),(2478,295,'total_tax','0'),(2479,295,'taxes','a:1:{s:5:\"total\";a:0:{}}'),(2480,295,'Items','Baking Powder - 50G &times; 1'),(2481,294,'_reduced_stock','1'),(2482,296,'_product_id','1713'),(2483,296,'_variation_id','1716'),(2484,296,'_qty','1'),(2485,296,'_tax_class',''),(2486,296,'_line_subtotal','3.52'),(2487,296,'_line_subtotal_tax','0'),(2488,296,'_line_total','3.52'),(2489,296,'_line_tax','0'),(2490,296,'_line_tax_data','a:2:{s:5:\"total\";a:0:{}s:8:\"subtotal\";a:0:{}}'),(2491,296,'size','1KG'),(2492,296,'type','Tepung Gandum'),(2493,296,'_ywpar_total_points','3'),(2494,297,'method_id','betrs_shipping'),(2495,297,'instance_id','7'),(2496,297,'cost','6.36'),(2497,297,'total_tax','0'),(2498,297,'taxes','a:1:{s:5:\"total\";a:0:{}}'),(2499,297,'Items','Baker\'s Choice Flour - 1KG, Tepung Gandum &times; 1'),(2500,296,'_reduced_stock','1'),(2501,298,'_product_id','1616'),(2502,298,'_variation_id','1617'),(2503,298,'_qty','1'),(2504,298,'_tax_class',''),(2505,298,'_line_subtotal','2.75'),(2506,298,'_line_subtotal_tax','0'),(2507,298,'_line_total','2.75'),(2508,298,'_line_tax','0'),(2509,298,'_line_tax_data','a:2:{s:5:\"total\";a:0:{}s:8:\"subtotal\";a:0:{}}'),(2510,298,'size','50G'),(2511,298,'_ywpar_total_points','2'),(2512,299,'method_id','betrs_shipping'),(2513,299,'instance_id','7'),(2514,299,'cost','6.36'),(2515,299,'total_tax','0'),(2516,299,'taxes','a:1:{s:5:\"total\";a:0:{}}'),(2517,299,'Items','Baking Powder - 50G &times; 1'),(2518,298,'_reduced_stock','1'),(2519,300,'_product_id','1616'),(2520,300,'_variation_id','1617'),(2521,300,'_qty','1'),(2522,300,'_tax_class',''),(2523,300,'_line_subtotal','2.75'),(2524,300,'_line_subtotal_tax','0'),(2525,300,'_line_total','2.75'),(2526,300,'_line_tax','0'),(2527,300,'_line_tax_data','a:2:{s:5:\"total\";a:0:{}s:8:\"subtotal\";a:0:{}}'),(2528,300,'size','50G'),(2529,300,'_ywpar_total_points','2'),(2530,301,'method_id','betrs_shipping'),(2531,301,'instance_id','7'),(2532,301,'cost','6.36'),(2533,301,'total_tax','0'),(2534,301,'taxes','a:1:{s:5:\"total\";a:0:{}}'),(2535,301,'Items','Baking Powder - 50G &times; 1'),(2536,300,'_reduced_stock','1'),(2537,302,'_product_id','935'),(2538,302,'_variation_id','939'),(2539,302,'_qty','1'),(2540,302,'_tax_class',''),(2541,302,'_line_subtotal','8.03'),(2542,302,'_line_subtotal_tax','0'),(2543,302,'_line_total','8.03'),(2544,302,'_line_tax','0'),(2545,302,'_line_tax_data','a:2:{s:5:\"total\";a:0:{}s:8:\"subtotal\";a:0:{}}'),(2546,302,'size','500G'),(2547,302,'_ywpar_total_points','8'),(2548,303,'method_id','betrs_shipping'),(2549,303,'instance_id','7'),(2550,303,'cost','6.36'),(2551,303,'total_tax','0'),(2552,303,'taxes','a:1:{s:5:\"total\";a:0:{}}'),(2553,303,'Items','Calcium Propionate - 500G &times; 1'),(2554,302,'_reduced_stock','1'),(2555,304,'_product_id','935'),(2556,304,'_variation_id','940'),(2557,304,'_qty','1'),(2558,304,'_tax_class',''),(2559,304,'_line_subtotal','13.53'),(2560,304,'_line_subtotal_tax','0'),(2561,304,'_line_total','13.53'),(2562,304,'_line_tax','0'),(2563,304,'_line_tax_data','a:2:{s:5:\"total\";a:0:{}s:8:\"subtotal\";a:0:{}}'),(2564,304,'size','1KG'),(2565,304,'_ywpar_total_points','13'),(2566,305,'method_id','betrs_shipping'),(2567,305,'instance_id','7'),(2568,305,'cost','6.36'),(2569,305,'total_tax','0'),(2570,305,'taxes','a:1:{s:5:\"total\";a:0:{}}'),(2571,305,'Items','Calcium Propionate - 1KG &times; 1'),(2572,304,'_reduced_stock','1'),(2573,306,'_product_id','935'),(2574,306,'_variation_id','940'),(2575,306,'_qty','1'),(2576,306,'_tax_class',''),(2577,306,'_line_subtotal','13.53'),(2578,306,'_line_subtotal_tax','0'),(2579,306,'_line_total','13.53'),(2580,306,'_line_tax','0'),(2581,306,'_line_tax_data','a:2:{s:5:\"total\";a:0:{}s:8:\"subtotal\";a:0:{}}'),(2582,306,'size','1KG'),(2583,306,'_ywpar_total_points','13'),(2584,307,'method_id','betrs_shipping'),(2585,307,'instance_id','7'),(2586,307,'cost','6.36'),(2587,307,'total_tax','0'),(2588,307,'taxes','a:1:{s:5:\"total\";a:0:{}}'),(2589,307,'Items','Calcium Propionate - 1KG &times; 1'),(2590,306,'_reduced_stock','1'),(2591,308,'_product_id','1616'),(2592,308,'_variation_id','1617'),(2593,308,'_qty','1'),(2594,308,'_tax_class',''),(2595,308,'_line_subtotal','2.75'),(2596,308,'_line_subtotal_tax','0'),(2597,308,'_line_total','2.75'),(2598,308,'_line_tax','0'),(2599,308,'_line_tax_data','a:2:{s:5:\"total\";a:0:{}s:8:\"subtotal\";a:0:{}}'),(2600,308,'size','50G'),(2601,308,'_ywpar_total_points','2'),(2602,309,'method_id','betrs_shipping'),(2603,309,'instance_id','7'),(2604,309,'cost','6.36'),(2605,309,'total_tax','0'),(2606,309,'taxes','a:1:{s:5:\"total\";a:0:{}}'),(2607,309,'Items','Baking Powder - 50G &times; 1'),(2608,308,'_reduced_stock','1'),(2609,310,'_product_id','1616'),(2610,310,'_variation_id','1617'),(2611,310,'_qty','1'),(2612,310,'_tax_class',''),(2613,310,'_line_subtotal','2.75'),(2614,310,'_line_subtotal_tax','0'),(2615,310,'_line_total','2.75'),(2616,310,'_line_tax','0'),(2617,310,'_line_tax_data','a:2:{s:5:\"total\";a:0:{}s:8:\"subtotal\";a:0:{}}'),(2618,310,'size','50G'),(2619,310,'_ywpar_total_points','2'),(2620,311,'method_id','betrs_shipping'),(2621,311,'instance_id','7'),(2622,311,'cost','6.36'),(2623,311,'total_tax','0'),(2624,311,'taxes','a:1:{s:5:\"total\";a:0:{}}'),(2625,311,'Items','Baking Powder - 50G &times; 1'),(2626,310,'_reduced_stock','1'),(2627,312,'_product_id','1616'),(2628,312,'_variation_id','1617'),(2629,312,'_qty','1'),(2630,312,'_tax_class',''),(2631,312,'_line_subtotal','2.75'),(2632,312,'_line_subtotal_tax','0'),(2633,312,'_line_total','2.75'),(2634,312,'_line_tax','0'),(2635,312,'_line_tax_data','a:2:{s:5:\"total\";a:0:{}s:8:\"subtotal\";a:0:{}}'),(2636,312,'size','50G'),(2637,312,'_ywpar_total_points','2'),(2638,313,'method_id','betrs_shipping'),(2639,313,'instance_id','7'),(2640,313,'cost','6.36'),(2641,313,'total_tax','0'),(2642,313,'taxes','a:1:{s:5:\"total\";a:0:{}}'),(2643,313,'Items','Baking Powder - 50G &times; 1'),(2644,312,'_reduced_stock','1'),(2645,314,'_product_id','1616'),(2646,314,'_variation_id','1617'),(2647,314,'_qty','1'),(2648,314,'_tax_class',''),(2649,314,'_line_subtotal','2.75'),(2650,314,'_line_subtotal_tax','0'),(2651,314,'_line_total','2.75'),(2652,314,'_line_tax','0'),(2653,314,'_line_tax_data','a:2:{s:5:\"total\";a:0:{}s:8:\"subtotal\";a:0:{}}'),(2654,314,'size','50G'),(2655,314,'_ywpar_total_points','2'),(2656,315,'method_id','betrs_shipping'),(2657,315,'instance_id','7'),(2658,315,'cost','6.36'),(2659,315,'total_tax','0'),(2660,315,'taxes','a:1:{s:5:\"total\";a:0:{}}'),(2661,315,'Items','Baking Powder - 50G &times; 1'),(2662,314,'_reduced_stock','1'),(2663,316,'_product_id','1616'),(2664,316,'_variation_id','1617'),(2665,316,'_qty','1'),(2666,316,'_tax_class',''),(2667,316,'_line_subtotal','2.75'),(2668,316,'_line_subtotal_tax','0'),(2669,316,'_line_total','2.75'),(2670,316,'_line_tax','0'),(2671,316,'_line_tax_data','a:2:{s:5:\"total\";a:0:{}s:8:\"subtotal\";a:0:{}}'),(2672,316,'size','50G'),(2673,316,'_ywpar_total_points','2'),(2674,317,'method_id','betrs_shipping'),(2675,317,'instance_id','7'),(2676,317,'cost','6.36'),(2677,317,'total_tax','0'),(2678,317,'taxes','a:1:{s:5:\"total\";a:0:{}}'),(2679,317,'Items','Baking Powder - 50G &times; 1'),(2680,316,'_reduced_stock','1'),(2681,318,'_product_id','1616'),(2682,318,'_variation_id','1617'),(2683,318,'_qty','1'),(2684,318,'_tax_class',''),(2685,318,'_line_subtotal','2.75'),(2686,318,'_line_subtotal_tax','0'),(2687,318,'_line_total','2.75'),(2688,318,'_line_tax','0'),(2689,318,'_line_tax_data','a:2:{s:5:\"total\";a:0:{}s:8:\"subtotal\";a:0:{}}'),(2690,318,'size','50G'),(2691,318,'_ywpar_total_points','2'),(2692,319,'method_id','betrs_shipping'),(2693,319,'instance_id','7'),(2694,319,'cost','6.36'),(2695,319,'total_tax','0'),(2696,319,'taxes','a:1:{s:5:\"total\";a:0:{}}'),(2697,319,'Items','Baking Powder - 50G &times; 1'),(2698,318,'_reduced_stock','1'),(2699,320,'_product_id','1616'),(2700,320,'_variation_id','1617'),(2701,320,'_qty','1'),(2702,320,'_tax_class',''),(2703,320,'_line_subtotal','2.75'),(2704,320,'_line_subtotal_tax','0'),(2705,320,'_line_total','2.75'),(2706,320,'_line_tax','0'),(2707,320,'_line_tax_data','a:2:{s:5:\"total\";a:0:{}s:8:\"subtotal\";a:0:{}}'),(2708,320,'size','50G'),(2709,320,'_ywpar_total_points','2'),(2710,321,'method_id','betrs_shipping'),(2711,321,'instance_id','7'),(2712,321,'cost','6.36'),(2713,321,'total_tax','0'),(2714,321,'taxes','a:1:{s:5:\"total\";a:0:{}}'),(2715,321,'Items','Baking Powder - 50G &times; 1'),(2716,320,'_reduced_stock','1'),(2717,322,'_product_id','1616'),(2718,322,'_variation_id','1618'),(2719,322,'_qty','1'),(2720,322,'_tax_class',''),(2721,322,'_line_subtotal','4.29'),(2722,322,'_line_subtotal_tax','0'),(2723,322,'_line_total','4.29'),(2724,322,'_line_tax','0'),(2725,322,'_line_tax_data','a:2:{s:5:\"total\";a:0:{}s:8:\"subtotal\";a:0:{}}'),(2726,322,'size','250G'),(2727,322,'_ywpar_total_points','4'),(2728,323,'method_id','betrs_shipping'),(2729,323,'instance_id','7'),(2730,323,'cost','6.36'),(2731,323,'total_tax','0'),(2732,323,'taxes','a:1:{s:5:\"total\";a:0:{}}'),(2733,323,'Items','Baking Powder - 250G &times; 1'),(2734,322,'_reduced_stock','1'),(2735,324,'_product_id','1616'),(2736,324,'_variation_id','1618'),(2737,324,'_qty','1'),(2738,324,'_tax_class',''),(2739,324,'_line_subtotal','4.29'),(2740,324,'_line_subtotal_tax','0'),(2741,324,'_line_total','4.29'),(2742,324,'_line_tax','0'),(2743,324,'_line_tax_data','a:2:{s:5:\"total\";a:0:{}s:8:\"subtotal\";a:0:{}}'),(2744,324,'size','250G'),(2745,324,'_ywpar_total_points','4'),(2746,325,'method_id','betrs_shipping'),(2747,325,'instance_id','7'),(2748,325,'cost','6.36'),(2749,325,'total_tax','0'),(2750,325,'taxes','a:1:{s:5:\"total\";a:0:{}}'),(2751,325,'Items','Baking Powder - 250G &times; 1'),(2752,324,'_reduced_stock','1');

--
-- Table structure for table `hbakoiadmp_woocommerce_order_items`
--

CREATE TABLE `hbakoiadmp_woocommerce_order_items` (
  `order_item_id` bigint(20) unsigned NOT NULL AUTO_INCREMENT,
  `order_item_name` text COLLATE utf8mb4_unicode_520_ci NOT NULL,
  `order_item_type` varchar(200) COLLATE utf8mb4_unicode_520_ci NOT NULL DEFAULT '',
  `order_id` bigint(20) unsigned NOT NULL,
  PRIMARY KEY (`order_item_id`),
  KEY `order_id` (`order_id`)
) ENGINE=MyISAM AUTO_INCREMENT=350 DEFAULT CHARSET=utf8mb4 COLLATE=utf8mb4_unicode_520_ci;

--
-- Dumping data for table `hbakoiadmp_woocommerce_order_items`
--

INSERT INTO `hbakoiadmp_woocommerce_order_items` VALUES (1,'Eco Paper Bag','line_item',787),(2,'JNT(KV)','shipping',787),(3,'Cacao Barry Paillete Feuilletine - 1KG','line_item',805),(4,'JNT-KV','shipping',805),(5,'Meadow Churn Butter 250G - Salted','line_item',1029),(6,'Chill Packaging','fee',1029),(7,'Whallo','shipping',1029),(8,'Test','line_item',1168),(9,'Free shipping','shipping',1168),(10,'hoifreeship24','coupon',1168),(11,'Test','line_item',1169),(12,'Free shipping','shipping',1169),(13,'hoifreeship24','coupon',1169),(14,'Test','line_item',1170),(15,'Free shipping','shipping',1170),(16,'hoifreeship24','coupon',1170),(29,'Test','line_item',1171),(30,'Free shipping','shipping',1171),(31,'hoifreeship24','coupon',1171),(32,'Test','line_item',1193),(33,'Free shipping','shipping',1193),(34,'hoifreeship24','coupon',1193),(35,'Test','line_item',1299),(36,'Free shipping','shipping',1299),(37,'hoifreeship24','coupon',1299),(38,'Test','line_item',1300),(39,'JNT-KV','shipping',1300),(40,'hoifreeship24','coupon',1300),(46,'hoifreeship24','coupon',1301),(45,'Free shipping','shipping',1301),(44,'Test','line_item',1301),(47,'Test','line_item',1351),(48,'JNT-KV','shipping',1351),(49,'Test','line_item',1352),(50,'JNT-KV','shipping',1352),(51,'Test','line_item',1354),(52,'JNT-KV','shipping',1354),(53,'Test','line_item',1355),(54,'JNT-KV','shipping',1355),(55,'Test','line_item',1356),(56,'JNT-KV','shipping',1356),(57,'Test','line_item',1357),(58,'J&amp;T Express','shipping',1357),(59,'Test','line_item',1358),(60,'J&amp;T Express','shipping',1358),(61,'Test','line_item',1362),(62,'JNT-KV','shipping',1362),(63,'Test','line_item',1363),(64,'J&amp;T Express','shipping',1363),(65,'Test','line_item',1453),(66,'JNT-KV','shipping',1453),(67,'Lurpak Butter 250G - Salted, 250G','line_item',1932),(68,'Buckwheat Flour - 500G','line_item',1932),(69,'Chill Packaging','fee',1932),(70,'Whallo','shipping',1932),(79,'Whallo','shipping',1933),(78,'Chill Packaging','fee',1933),(77,'Lurpak Butter 250G - Salted, 250G','line_item',1933),(80,'Buckwheat Flour - 1KG','line_item',1934),(81,'JNT-KV','shipping',1934),(82,'Almond Flakes - 1KG','line_item',1937),(83,'JNT-KV','shipping',1937),(84,'ywpar_discount_12','coupon',1937),(85,'Anchor Culinary Cream 1L','line_item',2077),(86,'Anchor Shredded Mozzarella Cheese 2KG','line_item',2077),(87,'Braun Multimix Hand Mixer HM1010BK','line_item',2077),(88,'Chill Packaging','fee',2077),(89,'Whallo','shipping',2077),(90,'Anchor Culinary Cream 1L','line_item',2078),(91,'Anchor Shredded Mozzarella Cheese 2KG','line_item',2078),(92,'Braun Multimix Hand Mixer HM1010BK','line_item',2078),(93,'Chill Packaging','fee',2078),(94,'Whallo','shipping',2078),(95,'','line_item',2091),(327,'JNT-KV','shipping',2207),(326,'Calcium Propionate - 500G','line_item',2207),(329,'JNT-KV','shipping',2208),(328,'Calcium Propionate - 500G','line_item',2208),(331,'JNT-KV','shipping',2209),(330,'Calcium Propionate - 500G','line_item',2209),(333,'JNT-KV','shipping',2210),(332,'Calcium Propionate - 500G','line_item',2210),(335,'JNT-KV','shipping',2211),(334,'Calcium Propionate - 1KG','line_item',2211),(338,'Vanilla Flan 1KG','line_item',2213),(336,'Castor Sugar 1KG','line_item',2212),(337,'JNT-KV','shipping',2212),(339,'JNT-KV','shipping',2213),(340,'Sugar Grain - 250G','line_item',2214),(341,'JNT-KV','shipping',2214),(342,'Superfine Flour 1KG','line_item',2215),(343,'JNT-KV','shipping',2215),(344,'Superfine Flour 1KG','line_item',2216),(345,'JNT-KV','shipping',2216),(346,'Superfine Flour 1KG','line_item',2217),(347,'JNT-KV','shipping',2217),(348,'Almond Flakes with Skin - 500G','line_item',2219),(349,'JNT-KV','shipping',2219),(135,'Anchor Cream Cheese 1KG','line_item',2105),(136,'Chill Packaging','fee',2105),(137,'Whallo','shipping',2105),(138,'Anchor Cream Cheese 1KG','line_item',2106),(139,'Chill Packaging','fee',2106),(140,'Whallo','shipping',2106),(141,'SAF - Instant Yeast - 11G','line_item',2113),(142,'JNT-KV','shipping',2113),(143,'Salt 500G (Australia)','line_item',2114),(144,'JNT-KV','shipping',2114),(145,'SAF - Instant Yeast - 500G','line_item',2116),(146,'JNT-KV','shipping',2116),(160,'SAF - Instant Yeast','line_item',2129),(148,'SAF - Instant Yeast - Red Label 500G','line_item',2118),(149,'JNT-KV','shipping',2118),(150,'SAF - Instant Yeast','line_item',2123),(151,'Shipping','shipping',2123),(152,'SAF - Instant Yeast - 11G','line_item',2124),(153,'JNT-KV','shipping',2124),(154,'Test Product','line_item',2126),(155,'JNT-KV','shipping',2126),(156,'Test Product','line_item',2127),(157,'JNT-KV','shipping',2127),(158,'Almond Flakes - 500G','line_item',2128),(159,'JNT-KV','shipping',2128),(161,'Shipping','shipping',2129),(162,'Anchor Shredded Mozzarella Cheese 2KG','line_item',2130),(163,'Chill Packaging','fee',2130),(164,'Whallo','shipping',2130),(165,'Almond Flakes - 500G','line_item',2132),(166,'JNT-KV','shipping',2132),(167,'Almond Flakes - 500G','line_item',2133),(168,'JNT-KV','shipping',2133),(169,'Almond Flakes - 1KG','line_item',2134),(170,'JNT-KV','shipping',2134),(171,'Almond Flakes - 500G','line_item',2135),(172,'JNT-KV','shipping',2135),(173,'Anchor Culinary Cream 1L','line_item',2137),(174,'Chill Packaging','fee',2137),(175,'JNT-KV','shipping',2137),(176,'Almond Flakes - 1KG','line_item',2138),(177,'JNT-KV','shipping',2138),(178,'Anchor Culinary Cream 1L','line_item',2139),(179,'Chill Packaging','fee',2139),(180,'JNT-KV','shipping',2139),(181,'Almond Flakes - 1KG','line_item',2140),(182,'JNT-KV','shipping',2140),(183,'Almond Flakes - 500G','line_item',2141),(184,'JNT-KV','shipping',2141),(185,'Almond Flakes - 500G','line_item',2142),(186,'JNT-KV','shipping',2142),(187,'Almond Flakes - 500G','line_item',2143),(188,'JNT-KV','shipping',2143),(189,'Almond Flakes - 500G','line_item',2144),(190,'JNT-KV','shipping',2144),(191,'Almond Flakes - 1KG','line_item',2145),(192,'JNT-KV','shipping',2145),(193,'Almond Flakes - 1KG','line_item',2146),(194,'JNT-KV','shipping',2146),(195,'Almond Flakes - 500G','line_item',2147),(196,'JNT-KV','shipping',2147),(197,'Avonmore Professional Whipping Cream 1L','line_item',2148),(198,'Chill Packaging','fee',2148),(199,'Whallo','shipping',2148),(200,'Almond Flakes - 1KG','line_item',2149),(201,'JNT-KV','shipping',2149),(202,'Almond Flakes - 1KG','line_item',2150),(203,'JNT-KV','shipping',2150),(204,'Almond Flakes - 500G','line_item',2151),(205,'JNT-KV','shipping',2151),(206,'Cadbury Dairy Milk Neap 405G','line_item',2152),(207,'JNT-KV','shipping',2152),(208,'Anchor Culinary Cream 1L','line_item',2153),(209,'Chill Packaging','fee',2153),(210,'JNT-KV','shipping',2153),(211,'Almond Flakes - 1KG','line_item',2154),(212,'JNT-KV','shipping',2154),(213,'Almond Flakes - 1KG','line_item',2155),(214,'JNT-KV','shipping',2155),(215,'Anchor Cream Cheese 1KG','line_item',2156),(216,'Chill Packaging','fee',2156),(217,'Whallo','shipping',2156),(218,'Anchor Cream Cheese 1KG','line_item',2157),(219,'Chill Packaging','fee',2157),(220,'Whallo','shipping',2157),(221,'Anchor Cream Cheese 1KG','line_item',2158),(222,'Chill Packaging','fee',2158),(223,'Whallo','shipping',2158),(224,'Avonmore Professional Whipping Cream 1L','line_item',2159),(225,'Chill Packaging','fee',2159),(226,'Whallo','shipping',2159),(227,'Anchor Cream Cheese 1KG','line_item',2160),(228,'Chill Packaging','fee',2160),(229,'Whallo','shipping',2160),(230,'Anchor Shredded Mozzarella Cheese 2KG','line_item',2161),(231,'Chill Packaging','fee',2161),(232,'Whallo','shipping',2161),(233,'Anchor Shredded Mozzarella Cheese 2KG','line_item',2162),(234,'Chill Packaging','fee',2162),(235,'Whallo','shipping',2162),(236,'Anchor Shredded Mozzarella Cheese 2KG','line_item',2163),(237,'Chill Packaging','fee',2163),(238,'Whallo','shipping',2163),(239,'Anchor Cream Cheese 1KG','line_item',2164),(240,'Chill Packaging','fee',2164),(241,'Whallo','shipping',2164),(242,'Avonmore Professional Whipping Cream 1L','line_item',2165),(243,'Chill Packaging','fee',2165),(244,'Whallo','shipping',2165),(245,'Anchor Cream Cheese 1KG','line_item',2166),(246,'Chill Packaging','fee',2166),(247,'Whallo','shipping',2166),(248,'Avonmore Professional Whipping Cream 1L','line_item',2167),(249,'Chill Packaging','fee',2167),(250,'Whallo','shipping',2167),(251,'Avonmore Professional Whipping Cream 1L','line_item',2169),(252,'Chill Packaging','fee',2169),(253,'Whallo','shipping',2169),(254,'Brownie Mix 500G','line_item',2170),(255,'JNT-KV','shipping',2170),(256,'Brownie Mix 500G','line_item',2171),(257,'JNT-KV','shipping',2171),(258,'Brownie Mix 500G','line_item',2172),(259,'JNT-KV','shipping',2172),(260,'Brownie Mix 500G','line_item',2173),(261,'JNT-KV','shipping',2173),(262,'Brownie Mix 500G','line_item',2174),(263,'JNT-KV','shipping',2174),(264,'Brownie Mix 500G','line_item',2175),(265,'JNT-KV','shipping',2175),(266,'Buckwheat Flour - 500G','line_item',2176),(267,'JNT-KV','shipping',2176),(268,'Cadbury Dairy Milk Neap 405G','line_item',2177),(269,'JNT-KV','shipping',2177),(270,'Cadbury Dairy Milk Neap 405G','line_item',2178),(271,'JNT-KV','shipping',2178),(272,'Cadbury Dairy Milk Neap 405G','line_item',2179),(273,'JNT-KV','shipping',2179),(274,'Cadbury Dairy Milk Neap 405G','line_item',2180),(275,'JNT-KV','shipping',2180),(276,'Cadbury Dairy Milk Neap 405G','line_item',2181),(277,'JNT-KV','shipping',2181),(278,'Cadbury Dairy Milk Neap 405G','line_item',2182),(279,'JNT-KV','shipping',2182),(280,'Cadbury Dairy Milk Neap 405G','line_item',2183),(281,'JNT-KV','shipping',2183),(282,'Cadbury Dairy Milk Neap 405G','line_item',2184),(283,'JNT-KV','shipping',2184),(284,'Cadbury Dairy Milk Neap 405G','line_item',2185),(285,'JNT-KV','shipping',2185),(286,'Calcium Propionate - 1KG','line_item',2186),(287,'JNT-KV','shipping',2186),(288,'Baker\'s Choice Flour - 1KG, Tepung Gandum','line_item',2187),(289,'JNT-KV','shipping',2187),(290,'Baker\'s Choice Flour - 1KG, Tepung Gandum','line_item',2188),(291,'JNT-KV','shipping',2188),(292,'Blueberries - 1KG','line_item',2189),(293,'JNT-KV','shipping',2189),(294,'Baking Powder - 50G','line_item',2190),(295,'JNT-KV','shipping',2190),(296,'Baker\'s Choice Flour - 1KG, Tepung Gandum','line_item',2191),(297,'JNT-KV','shipping',2191),(298,'Baking Powder - 50G','line_item',2192),(299,'JNT-KV','shipping',2192),(300,'Baking Powder - 50G','line_item',2193),(301,'JNT-KV','shipping',2193),(302,'Calcium Propionate - 500G','line_item',2194),(303,'JNT-KV','shipping',2194),(304,'Calcium Propionate - 1KG','line_item',2195),(305,'JNT-KV','shipping',2195),(306,'Calcium Propionate - 1KG','line_item',2196),(307,'JNT-KV','shipping',2196),(308,'Baking Powder - 50G','line_item',2197),(309,'JNT-KV','shipping',2197),(310,'Baking Powder - 50G','line_item',2198),(311,'JNT-KV','shipping',2198),(312,'Baking Powder - 50G','line_item',2199),(313,'JNT-KV','shipping',2199),(314,'Baking Powder - 50G','line_item',2200),(315,'JNT-KV','shipping',2200),(316,'Baking Powder - 50G','line_item',2201),(317,'JNT-KV','shipping',2201),(318,'Baking Powder - 50G','line_item',2202),(319,'JNT-KV','shipping',2202),(320,'Baking Powder - 50G','line_item',2203),(321,'JNT-KV','shipping',2203),(322,'Baking Powder - 250G','line_item',2204),(323,'JNT-KV','shipping',2204),(324,'Baking Powder - 250G','line_item',2205),(325,'JNT-KV','shipping',2205);

--
-- Table structure for table `hbakoiadmp_woocommerce_payment_tokenmeta`
--

CREATE TABLE `hbakoiadmp_woocommerce_payment_tokenmeta` (
  `meta_id` bigint(20) unsigned NOT NULL AUTO_INCREMENT,
  `payment_token_id` bigint(20) unsigned NOT NULL,
  `meta_key` varchar(255) COLLATE utf8mb4_unicode_520_ci DEFAULT NULL,
  `meta_value` longtext COLLATE utf8mb4_unicode_520_ci,
  PRIMARY KEY (`meta_id`),
  KEY `payment_token_id` (`payment_token_id`),
  KEY `meta_key` (`meta_key`(32))
) ENGINE=MyISAM DEFAULT CHARSET=utf8mb4 COLLATE=utf8mb4_unicode_520_ci;

--
-- Dumping data for table `hbakoiadmp_woocommerce_payment_tokenmeta`
--


--
-- Table structure for table `hbakoiadmp_woocommerce_payment_tokens`
--

CREATE TABLE `hbakoiadmp_woocommerce_payment_tokens` (
  `token_id` bigint(20) unsigned NOT NULL AUTO_INCREMENT,
  `gateway_id` varchar(200) COLLATE utf8mb4_unicode_520_ci NOT NULL,
  `token` text COLLATE utf8mb4_unicode_520_ci NOT NULL,
  `user_id` bigint(20) unsigned NOT NULL DEFAULT '0',
  `type` varchar(200) COLLATE utf8mb4_unicode_520_ci NOT NULL,
  `is_default` tinyint(1) NOT NULL DEFAULT '0',
  PRIMARY KEY (`token_id`),
  KEY `user_id` (`user_id`)
) ENGINE=MyISAM DEFAULT CHARSET=utf8mb4 COLLATE=utf8mb4_unicode_520_ci;

--
-- Dumping data for table `hbakoiadmp_woocommerce_payment_tokens`
--


--
-- Table structure for table `hbakoiadmp_woocommerce_sessions`
--

CREATE TABLE `hbakoiadmp_woocommerce_sessions` (
  `session_id` bigint(20) unsigned NOT NULL AUTO_INCREMENT,
  `session_key` char(32) COLLATE utf8mb4_unicode_520_ci NOT NULL,
  `session_value` longtext COLLATE utf8mb4_unicode_520_ci NOT NULL,
  `session_expiry` bigint(20) unsigned NOT NULL,
  PRIMARY KEY (`session_id`),
  UNIQUE KEY `session_key` (`session_key`)
) ENGINE=MyISAM AUTO_INCREMENT=210 DEFAULT CHARSET=utf8mb4 COLLATE=utf8mb4_unicode_520_ci;

--
-- Dumping data for table `hbakoiadmp_woocommerce_sessions`
--

INSERT INTO `hbakoiadmp_woocommerce_sessions` VALUES (209,'3','a:14:{s:4:\"cart\";s:6:\"a:0:{}\";s:11:\"cart_totals\";s:367:\"a:15:{s:8:\"subtotal\";i:0;s:12:\"subtotal_tax\";i:0;s:14:\"shipping_total\";i:0;s:12:\"shipping_tax\";i:0;s:14:\"shipping_taxes\";a:0:{}s:14:\"discount_total\";i:0;s:12:\"discount_tax\";i:0;s:19:\"cart_contents_total\";i:0;s:17:\"cart_contents_tax\";i:0;s:19:\"cart_contents_taxes\";a:0:{}s:9:\"fee_total\";i:0;s:7:\"fee_tax\";i:0;s:9:\"fee_taxes\";a:0:{}s:5:\"total\";i:0;s:9:\"total_tax\";i:0;}\";s:15:\"applied_coupons\";s:6:\"a:0:{}\";s:22:\"coupon_discount_totals\";s:6:\"a:0:{}\";s:26:\"coupon_discount_tax_totals\";s:6:\"a:0:{}\";s:21:\"removed_cart_contents\";s:6:\"a:0:{}\";s:8:\"customer\";s:871:\"a:28:{s:2:\"id\";s:1:\"3\";s:13:\"date_modified\";s:25:\"2024-12-02T09:07:07+00:00\";s:10:\"first_name\";s:3:\"Dax\";s:9:\"last_name\";s:4:\"Test\";s:7:\"company\";s:0:\"\";s:5:\"phone\";s:10:\"0123740244\";s:5:\"email\";s:17:\"jass@adsmunch.com\";s:7:\"address\";s:6:\"Kuchai\";s:9:\"address_1\";s:6:\"Kuchai\";s:9:\"address_2\";s:0:\"\";s:4:\"city\";s:11:\"Kuchai Lama\";s:5:\"state\";s:3:\"KUL\";s:8:\"postcode\";s:5:\"58200\";s:7:\"country\";s:2:\"MY\";s:19:\"shipping_first_name\";s:3:\"Dax\";s:18:\"shipping_last_name\";s:4:\"Test\";s:16:\"shipping_company\";s:0:\"\";s:14:\"shipping_phone\";s:0:\"\";s:16:\"shipping_address\";s:6:\"Kuchai\";s:18:\"shipping_address_1\";s:6:\"Kuchai\";s:18:\"shipping_address_2\";s:0:\"\";s:13:\"shipping_city\";s:11:\"Kuchai Lama\";s:14:\"shipping_state\";s:3:\"KUL\";s:17:\"shipping_postcode\";s:5:\"58200\";s:16:\"shipping_country\";s:2:\"MY\";s:13:\"is_vat_exempt\";s:0:\"\";s:19:\"calculated_shipping\";s:0:\"\";s:9:\"meta_data\";a:0:{}}\";s:22:\"shipping_for_package_0\";s:413:\"a:2:{s:12:\"package_hash\";s:40:\"wc_ship_6c3826b3deedb1ead718d7f2b72dc5ed\";s:5:\"rates\";a:1:{s:18:\"betrs_shipping:7-1\";O:16:\"WC_Shipping_Rate\":2:{s:7:\"\0*\0data\";a:6:{s:2:\"id\";s:18:\"betrs_shipping:7-1\";s:9:\"method_id\";s:14:\"betrs_shipping\";s:11:\"instance_id\";i:7;s:5:\"label\";s:6:\"JNT-KV\";s:4:\"cost\";s:4:\"6.36\";s:5:\"taxes\";a:0:{}}s:12:\"\0*\0meta_data\";a:1:{s:5:\"Items\";s:40:\"Almond Flakes with Skin - 500G &times; 1\";}}}}\";s:25:\"previous_shipping_methods\";s:46:\"a:1:{i:0;a:1:{i:0;s:18:\"betrs_shipping:7-1\";}}\";s:23:\"chosen_shipping_methods\";s:36:\"a:1:{i:0;s:18:\"betrs_shipping:7-1\";}\";s:22:\"shipping_method_counts\";s:14:\"a:1:{i:0;i:1;}\";s:10:\"wc_notices\";N;s:21:\"chosen_payment_method\";s:3:\"cod\";s:22:\"order_awaiting_payment\";N;}',1733303215);

--
-- Table structure for table `hbakoiadmp_woocommerce_shipping_zone_locations`
--

CREATE TABLE `hbakoiadmp_woocommerce_shipping_zone_locations` (
  `location_id` bigint(20) unsigned NOT NULL AUTO_INCREMENT,
  `zone_id` bigint(20) unsigned NOT NULL,
  `location_code` varchar(200) COLLATE utf8mb4_unicode_520_ci NOT NULL,
  `location_type` varchar(40) COLLATE utf8mb4_unicode_520_ci NOT NULL,
  PRIMARY KEY (`location_id`),
  KEY `location_id` (`location_id`),
  KEY `location_type_code` (`location_type`(10),`location_code`(20)),
  KEY `zone_id` (`zone_id`)
) ENGINE=MyISAM AUTO_INCREMENT=1098 DEFAULT CHARSET=utf8mb4 COLLATE=utf8mb4_unicode_520_ci;

--
-- Dumping data for table `hbakoiadmp_woocommerce_shipping_zone_locations`
--

INSERT INTO `hbakoiadmp_woocommerce_shipping_zone_locations` VALUES (1086,2,'MY:KUL','state'),(1084,2,'MY:PJY','state'),(1085,2,'MY:SGR','state'),(1097,3,'MY:TRG','state'),(1096,3,'MY:PLS','state'),(1095,3,'MY:PRK','state'),(1094,3,'MY:PNG','state'),(1093,3,'MY:PHG','state'),(1092,3,'MY:NSN','state'),(1091,3,'MY:MLK','state'),(1090,3,'MY:LBN','state'),(1089,3,'MY:KTN','state'),(1088,3,'MY:KDH','state'),(1087,3,'MY:JHR','state'),(587,4,'MY:SWK','state'),(588,5,'MY:SBH','state');

--
-- Table structure for table `hbakoiadmp_woocommerce_shipping_zone_methods`
--

CREATE TABLE `hbakoiadmp_woocommerce_shipping_zone_methods` (
  `zone_id` bigint(20) unsigned NOT NULL,
  `instance_id` bigint(20) unsigned NOT NULL AUTO_INCREMENT,
  `method_id` varchar(200) COLLATE utf8mb4_unicode_520_ci NOT NULL,
  `method_order` bigint(20) unsigned NOT NULL,
  `is_enabled` tinyint(1) NOT NULL DEFAULT '1',
  PRIMARY KEY (`instance_id`)
) ENGINE=MyISAM AUTO_INCREMENT=11 DEFAULT CHARSET=utf8mb4 COLLATE=utf8mb4_unicode_520_ci;

--
-- Dumping data for table `hbakoiadmp_woocommerce_shipping_zone_methods`
--

INSERT INTO `hbakoiadmp_woocommerce_shipping_zone_methods` VALUES (2,2,'betrs_shipping',1,1),(3,3,'betrs_shipping',1,1),(4,4,'betrs_shipping',1,1),(5,5,'betrs_shipping',1,1),(2,7,'betrs_shipping',2,1),(3,8,'betrs_shipping',2,1),(2,9,'free_shipping',3,1);

--
-- Table structure for table `hbakoiadmp_woocommerce_shipping_zones`
--

CREATE TABLE `hbakoiadmp_woocommerce_shipping_zones` (
  `zone_id` bigint(20) unsigned NOT NULL AUTO_INCREMENT,
  `zone_name` varchar(200) COLLATE utf8mb4_unicode_520_ci NOT NULL,
  `zone_order` bigint(20) unsigned NOT NULL,
  PRIMARY KEY (`zone_id`)
) ENGINE=MyISAM AUTO_INCREMENT=7 DEFAULT CHARSET=utf8mb4 COLLATE=utf8mb4_unicode_520_ci;

--
-- Dumping data for table `hbakoiadmp_woocommerce_shipping_zones`
--

INSERT INTO `hbakoiadmp_woocommerce_shipping_zones` VALUES (3,'Malaysia > WM',0),(2,'Klang Valley',0),(4,'Sarawak',0),(5,'Sabah',0),(6,'Everywhere',0);

--
-- Table structure for table `hbakoiadmp_woocommerce_tax_rate_locations`
--

CREATE TABLE `hbakoiadmp_woocommerce_tax_rate_locations` (
  `location_id` bigint(20) unsigned NOT NULL AUTO_INCREMENT,
  `location_code` varchar(200) COLLATE utf8mb4_unicode_520_ci NOT NULL,
  `tax_rate_id` bigint(20) unsigned NOT NULL,
  `location_type` varchar(40) COLLATE utf8mb4_unicode_520_ci NOT NULL,
  PRIMARY KEY (`location_id`),
  KEY `tax_rate_id` (`tax_rate_id`),
  KEY `location_type_code` (`location_type`(10),`location_code`(20))
) ENGINE=MyISAM DEFAULT CHARSET=utf8mb4 COLLATE=utf8mb4_unicode_520_ci;

--
-- Dumping data for table `hbakoiadmp_woocommerce_tax_rate_locations`
--


--
-- Table structure for table `hbakoiadmp_woocommerce_tax_rates`
--

CREATE TABLE `hbakoiadmp_woocommerce_tax_rates` (
  `tax_rate_id` bigint(20) unsigned NOT NULL AUTO_INCREMENT,
  `tax_rate_country` varchar(2) COLLATE utf8mb4_unicode_520_ci NOT NULL DEFAULT '',
  `tax_rate_state` varchar(200) COLLATE utf8mb4_unicode_520_ci NOT NULL DEFAULT '',
  `tax_rate` varchar(8) COLLATE utf8mb4_unicode_520_ci NOT NULL DEFAULT '',
  `tax_rate_name` varchar(200) COLLATE utf8mb4_unicode_520_ci NOT NULL DEFAULT '',
  `tax_rate_priority` bigint(20) unsigned NOT NULL,
  `tax_rate_compound` int(1) NOT NULL DEFAULT '0',
  `tax_rate_shipping` int(1) NOT NULL DEFAULT '1',
  `tax_rate_order` bigint(20) unsigned NOT NULL,
  `tax_rate_class` varchar(200) COLLATE utf8mb4_unicode_520_ci NOT NULL DEFAULT '',
  PRIMARY KEY (`tax_rate_id`),
  KEY `tax_rate_country` (`tax_rate_country`),
  KEY `tax_rate_state` (`tax_rate_state`(2)),
  KEY `tax_rate_class` (`tax_rate_class`(10)),
  KEY `tax_rate_priority` (`tax_rate_priority`)
) ENGINE=MyISAM DEFAULT CHARSET=utf8mb4 COLLATE=utf8mb4_unicode_520_ci;

--
-- Dumping data for table `hbakoiadmp_woocommerce_tax_rates`
--


--
-- Table structure for table `hbakoiadmp_woodmart_wishlist_products`
--

CREATE TABLE `hbakoiadmp_woodmart_wishlist_products` (
  `ID` int(11) NOT NULL AUTO_INCREMENT,
  `product_id` varchar(255) NOT NULL,
  `wishlist_id` int(11) DEFAULT NULL,
  `date_added` timestamp NOT NULL DEFAULT CURRENT_TIMESTAMP,
  `on_sale` tinyint(1) NOT NULL,
  PRIMARY KEY (`ID`),
  KEY `product_id` (`product_id`)
) ENGINE=MyISAM AUTO_INCREMENT=6 DEFAULT CHARSET=utf8;

--
-- Dumping data for table `hbakoiadmp_woodmart_wishlist_products`
--

INSERT INTO `hbakoiadmp_woodmart_wishlist_products` VALUES (1,'52',1,'2024-01-07 14:43:40',0),(2,'57',1,'2024-01-07 14:44:03',0),(3,'23',1,'2024-01-07 14:44:06',0),(4,'59',1,'2024-01-07 23:16:40',0),(5,'844',4,'2024-02-11 19:18:16',0);

--
-- Table structure for table `hbakoiadmp_woodmart_wishlists`
--

CREATE TABLE `hbakoiadmp_woodmart_wishlists` (
  `ID` int(11) NOT NULL AUTO_INCREMENT,
  `user_id` int(11) NOT NULL,
  `wishlist_group` varchar(255) NOT NULL DEFAULT 'My wishlist',
  `date_created` timestamp NOT NULL DEFAULT CURRENT_TIMESTAMP,
  PRIMARY KEY (`ID`)
) ENGINE=MyISAM AUTO_INCREMENT=13 DEFAULT CHARSET=utf8;

--
-- Dumping data for table `hbakoiadmp_woodmart_wishlists`
--

INSERT INTO `hbakoiadmp_woodmart_wishlists` VALUES (1,1,'My wishlist','2024-01-07 08:22:58'),(2,2,'My wishlist','2024-01-29 05:05:36'),(3,3,'My wishlist','2024-02-04 22:11:21'),(4,4,'My wishlist','2024-02-11 18:47:22'),(5,5,'My wishlist','2024-02-12 21:06:38'),(6,6,'My wishlist','2024-03-26 19:03:01'),(7,7,'My wishlist','2024-04-17 23:56:50'),(8,8,'My wishlist','2024-04-17 23:57:19'),(9,9,'My wishlist','2024-04-17 23:57:52'),(10,10,'My wishlist','2024-04-17 23:57:58'),(11,11,'My wishlist','2024-04-18 00:00:09'),(12,12,'My wishlist','2024-04-18 00:00:37');

--
-- Table structure for table `hbakoiadmp_wpforms_entries`
--

CREATE TABLE `hbakoiadmp_wpforms_entries` (
  `entry_id` bigint(20) NOT NULL AUTO_INCREMENT,
  `form_id` bigint(20) NOT NULL,
  `post_id` bigint(20) NOT NULL,
  `user_id` bigint(20) NOT NULL,
  `status` varchar(30) COLLATE utf8mb4_unicode_520_ci NOT NULL,
  `type` varchar(30) COLLATE utf8mb4_unicode_520_ci NOT NULL,
  `viewed` tinyint(1) DEFAULT '0',
  `starred` tinyint(1) DEFAULT '0',
  `fields` longtext COLLATE utf8mb4_unicode_520_ci NOT NULL,
  `meta` longtext COLLATE utf8mb4_unicode_520_ci NOT NULL,
  `date` datetime NOT NULL,
  `date_modified` datetime NOT NULL,
  `ip_address` varchar(128) COLLATE utf8mb4_unicode_520_ci NOT NULL,
  `user_agent` varchar(256) COLLATE utf8mb4_unicode_520_ci NOT NULL,
  `user_uuid` varchar(36) COLLATE utf8mb4_unicode_520_ci NOT NULL,
  PRIMARY KEY (`entry_id`),
  KEY `form_id` (`form_id`)
) ENGINE=MyISAM AUTO_INCREMENT=42 DEFAULT CHARSET=utf8mb4 COLLATE=utf8mb4_unicode_520_ci;

--
-- Dumping data for table `hbakoiadmp_wpforms_entries`
--

INSERT INTO `hbakoiadmp_wpforms_entries` VALUES (1,114,0,0,'','',0,0,'{\"0\":{\"name\":\"Name\",\"value\":\"Ernestpuh\",\"id\":0,\"type\":\"name\",\"first\":\"\",\"middle\":\"\",\"last\":\"\"},\"1\":{\"name\":\"Email\",\"value\":\"michaeladams1270868@gmail.com\",\"id\":1,\"type\":\"email\"},\"3\":{\"name\":\"Phone\",\"value\":\"81954658198\",\"id\":3,\"type\":\"phone\"},\"2\":{\"name\":\"Comment or Message\",\"value\":\"\",\"id\":2,\"type\":\"textarea\"}}','','2024-01-28 16:56:20','2024-01-28 16:56:20','138.201.195.214','Mozilla/5.0 (Windows NT 10.0; WOW64) AppleWebKit/537.36 (KHTML, like Gecko) Chrome/103.0.0.0 Safari/537.36',''),(2,114,0,0,'','',0,0,'{\"0\":{\"name\":\"Name\",\"value\":\"RobertFix\",\"id\":0,\"type\":\"name\",\"first\":\"\",\"middle\":\"\",\"last\":\"\"},\"1\":{\"name\":\"Email\",\"value\":\"yasen.krasen.13+75299@mail.ru\",\"id\":1,\"type\":\"email\"},\"3\":{\"name\":\"Phone\",\"value\":\"86624313559\",\"id\":3,\"type\":\"phone\"},\"2\":{\"name\":\"Comment or Message\",\"value\":\"Ofokfojfief jwlkfeejereghfj iewojfekfjergij wiojewjfewitghuhwrgtjgh ewjhfwqjhdfuewgtuiwe huegfrwgyewgtywegt hoibaking.com\",\"id\":2,\"type\":\"textarea\"}}','','2024-01-29 08:42:29','2024-01-29 08:42:29','191.96.168.96','Mozilla/5.0 (Windows NT 6.1) AppleWebKit/537.36 (KHTML, like Gecko) Chrome/103.0.0.0 Safari/537.36',''),(3,114,0,0,'','',0,0,'{\"0\":{\"name\":\"Name\",\"value\":\"Masonben\",\"id\":0,\"type\":\"name\",\"first\":\"\",\"middle\":\"\",\"last\":\"\"},\"1\":{\"name\":\"Email\",\"value\":\"kaenquirynicholls@gmail.com\",\"id\":1,\"type\":\"email\"},\"3\":{\"name\":\"Phone\",\"value\":\"87243147662\",\"id\":3,\"type\":\"phone\"},\"2\":{\"name\":\"Comment or Message\",\"value\":\"Hola, volia saber el seu preu.\",\"id\":2,\"type\":\"textarea\"}}','','2024-02-03 09:24:19','2024-02-03 09:24:19','85.209.11.117','Mozilla/5.0 (Windows NT 6.1; Win64; x64) AppleWebKit/537.36 (KHTML, like Gecko) Chrome/103.0.0.0 Safari/537.36',''),(4,114,0,0,'','',0,0,'{\"0\":{\"name\":\"Name\",\"value\":\"Masonben\",\"id\":0,\"type\":\"name\",\"first\":\"\",\"middle\":\"\",\"last\":\"\"},\"1\":{\"name\":\"Email\",\"value\":\"kaenquirynicholls@gmail.com\",\"id\":1,\"type\":\"email\"},\"3\":{\"name\":\"Phone\",\"value\":\"83559628463\",\"id\":3,\"type\":\"phone\"},\"2\":{\"name\":\"Comment or Message\",\"value\":\"Hola, quer\\u00eda saber tu precio..\",\"id\":2,\"type\":\"textarea\"}}','','2024-02-12 09:26:12','2024-02-12 09:26:12','85.209.11.117','Mozilla/5.0 (Windows NT 6.3; WOW64) AppleWebKit/537.36 (KHTML, like Gecko) Chrome/103.0.5060.114 Safari/537.36',''),(5,114,0,0,'','',0,0,'{\"0\":{\"name\":\"Name\",\"value\":\"Robertben\",\"id\":0,\"type\":\"name\",\"first\":\"\",\"middle\":\"\",\"last\":\"\"},\"1\":{\"name\":\"Email\",\"value\":\"lucido.leinteract@gmail.com\",\"id\":1,\"type\":\"email\"},\"3\":{\"name\":\"Phone\",\"value\":\"89699979631\",\"id\":3,\"type\":\"phone\"},\"2\":{\"name\":\"Comment or Message\",\"value\":\"Ciao, volevo sapere il tuo prezzo.\",\"id\":2,\"type\":\"textarea\"}}','','2024-02-12 15:46:57','2024-02-12 15:46:57','62.122.184.194','Mozilla/5.0 (Windows NT 10.0; WOW64) AppleWebKit/537.36 (KHTML, like Gecko) Chrome/103.0.0.0 Safari/537.36',''),(6,114,0,0,'','',0,0,'{\"0\":{\"name\":\"Name\",\"value\":\"Masonben\",\"id\":0,\"type\":\"name\",\"first\":\"\",\"middle\":\"\",\"last\":\"\"},\"1\":{\"name\":\"Email\",\"value\":\"kaenquirynicholls@gmail.com\",\"id\":1,\"type\":\"email\"},\"3\":{\"name\":\"Phone\",\"value\":\"88819454895\",\"id\":3,\"type\":\"phone\"},\"2\":{\"name\":\"Comment or Message\",\"value\":\"Dia duit, theastaigh uaim do phraghas a fh\\u00e1il.\",\"id\":2,\"type\":\"textarea\"}}','','2024-02-16 03:22:06','2024-02-16 03:22:06','85.209.11.117','Mozilla/5.0 (Windows NT 10.0; Win64; x64) AppleWebKit/537.36 (KHTML, like Gecko) Chrome/120.0.6099.71 Safari/537.36',''),(7,114,0,0,'','',0,0,'{\"0\":{\"name\":\"Name\",\"value\":\"Malcolmsaddy\",\"id\":0,\"type\":\"name\",\"first\":\"\",\"middle\":\"\",\"last\":\"\"},\"1\":{\"name\":\"Email\",\"value\":\"no.reply.stefanjohansson@gmail.com\",\"id\":1,\"type\":\"email\"},\"3\":{\"name\":\"Phone\",\"value\":\"84843552153\",\"id\":3,\"type\":\"phone\"},\"2\":{\"name\":\"Comment or Message\",\"value\":\"Hi-ya! hoibaking.com \\r\\n \\r\\nDid you know that it is possible to send commercial offer correctl\\u0421\\u0453 legal? We provide a new legal method of sending business proposals via feedback forms. \\r\\nMessages sent via Feedback Forms are not regarded as spam, since they are thought of as important. \\r\\nYou can now test out our service without having to pay. \\r\\nWe can dispatch up to 50,000 messages in your behalf. \\r\\n \\r\\nThe cost of sending one million messages is $59. \\r\\n \\r\\nThis letter is automatically generated. \\r\\n \\r\\nWe only use chat for communication. \\r\\n \\r\\nContact us. \\r\\nTelegram - https:\\/\\/t.me\\/FeedbackFormEU \\r\\nSkype  live:contactform_18 \\r\\nWhatsApp - +375259112693 \\r\\nWhatsApp  https:\\/\\/wa.me\\/+375259112693\",\"id\":2,\"type\":\"textarea\"}}','','2024-02-16 15:23:01','2024-02-16 15:23:01','78.138.99.187','Mozilla/5.0 (Windows NT 10.0; Win64; x64) AppleWebKit/537.36 (KHTML, like Gecko) Chrome/111.0.0.0 Safari/537.36',''),(8,114,0,0,'','',0,0,'{\"0\":{\"name\":\"Name\",\"value\":\"Frankweatt\",\"id\":0,\"type\":\"name\",\"first\":\"\",\"middle\":\"\",\"last\":\"\"},\"1\":{\"name\":\"Email\",\"value\":\"nizeyimana2001@yahoo.co.uk\",\"id\":1,\"type\":\"email\"},\"3\":{\"name\":\"Phone\",\"value\":\"82643398445\",\"id\":3,\"type\":\"phone\"},\"2\":{\"name\":\"Comment or Message\",\"value\":\"URGENT ALERT: $68,000 \\u2013 WITHDRAWAL INSTRUCTIONS INSIDE \\u2013 ACT NOW! https:\\/\\/anolink.com\\/?link=https9mlnnnst.blogspot.com2199 \\r\\n \\r\\n \\r\\n \\r\\n \\r\\n \\r\\n \\r\\n \\r\\n \\r\\n \\r\\n \\r\\nc8jp7s0g7p9b4w0o \\r\\nx5vn3i7k1r6h8d8s \\r\\ns3yn5j2x7f5e1j7e\",\"id\":2,\"type\":\"textarea\"}}','','2024-02-26 06:31:03','2024-02-26 06:31:03','46.246.8.26','Mozilla/5.0 (Windows NT 6.1; Win64; x64) AppleWebKit/537.36 (KHTML, like Gecko) Chrome/103.0.5060.66 Safari/537.36',''),(9,114,0,0,'','',0,0,'{\"0\":{\"name\":\"Name\",\"value\":\"JAMILAH\",\"id\":0,\"type\":\"name\",\"first\":\"\",\"middle\":\"\",\"last\":\"\"},\"1\":{\"name\":\"Email\",\"value\":\"jamsgems@gmail.com\",\"id\":1,\"type\":\"email\"},\"3\":{\"name\":\"Phone\",\"value\":\"+6591194143\",\"id\":3,\"type\":\"phone\"},\"2\":{\"name\":\"Comment or Message\",\"value\":\"Hi!\\r\\nI am interested to purchase some items.\\r\\nKindly advice how much is the postage to Singapore.\\r\\n\\r\\nThank you.\",\"id\":2,\"type\":\"textarea\"}}','','2024-02-28 14:32:10','2024-02-28 14:32:10','202.166.157.44','Mozilla/5.0 (Linux; Android 10; K) AppleWebKit/537.36 (KHTML, like Gecko) Chrome/122.0.0.0 Mobile Safari/537.36','c0e536b3-3fe5-42c8-8e0a-99b4ab43a123'),(10,114,0,0,'','',0,0,'{\"0\":{\"name\":\"Name\",\"value\":\"Adelaida Hedberg\",\"id\":0,\"type\":\"name\",\"first\":\"\",\"middle\":\"\",\"last\":\"\"},\"1\":{\"name\":\"Email\",\"value\":\"adelaida.hedberg@gmail.com\",\"id\":1,\"type\":\"email\"},\"3\":{\"name\":\"Phone\",\"value\":\"0521780718\",\"id\":3,\"type\":\"phone\"},\"2\":{\"name\":\"Comment or Message\",\"value\":\"I\\u2019ve been working with freelancers for over nine years now. \\r\\n\\r\\nOne of the biggest things I want businesses to know about working with freelancers is how much time and money they can save by hiring freelancers for projects. \\r\\n\\r\\nWhether you\\u2019re a multi-level corporation or a small start-up, chances are, you could benefit from using freelance work. \\r\\n\\r\\nThe details here: https:\\/\\/saloof.com\\/how\",\"id\":2,\"type\":\"textarea\"}}','','2024-02-29 00:18:49','2024-02-29 00:18:49','154.202.98.28','Mozilla/5.0 (Macintosh; Intel Mac OS X 12_5) AppleWebKit/605.1.15 (KHTML, like Gecko) Version/15.4 Safari/605.1.15',''),(11,114,0,0,'','',0,0,'{\"0\":{\"name\":\"Name\",\"value\":\"Mohamad Fadhil\",\"id\":0,\"type\":\"name\",\"first\":\"\",\"middle\":\"\",\"last\":\"\"},\"1\":{\"name\":\"Email\",\"value\":\"mohamadfadhil11@yahoo.com\",\"id\":1,\"type\":\"email\"},\"3\":{\"name\":\"Phone\",\"value\":\"0127068809\",\"id\":3,\"type\":\"phone\"},\"2\":{\"name\":\"Comment or Message\",\"value\":\"Do you have pistachio spread ?\",\"id\":2,\"type\":\"textarea\"}}','','2024-02-29 10:29:49','2024-02-29 10:29:49','183.171.69.33','Mozilla/5.0 (iPhone; CPU iPhone OS 15_8 like Mac OS X) AppleWebKit/605.1.15 (KHTML, like Gecko) Mobile/15E148 [FBAN/FBIOS;FBAV/445.0.0.33.109;FBBV/566090372;FBDV/iPhone8,1;FBMD/iPhone;FBSN/iOS;FBSV/15.8;FBSS/2;FBCR/;FBID/phone;FBLC/en-Qaau-GB;FBOP/80]','18561ab6-f31f-42f1-9b95-090ffb3e97ea'),(12,114,0,0,'','',0,0,'{\"0\":{\"name\":\"Name\",\"value\":\"Eric Jones\",\"id\":0,\"type\":\"name\",\"first\":\"\",\"middle\":\"\",\"last\":\"\"},\"1\":{\"name\":\"Email\",\"value\":\"ericjonesmyemail@gmail.com\",\"id\":1,\"type\":\"email\"},\"3\":{\"name\":\"Phone\",\"value\":\"555-555-1212\",\"id\":3,\"type\":\"phone\"},\"2\":{\"name\":\"Comment or Message\",\"value\":\"Dear, Eric here with a quick thought about your website hoibaking.com Administrator!\\r\\n\\r\\nI\\u2019m on the internet a lot and I look at a lot of business websites.\\r\\n\\r\\nLike yours, many of them have great content. \\r\\n\\r\\nBut all too often, they come up short when it comes to engaging and connecting with anyone who visits.\\r\\n\\r\\nI get it \\u2013 it\\u2019s hard.  Studies show 7 out of 10 people who land on a site, abandon it in moments without leaving even a trace.  You got the eyeball, but nothing else.\\r\\n\\r\\nHere\\u2019s a solution for you\\u2026\\r\\n\\r\\nWeb Visitor is a software widget that\\u2019s works on your site, ready to capture any visitor\\u2019s Name, Email address and Phone Number.  You\\u2019ll know immediately they\\u2019re interested and you can call them directly to talk with them literally while they\\u2019re still on the web looking at your site.\\r\\n\\r\\nCLICK HERE https:\\/\\/rushleadgeneration.com to try out a Live Demo with Web Visitor now to see exactly how it works.\\r\\n\\r\\nIt could be huge for your business \\u2013 and because you\\u2019ve got that phone number, with our new SMS Text With Lead feature, you can automatically start a text (SMS) conversation \\u2013 immediately\\u2026 and contacting someone in that 5 minute window is 100 times more powerful than reaching out 30 minutes or more later.\\r\\n\\r\\nPlus, with text messaging you can follow up later with new offers, content links, even just follow up notes to keep the conversation going.\\r\\n\\r\\nEverything I\\u2019ve just described is extremely simple to implement, cost-effective, and profitable. \\r\\n \\r\\nCLICK HERE https:\\/\\/rushleadgeneration.com to discover what Web Visitor can do for your business.\\r\\n\\r\\nYou could be converting up to 100X more eyeballs into leads today!\\r\\n\\r\\nEric\\r\\nPS: Web Visitor offers a FREE 14 days trial \\u2013 and it even includes International Long Distance Calling. \\r\\nYou have customers waiting to talk with you right now\\u2026 don\\u2019t keep them waiting. \\r\\nCLICK HERE https:\\/\\/rushleadgeneration.com to try Talk With Web Visitor now.\\r\\n\\r\\nIf you\'d like to unsubscribe click here https:\\/\\/rushleadgeneration.com\\/unsubscribe.aspx?d=hoibaking.com\",\"id\":2,\"type\":\"textarea\"}}','','2024-03-01 11:26:55','2024-03-01 11:26:55','196.199.55.143','Mozilla/5.0 (Windows NT 10.0; Win64; x64) AppleWebKit/537.36 (KHTML, like Gecko) Chrome/114.0.0.0 Safari/537.36',''),(13,114,0,0,'','',0,0,'{\"0\":{\"name\":\"Name\",\"value\":\"Ivy Tong\",\"id\":0,\"type\":\"name\",\"first\":\"\",\"middle\":\"\",\"last\":\"\"},\"1\":{\"name\":\"Email\",\"value\":\"ivy9290@hotmail.com\",\"id\":1,\"type\":\"email\"},\"3\":{\"name\":\"Phone\",\"value\":\"0194159290\",\"id\":3,\"type\":\"phone\"},\"2\":{\"name\":\"Comment or Message\",\"value\":\"\",\"id\":2,\"type\":\"textarea\"}}','','2024-03-02 09:24:46','2024-03-02 09:24:46','175.139.36.68','Mozilla/5.0 (iPhone; CPU iPhone OS 17_3_1 like Mac OS X) AppleWebKit/605.1.15 (KHTML, like Gecko) Mobile/21D61 [FBAN/FBIOS;FBAV/453.0.0.47.106;FBBV/570990458;FBDV/iPhone13,4;FBMD/iPhone;FBSN/iOS;FBSV/17.3.1;FBSS/3;FBID/phone;FBLC/en_Qaau_GB;FBOP/5;FBRV/571','0027f7b5-43d3-4a3c-8889-16aff4e54166'),(14,114,0,0,'','',0,0,'{\"0\":{\"name\":\"Name\",\"value\":\"Masonben\",\"id\":0,\"type\":\"name\",\"first\":\"\",\"middle\":\"\",\"last\":\"\"},\"1\":{\"name\":\"Email\",\"value\":\"kaenquirynicholls@gmail.com\",\"id\":1,\"type\":\"email\"},\"3\":{\"name\":\"Phone\",\"value\":\"82187638973\",\"id\":3,\"type\":\"phone\"},\"2\":{\"name\":\"Comment or Message\",\"value\":\"Ndewo, ach\\u1ecdr\\u1ecd m \\u1ecbmara \\u1ecdn\\u1ee5ah\\u1ecba g\\u1ecb.\",\"id\":2,\"type\":\"textarea\"}}','','2024-03-03 04:07:20','2024-03-03 04:07:20','85.209.11.117','Mozilla/5.0 (Windows NT 6.1; Win64; x64) AppleWebKit/537.36 (KHTML, like Gecko) Chrome/109.0.5414.120 Safari/537.36',''),(15,114,0,0,'','',0,0,'{\"0\":{\"name\":\"Name\",\"value\":\"Alejandra Kimbrell\",\"id\":0,\"type\":\"name\",\"first\":\"\",\"middle\":\"\",\"last\":\"\"},\"1\":{\"name\":\"Email\",\"value\":\"kimbrell.alejandra@hotmail.com\",\"id\":1,\"type\":\"email\"},\"3\":{\"name\":\"Phone\",\"value\":\"424 2691\",\"id\":3,\"type\":\"phone\"},\"2\":{\"name\":\"Comment or Message\",\"value\":\"So I just pre-ordered my FREE copy of Russell Brunson\\u2019s\\r\\nnew book, \\u201cTraffic Secrets.\\u201d\\r\\n\\r\\nAll I had to do was pay a tiny shipping charge. That\\u2019s it. \\r\\n\\r\\nHere\\u2019s the link to get your copy: \\r\\n\\r\\nPre-order My Copy of Traffic Secrets: https:\\/\\/bit.ly\\/toptrafficsecret\\r\\n\\r\\nPersonally, I\\u2019ve been waiting for this book because I heard through the grapevine that it\\u2019s like no other \\u2018traffic\\u2019 book out there.\\r\\n\\r\\nBecause it\\u2019s all evergreen strategy and long-term stuff that you can \\r\\nuse to build a list of buyers and followers in record time... \\r\\n\\r\\nNo matter what platform you use to drive traffic, including...\\r\\n\\r\\nGoogle, YouTube, Facebook, Instagram, Podcasts and others.\\r\\n\\r\\nRussell shares the same strategies he used to take Clickfunnels\\r\\nfrom zero to over $100,000,000 in revenue in just 3 years.\\r\\n\\r\\nAnd you get the same traffic formulas, scripts, and blueprints he shares with his Inner Circle, ClickFunnels Collective students, and Two Comma Club members. \\r\\n\\r\\nPre-order My Copy of Traffic Secrets now: https:\\/\\/bit.ly\\/toptrafficsecret\\r\\n\\r\\nRemember, the book is FREE + a small shipping fee.\\r\\n\\r\\nTalk soon!\\r\\n\\r\\nP.S. If you want the audio version, you can also pre-order that\\r\\nas well!\\r\\n\\r\\nPre-order My Copy of Traffic Secrets: https:\\/\\/bit.ly\\/toptrafficsecret\",\"id\":2,\"type\":\"textarea\"}}','','2024-03-04 15:10:39','2024-03-04 15:10:39','154.202.108.24','Mozilla/5.0 (Windows NT 10.0; Win64; x64) AppleWebKit/537.36 (KHTML, like Gecko) Chrome/114.0.0.0 Safari/537.36 Vivaldi/5.3.2679.68',''),(16,114,0,0,'','',0,0,'{\"0\":{\"name\":\"Name\",\"value\":\"MarryCycle\",\"id\":0,\"type\":\"name\",\"first\":\"\",\"middle\":\"\",\"last\":\"\"},\"1\":{\"name\":\"Email\",\"value\":\"marryattig@gmail.com\",\"id\":1,\"type\":\"email\"},\"3\":{\"name\":\"Phone\",\"value\":\"89656153117\",\"id\":3,\"type\":\"phone\"},\"2\":{\"name\":\"Comment or Message\",\"value\":\"Hello from Sporthappy.\",\"id\":2,\"type\":\"textarea\"}}','','2024-03-04 21:52:24','2024-03-04 21:52:24','37.115.216.33','Mozilla/5.0 (Windows NT 10.0; Win64; x64) AppleWebKit/537.36 (KHTML, like Gecko) Chrome/115.0.0.0 Safari/537.36',''),(17,114,0,0,'','',0,0,'{\"0\":{\"name\":\"Name\",\"value\":\"Mike Jones\",\"id\":0,\"type\":\"name\",\"first\":\"\",\"middle\":\"\",\"last\":\"\"},\"1\":{\"name\":\"Email\",\"value\":\"mikelow@gmail.com\",\"id\":1,\"type\":\"email\"},\"3\":{\"name\":\"Phone\",\"value\":\"84363182831\",\"id\":3,\"type\":\"phone\"},\"2\":{\"name\":\"Comment or Message\",\"value\":\"Hi \\r\\n \\r\\nThis is Mike Jones\\r\\n \\r\\nLet me present you our latest research results from our constant SEO feedbacks that we have from our plans: \\r\\n \\r\\nhttps:\\/\\/www.strictlydigital.net\\/product\\/semrush-backlinks\\/ \\r\\n \\r\\nThe new Semrush Backlinks, which will make your hoibaking.com SEO trend have an immediate push. \\r\\nThe method is actually very simple, we are building links from domains that have a high number of keywords ranking for them.\\u00a0 \\r\\n \\r\\nForget about the SEO metrics or any other factors that so many tools try to teach you that is good. The most valuable link is the one that comes from a website that has a healthy trend and lots of ranking keywords. \\r\\nWe thought about that, so we have built this plan for you \\r\\n \\r\\nCheck in detail here: \\r\\nhttps:\\/\\/www.strictlydigital.net\\/product\\/semrush-backlinks\\/ \\r\\n \\r\\nCheap and effective \\r\\n \\r\\nTry it anytime soon \\r\\n \\r\\nRegards \\r\\nMike Jones\\r\\n \\r\\nmike@strictlydigital.net\",\"id\":2,\"type\":\"textarea\"}}','','2024-03-18 15:08:18','2024-03-18 15:08:18','37.19.223.234','Mozilla/5.0 (Windows NT 10.0; Win64; x64) AppleWebKit/537.36 (KHTML, like Gecko) Chrome/111.0.0.0 Safari/537.36',''),(18,114,0,0,'','',0,0,'{\"0\":{\"name\":\"Name\",\"value\":\"TonaldTenna\",\"id\":0,\"type\":\"name\",\"first\":\"\",\"middle\":\"\",\"last\":\"\"},\"1\":{\"name\":\"Email\",\"value\":\"tonaldsig@gmail.com\",\"id\":1,\"type\":\"email\"},\"3\":{\"name\":\"Phone\",\"value\":\"86253469262\",\"id\":3,\"type\":\"phone\"},\"2\":{\"name\":\"Comment or Message\",\"value\":\"\\u041e\\u0431\\u044a\\u0435\\u0434\\u0438\\u043d\\u0435\\u043d\\u0438\\u0435 \\u0443\\u0441\\u0438\\u043b\\u0438\\u0439 \\u0440\\u043e\\u0434\\u0438\\u0442\\u0435\\u043b\\u0435\\u0439 \\u0438 \\u0441\\u043e\\u0442\\u0440\\u0443\\u0434\\u043d\\u0438\\u043a\\u043e\\u0432 \\u0434\\u043e\\u0448\\u043a\\u043e\\u043b\\u044c\\u043d\\u043e\\u0433\\u043e \\u0443\\u0447\\u0440\\u0435\\u0436\\u0434\\u0435\\u043d\\u0438\\u044f \\u043f\\u043e \\u0431\\u043b\\u0430\\u0433\\u043e\\u0443\\u0441\\u0442\\u0440\\u043e\\u0439\\u0441\\u0442\\u0432\\u0443 \\u043f\\u0440\\u043e\\u0433\\u0443\\u043b\\u043e\\u0447\\u043d\\u043e\\u0439 \\u043f\\u043b\\u043e\\u0449\\u0430\\u0434\\u043a\\u0438 ;.\\u041e\\u0434\\u043d\\u0430\\u043a\\u043e \\u0432 \\u0446\\u0435\\u043b\\u044f\\u0445 \\u0431\\u0435\\u0437\\u043e\\u043f\\u0430\\u0441\\u043d\\u043e\\u0441\\u0442\\u0438 \\u0440\\u0435\\u043a\\u043e\\u043c\\u0435\\u043d\\u0434\\u0443\\u0435\\u0442\\u0441\\u044f \\u043f\\u0440\\u0438\\u043e\\u0431\\u0440\\u0435\\u0442\\u0430\\u0442\\u044c \\u0441\\u0442\\u0430\\u0446\\u0438\\u043e\\u043d\\u0430\\u0440\\u043d\\u0443\\u044e \\u0434\\u0435\\u0442\\u0441\\u043a\\u0443\\u044e \\u043a\\u0430\\u0447\\u0435\\u043b\\u044c\\u043a\\u0443 \\u0438\\u043b\\u0438 \\u043a\\u0430\\u0440\\u0443\\u0441\\u0435\\u043b\\u044c. \\r\\nhttps:\\/\\/tvoytrener.com\\/pitanie\\/vit_c.php\\r\\nhttp:\\/\\/osnovakarate.ru\\/hystory\\/siu-lim-tao.php\\r\\nhttp:\\/\\/www.japan-sumo.ru\\/?q=tochiozan\\r\\n \\r\\n\\u0414\\u0435\\u0442\\u0441\\u043a\\u0430\\u044f \\u0438\\u0433\\u0440\\u043e\\u0432\\u0430\\u044f \\u043f\\u043b\\u043e\\u0449\\u0430\\u0434\\u043a\\u0430 \\u0432 \\u0417\\u0430\\u043f\\u043e\\u0440\\u043e\\u0436\\u044c\\u0435 \\u044d\\u0442\\u043e \\u043c\\u0435\\u0441\\u0442\\u043e, \\u0433\\u0434\\u0435 \\u0438\\u0433\\u0440\\u0430\\u044e\\u0442 \\u0434\\u0435\\u0442\\u0438 \\u0434\\u043e\\u0448\\u043a\\u043e\\u043b\\u044c\\u043d\\u043e\\u0433\\u043e \\u0438 \\u043c\\u043b\\u0430\\u0434\\u0448\\u0435\\u0433\\u043e \\u0448\\u043a\\u043e\\u043b\\u044c\\u043d\\u043e\\u0433\\u043e \\u0432\\u043e\\u0437\\u0440\\u0430\\u0441\\u0442\\u0430.\\u041d\\u0430\\u043f\\u0440\\u0438\\u043c\\u0435\\u0440, \\u043c\\u044b \\u0442\\u0440\\u0435\\u0431\\u0443\\u0435\\u043c \\u043f\\u0440\\u0435\\u0434\\u043e\\u0441\\u0442\\u0430\\u0432\\u043b\\u044f\\u0442\\u044c \\u0434\\u043e\\u043a\\u0443\\u043c\\u0435\\u043d\\u0442\\u044b, \\u043a\\u043e\\u0442\\u043e\\u0440\\u044b\\u0435 \\u0441\\u0432\\u0438\\u0434\\u0435\\u0442\\u0435\\u043b\\u044c\\u0441\\u0442\\u0432\\u0443\\u044e\\u0442, \\u0447\\u0442\\u043e \\u043a\\u043e\\u043c\\u043f\\u0430\\u043d\\u0438\\u044f \\u043d\\u0430 \\u043f\\u0440\\u043e\\u0442\\u044f\\u0436\\u0435\\u043d\\u0438\\u0438 \\u043f\\u043e\\u0441\\u043b\\u0435\\u0434\\u043d\\u0438\\u0445 \\u0434\\u0432\\u0443\\u0445 \\u043b\\u0435\\u0442 \\u0443\\u0436\\u0435 \\u0443\\u0441\\u0442\\u0430\\u043d\\u0430\\u0432\\u043b\\u0438\\u0432\\u0430\\u043b\\u0430 \\u043f\\u043b\\u043e\\u0449\\u0430\\u0434\\u043a\\u0438.\",\"id\":2,\"type\":\"textarea\"}}','','2024-03-18 16:35:58','2024-03-18 16:35:58','37.115.216.33','Mozilla/5.0 (Windows NT 10.0; Win64; x64) AppleWebKit/537.36 (KHTML, like Gecko) Chrome/117.0.5938.132 Safari/537.36',''),(19,114,0,0,'','',0,0,'{\"0\":{\"name\":\"Name\",\"value\":\"ronaldTenna\",\"id\":0,\"type\":\"name\",\"first\":\"\",\"middle\":\"\",\"last\":\"\"},\"1\":{\"name\":\"Email\",\"value\":\"ronaldsig@gmail.com\",\"id\":1,\"type\":\"email\"},\"3\":{\"name\":\"Phone\",\"value\":\"83139181327\",\"id\":3,\"type\":\"phone\"},\"2\":{\"name\":\"Comment or Message\",\"value\":\"\\u041a\\u0443\\u043f\\u0438\\u0442\\u044c \\u043d\\u0430 \\u0441\\u043a\\u043b\\u0430\\u0434\\u0435 \\u0435\\u0441\\u0442\\u044c.\\u041f\\u0440\\u0438\\u043e\\u0431\\u0440\\u0435\\u0442\\u0430\\u044f \\u0442\\u043e\\u0432\\u0430\\u0440 \\u0443 \\u043d\\u0430\\u0441, \\u0432\\u044b \\u043c\\u043e\\u0436\\u0435\\u0442\\u0435 \\u0431\\u044b\\u0442\\u044c \\u0443\\u0432\\u0435\\u0440\\u0435\\u043d\\u043d\\u044b, \\u0447\\u0442\\u043e \\u0432\\u0430\\u0448 \\u0440\\u0435\\u0431\\u0435\\u043d\\u043e\\u043a \\u0431\\u0443\\u0434\\u0435\\u0442 \\u0432 \\u0431\\u0435\\u0437\\u043e\\u043f\\u0430\\u0441\\u043d\\u043e\\u0441\\u0442\\u0438. \\r\\nhttp:\\/\\/www.blacksea.odessa.ua\\/?page_id=73\\r\\nhttp:\\/\\/nsoul.ru\\/MagazinSportivnogoPitaniya\\/\\r\\nhttp:\\/\\/sibsport.info\\/news\\/final_olinda_khrapunova_regina_mindubayeva_video.html\\r\\n \\r\\n\\u041e\\u0441\\u043d\\u043e\\u0432\\u0430\\u043d\\u0438\\u0435 \\u0432 \\u043f\\u0435\\u0441\\u043e\\u0447\\u043d\\u0438\\u0446\\u0435 \\u0432\\u044b\\u043f\\u043e\\u043b\\u043d\\u044f\\u0435\\u0442 \\u0432\\u0430\\u0436\\u043d\\u0443\\u044e \\u0444\\u0443\\u043d\\u043a\\u0446\\u0438\\u044e.\\u041e\\u0431 \\u044d\\u0442\\u043e\\u0439 \\u0441\\u0442\\u0440\\u0430\\u043d\\u0438\\u0446\\u0435.\",\"id\":2,\"type\":\"textarea\"}}','','2024-03-19 20:14:57','2024-03-19 20:14:57','37.115.216.33','Mozilla/5.0 (Windows NT 10.0; Win64; x64) AppleWebKit/537.36 (KHTML, like Gecko) Chrome/119.0.0.0 Safari/537.36',''),(20,114,0,0,'','',0,0,'{\"0\":{\"name\":\"Name\",\"value\":\"Masonben\",\"id\":0,\"type\":\"name\",\"first\":\"\",\"middle\":\"\",\"last\":\"\"},\"1\":{\"name\":\"Email\",\"value\":\"kaenquirynicholls@gmail.com\",\"id\":1,\"type\":\"email\"},\"3\":{\"name\":\"Phone\",\"value\":\"81663865484\",\"id\":3,\"type\":\"phone\"},\"2\":{\"name\":\"Comment or Message\",\"value\":\"\\u0548\\u0572\\u057b\\u0578\\u0582\\u0575\\u0576, \\u0565\\u057d \\u0578\\u0582\\u0566\\u0578\\u0582\\u0574 \\u0567\\u056b \\u056b\\u0574\\u0561\\u0576\\u0561\\u056c \\u0571\\u0565\\u0580 \\u0563\\u056b\\u0576\\u0568.\",\"id\":2,\"type\":\"textarea\"}}','','2024-03-21 11:17:12','2024-03-21 11:17:12','85.209.11.117','Mozilla/5.0 (Windows NT 10.0; Win64; x64) AppleWebKit/537.36 (KHTML, like Gecko) Chrome/115.0.0.0 Safari/537.36',''),(21,114,0,0,'','',0,0,'{\"0\":{\"name\":\"Name\",\"value\":\"KatyaInovity3\",\"id\":0,\"type\":\"name\",\"first\":\"\",\"middle\":\"\",\"last\":\"\"},\"1\":{\"name\":\"Email\",\"value\":\"kantgola@gmail.com\",\"id\":1,\"type\":\"email\"},\"3\":{\"name\":\"Phone\",\"value\":\"83676523769\",\"id\":3,\"type\":\"phone\"},\"2\":{\"name\":\"Comment or Message\",\"value\":\"How about we try that new wine bar everyone\'s been raving about for a cozy evening together?  -   https:\\/\\/u.to\\/DRuCIA?itart\",\"id\":2,\"type\":\"textarea\"}}','','2024-03-23 13:57:37','2024-03-23 13:57:37','45.74.46.245','Mozilla/5.0 (Windows NT 6.1) AppleWebKit/537.36 (KHTML, like Gecko) Chrome/103.0.0.0 Safari/537.36',''),(22,114,0,0,'','',0,0,'{\"0\":{\"name\":\"Name\",\"value\":\"Suwardi Kawilarang\",\"id\":0,\"type\":\"name\",\"first\":\"\",\"middle\":\"\",\"last\":\"\"},\"1\":{\"name\":\"Email\",\"value\":\"suwardik1976@gmail.com\",\"id\":1,\"type\":\"email\"},\"3\":{\"name\":\"Phone\",\"value\":\"62818158213\",\"id\":3,\"type\":\"phone\"},\"2\":{\"name\":\"Comment or Message\",\"value\":\"Mau tanya produk dark cherry untuk blackforest brand royal willamete\",\"id\":2,\"type\":\"textarea\"}}','','2024-03-28 13:39:42','2024-03-28 13:39:42','180.242.128.115','Mozilla/5.0 (iPhone; CPU iPhone OS 17_3_1 like Mac OS X) AppleWebKit/605.1.15 (KHTML, like Gecko) Version/17.3.1 Mobile/15E148 Safari/604.1','7c58248d-65b3-4d6f-b7f2-81889402f346'),(23,114,0,0,'','',0,0,'{\"0\":{\"name\":\"Name\",\"value\":\"KatyaInovity1\",\"id\":0,\"type\":\"name\",\"first\":\"\",\"middle\":\"\",\"last\":\"\"},\"1\":{\"name\":\"Email\",\"value\":\"icesyquitty3@gmail.com\",\"id\":1,\"type\":\"email\"},\"3\":{\"name\":\"Phone\",\"value\":\"82475832169\",\"id\":3,\"type\":\"phone\"},\"2\":{\"name\":\"Comment or Message\",\"value\":\"Hey cutie, I\'ve got a little game we can play.  -  https:\\/\\/rb.gy\\/psrixq?itart\",\"id\":2,\"type\":\"textarea\"}}','','2024-03-28 23:09:51','2024-03-28 23:09:51','45.74.6.71','Mozilla/5.0 (Windows NT 10.0; Win64; x64) AppleWebKit/537.36 (KHTML, like Gecko) Chrome/103.0.5042.0 Safari/537.36',''),(24,114,0,0,'','',0,0,'{\"0\":{\"name\":\"Name\",\"value\":\"Robertben\",\"id\":0,\"type\":\"name\",\"first\":\"\",\"middle\":\"\",\"last\":\"\"},\"1\":{\"name\":\"Email\",\"value\":\"lucido.leinteract@gmail.com\",\"id\":1,\"type\":\"email\"},\"3\":{\"name\":\"Phone\",\"value\":\"82282417281\",\"id\":3,\"type\":\"phone\"},\"2\":{\"name\":\"Comment or Message\",\"value\":\"Hai, saya ingin tahu harga Anda.\",\"id\":2,\"type\":\"textarea\"}}','','2024-03-29 06:29:22','2024-03-29 06:29:22','62.122.184.194','Mozilla/5.0 (Windows NT 6.3; WOW64) AppleWebKit/537.36 (KHTML, like Gecko) Chrome/103.0.5060.114 Safari/537.36',''),(25,114,0,0,'','',0,0,'{\"0\":{\"name\":\"Name\",\"value\":\"KatyaInovity2\",\"id\":0,\"type\":\"name\",\"first\":\"\",\"middle\":\"\",\"last\":\"\"},\"1\":{\"name\":\"Email\",\"value\":\"icesyquitty3@gmail.com\",\"id\":1,\"type\":\"email\"},\"3\":{\"name\":\"Phone\",\"value\":\"86223775276\",\"id\":3,\"type\":\"phone\"},\"2\":{\"name\":\"Comment or Message\",\"value\":\"Hi, let\'s create some unforgettable memories tonight.  -  https:\\/\\/u.to\\/CXOGIA?itart\",\"id\":2,\"type\":\"textarea\"}}','','2024-04-01 14:12:33','2024-04-01 14:12:33','45.74.46.30','Mozilla/5.0 (Windows NT 6.3; WOW64) AppleWebKit/537.36 (KHTML, like Gecko) Chrome/103.0.0.0 Safari/537.36',''),(26,114,0,0,'','',0,0,'{\"0\":{\"name\":\"Name\",\"value\":\"Masonben\",\"id\":0,\"type\":\"name\",\"first\":\"\",\"middle\":\"\",\"last\":\"\"},\"1\":{\"name\":\"Email\",\"value\":\"kaenquirynicholls@gmail.com\",\"id\":1,\"type\":\"email\"},\"3\":{\"name\":\"Phone\",\"value\":\"81322851583\",\"id\":3,\"type\":\"phone\"},\"2\":{\"name\":\"Comment or Message\",\"value\":\"Hi, kam dashur t\\u00eb di \\u00e7mimin tuaj\",\"id\":2,\"type\":\"textarea\"}}','','2024-04-02 03:19:11','2024-04-02 03:19:11','85.209.11.117','Mozilla/5.0 (Windows NT 11.0; WOW64) AppleWebKit/537.36 (KHTML, like Gecko) Chrome/114.0.5814.214 Safari/537.36',''),(27,114,0,0,'','',0,0,'{\"0\":{\"name\":\"Name\",\"value\":\"KatyaInovity3\",\"id\":0,\"type\":\"name\",\"first\":\"\",\"middle\":\"\",\"last\":\"\"},\"1\":{\"name\":\"Email\",\"value\":\"icesyquitty2@gmail.com\",\"id\":1,\"type\":\"email\"},\"3\":{\"name\":\"Phone\",\"value\":\"87666854441\",\"id\":3,\"type\":\"phone\"},\"2\":{\"name\":\"Comment or Message\",\"value\":\"Hello there, care to explore some sensual massage techniques?  -  https:\\/\\/u.to\\/CXOGIA?itart\",\"id\":2,\"type\":\"textarea\"}}','','2024-04-03 07:18:16','2024-04-03 07:18:16','172.111.245.132','Mozilla/5.0 (Windows NT 6.3) AppleWebKit/537.36 (KHTML, like Gecko) Chrome/103.0.0.0 Safari/537.36',''),(28,114,0,0,'','',0,0,'{\"0\":{\"name\":\"Name\",\"value\":\"Mike Bradberry\",\"id\":0,\"type\":\"name\",\"first\":\"\",\"middle\":\"\",\"last\":\"\"},\"1\":{\"name\":\"Email\",\"value\":\"mikeexpedge@gmail.com\",\"id\":1,\"type\":\"email\"},\"3\":{\"name\":\"Phone\",\"value\":\"83883912969\",\"id\":3,\"type\":\"phone\"},\"2\":{\"name\":\"Comment or Message\",\"value\":\"Hi there, \\r\\n \\r\\nI have reviewed your domain in MOZ and have observed that you may benefit from an increase in authority. \\r\\n \\r\\nOur solution guarantees you a high-quality domain authority score within a period of three months. This will increase your organic visibility and strengthen your website authority, thus making it stronger against Google updates. \\r\\n \\r\\nCheck out our deals for more details. \\r\\nhttps:\\/\\/www.monkeydigital.co\\/domain-authority-plan\\/ \\r\\n \\r\\nNEW: Ahrefs Domain Rating \\r\\nhttps:\\/\\/www.monkeydigital.co\\/ahrefs-seo\\/ \\r\\n \\r\\n \\r\\nThanks and regards \\r\\nMike Bradberry\",\"id\":2,\"type\":\"textarea\"}}','','2024-04-04 20:04:41','2024-04-04 20:04:41','84.17.43.24','Mozilla/5.0 (Windows NT 10.0; Win64; x64) AppleWebKit/537.36 (KHTML, like Gecko) Chrome/121.0.0.0 Safari/537.36',''),(29,114,0,0,'','',0,0,'{\"0\":{\"name\":\"Name\",\"value\":\"Mike Scott\",\"id\":0,\"type\":\"name\",\"first\":\"\",\"middle\":\"\",\"last\":\"\"},\"1\":{\"name\":\"Email\",\"value\":\"mikedype@gmail.com\",\"id\":1,\"type\":\"email\"},\"3\":{\"name\":\"Phone\",\"value\":\"84588366758\",\"id\":3,\"type\":\"phone\"},\"2\":{\"name\":\"Comment or Message\",\"value\":\"Hi there \\r\\n \\r\\nJust checked your hoibaking.com baclink profile, I noticed a moderate percentage of toxic links pointing to your website \\r\\n \\r\\nWe will investigate each link for its toxicity and perform a professional clean up for you free of charge. \\r\\n \\r\\nStart recovering your ranks today: \\r\\nhttps:\\/\\/www.hilkom-digital.de\\/professional-linksprofile-clean-up-service\\/ \\r\\n \\r\\nRegards \\r\\nMike Scott\\r\\nHilkom Digital SEO Experts \\r\\nhttps:\\/\\/www.hilkom-digital.de\\/\",\"id\":2,\"type\":\"textarea\"}}','','2024-04-05 15:53:52','2024-04-05 15:53:52','188.126.94.209','Mozilla/5.0 (Windows NT 10.0; Win64; x64) AppleWebKit/537.36 (KHTML, like Gecko) Chrome/120.0.0.0 Iron Safari/537.36',''),(30,114,0,0,'','',0,0,'{\"0\":{\"name\":\"Name\",\"value\":\"Mike MacAdam\",\"id\":0,\"type\":\"name\",\"first\":\"\",\"middle\":\"\",\"last\":\"\"},\"1\":{\"name\":\"Email\",\"value\":\"mikemeesty@gmail.com\",\"id\":1,\"type\":\"email\"},\"3\":{\"name\":\"Phone\",\"value\":\"88685922539\",\"id\":3,\"type\":\"phone\"},\"2\":{\"name\":\"Comment or Message\",\"value\":\"Hi there, \\r\\n \\r\\nMy name is Mike from Monkey Digital, \\r\\n \\r\\nAllow me to present to you a lifetime revenue opportunity of 35% \\r\\nThat\'s right, you can earn 35% of every order made by your affiliate for life. \\r\\n \\r\\nSimply register with us, generate your affiliate links, and incorporate them on your website, and you are done. It takes only 5 minutes to set up everything, and the payouts are sent each month. \\r\\n \\r\\nClick here to enroll with us today: \\r\\nhttps:\\/\\/www.monkeydigital.org\\/affiliate-dashboard\\/ \\r\\n \\r\\nThink about it, \\r\\nEvery website owner requires the use of search engine optimization (SEO) for their website. This endeavor holds significant potential for both parties involved. \\r\\n \\r\\nThanks and regards \\r\\nMike MacAdam\\r\\n \\r\\nMonkey Digital\",\"id\":2,\"type\":\"textarea\"}}','','2024-04-05 22:32:21','2024-04-05 22:32:21','84.17.48.94','Mozilla/5.0 (Windows NT 10.0; Win64; x64) AppleWebKit/537.36 (KHTML, like Gecko) Chrome/120.0.0.0 Iron Safari/537.36',''),(31,114,0,0,'','',0,0,'{\"0\":{\"name\":\"Name\",\"value\":\"KatyaInovity2\",\"id\":0,\"type\":\"name\",\"first\":\"\",\"middle\":\"\",\"last\":\"\"},\"1\":{\"name\":\"Email\",\"value\":\"icesyquitty3@gmail.com\",\"id\":1,\"type\":\"email\"},\"3\":{\"name\":\"Phone\",\"value\":\"85448666396\",\"id\":3,\"type\":\"phone\"},\"2\":{\"name\":\"Comment or Message\",\"value\":\"Hey, how about we indulge in some chocolate fondue?  -  https:\\/\\/u.to\\/O8_RIA?itart\",\"id\":2,\"type\":\"textarea\"}}','','2024-04-06 00:37:05','2024-04-06 00:37:05','45.74.46.72','Mozilla/5.0 (Windows NT 10.0; Win64; x64) AppleWebKit/537.36 (KHTML, like Gecko) Chrome/103.0.5060.114 Safari/537.36',''),(32,114,0,0,'','',0,0,'{\"0\":{\"name\":\"Name\",\"value\":\"Celia Conover\",\"id\":0,\"type\":\"name\",\"first\":\"\",\"middle\":\"\",\"last\":\"\"},\"1\":{\"name\":\"Email\",\"value\":\"celia.conover@yahoo.com\",\"id\":1,\"type\":\"email\"},\"3\":{\"name\":\"Phone\",\"value\":\"405705704\",\"id\":3,\"type\":\"phone\"},\"2\":{\"name\":\"Comment or Message\",\"value\":\"Hi there,\\r\\n\\r\\nI\'ve just been on hoibaking.com and wondered if you\'d ever considered writing an eBook?\\r\\n\\r\\nOur software allows you to turn hoibaking.com into a fully designed eBook. Just provide the content source, and the AI will do the rest.\\r\\n   \\r\\n1. Generate unique and human-like content, ensuring your eBook is engaging and informative.\\r\\n2. Create stunning 3D eCovers to grab attention and make your book stand out.\\r\\n3. Publish your eBook instantly on a built-in marketplace with potential buyers.\\r\\n4. Distribute your book to over 50 publications to increase your reach and drive traffic.\\r\\n\\r\\nThe price is just $16.95 but the price rises shortly.\\r\\n\\r\\nLearn more: https:\\/\\/furtherinfo.org\\/zfqs\\r\\n\\r\\nRegards,\\r\\nRachel\",\"id\":2,\"type\":\"textarea\"}}','','2024-04-06 07:01:11','2024-04-06 07:01:11','196.196.254.158','Mozilla/5.0 (Windows NT 10.0; Win64; x64; Xbox; Xbox One) AppleWebKit/537.36 (KHTML, like Gecko) Chrome/114.0.0.0 Safari/537.36 Edge/44.18363.8131',''),(33,114,0,0,'','',0,0,'{\"0\":{\"name\":\"Name\",\"value\":\"KatyaInovityb\",\"id\":0,\"type\":\"name\",\"first\":\"\",\"middle\":\"\",\"last\":\"\"},\"1\":{\"name\":\"Email\",\"value\":\"icesyquittya@gmail.com\",\"id\":1,\"type\":\"email\"},\"3\":{\"name\":\"Phone\",\"value\":\"88912971686\",\"id\":3,\"type\":\"phone\"},\"2\":{\"name\":\"Comment or Message\",\"value\":\"Hey there, let\'s indulge in some aphrodisiac cocktails.  -  https:\\/\\/rb.gy\\/psrixq?itart\",\"id\":2,\"type\":\"textarea\"}}','','2024-04-07 06:04:14','2024-04-07 06:04:14','172.111.131.6','Mozilla/5.0 (Windows NT 6.1; Win64; x64) AppleWebKit/537.36 (KHTML, like Gecko) Chrome/103.0.0.0 Safari/537.36',''),(34,114,0,0,'','',0,0,'{\"0\":{\"name\":\"Name\",\"value\":\"Emily Jones\",\"id\":0,\"type\":\"name\",\"first\":\"\",\"middle\":\"\",\"last\":\"\"},\"1\":{\"name\":\"Email\",\"value\":\"emilyjones2250@gmail.com\",\"id\":1,\"type\":\"email\"},\"3\":{\"name\":\"Phone\",\"value\":\"316782268\",\"id\":3,\"type\":\"phone\"},\"2\":{\"name\":\"Comment or Message\",\"value\":\"Hi there,\\r\\n\\r\\nWe run a Youtube  growth service, where we can increase your subscriber count safely and practically. \\r\\n\\r\\n- Guaranteed: We guarantee to gain you 700-1500 new subscribers each month.\\r\\n- Real, human subscribers who subscribe because they are interested in your channel\\/videos.\\r\\n- Safe: All actions are done, without using any automated tasks \\/ bots.\\r\\n\\r\\nOur price is just $60 (USD) per month and we can start immediately.\\r\\n\\r\\nWe also grow Instagram followers (300-1000 for $60).\\r\\n\\r\\nGet in touch if you would like to know more.\\r\\n\\r\\nKind Regards,\\r\\nEmily\",\"id\":2,\"type\":\"textarea\"}}','','2024-04-07 18:30:54','2024-04-07 18:30:54','109.230.218.144','Mozilla/5.0 (Windows NT 10.0; WOW64) AppleWebKit/537.36 (KHTML, like Gecko) Chrome/114.0.0.0 Safari/537.36',''),(35,114,0,0,'','',0,0,'{\"0\":{\"name\":\"Name\",\"value\":\"Libby Evans\",\"id\":0,\"type\":\"name\",\"first\":\"\",\"middle\":\"\",\"last\":\"\"},\"1\":{\"name\":\"Email\",\"value\":\"libbyevans461@gmail.com\",\"id\":1,\"type\":\"email\"},\"3\":{\"name\":\"Phone\",\"value\":\"639193541\",\"id\":3,\"type\":\"phone\"},\"2\":{\"name\":\"Comment or Message\",\"value\":\"Hi there,\\r\\n\\r\\nWe run an Instagram growth service, which increases your number of followers both safely and practically. \\r\\n\\r\\n- We guarantee to gain you 300-1000+ followers per month.\\r\\n- People follow you because they are interested in you, increasing likes, comments and interaction.\\r\\n- All actions are made manually by our team. We do not use any \'bots\'.\\r\\n\\r\\nThe price is just $60 (USD) per month, and we can start immediately.\\r\\n\\r\\nIf you\'d like to see some of our previous work, let me know, and we can discuss it further.\\r\\n\\r\\nKind Regards,\\r\\nLibby\",\"id\":2,\"type\":\"textarea\"}}','','2024-04-09 01:56:56','2024-04-09 01:56:56','89.37.66.223','Mozilla/5.0 (Windows NT 10.0; WOW64) AppleWebKit/537.36 (KHTML, like Gecko) Chrome/114.0.0.0 YaBrowser/22.7.0 Yowser/2.5 Safari/537.36',''),(36,114,0,0,'','',0,0,'{\"0\":{\"name\":\"Name\",\"value\":\"Danielle Simpson\",\"id\":0,\"type\":\"name\",\"first\":\"\",\"middle\":\"\",\"last\":\"\"},\"1\":{\"name\":\"Email\",\"value\":\"simpsondanielle800@gmail.com\",\"id\":1,\"type\":\"email\"},\"3\":{\"name\":\"Phone\",\"value\":\"413929318\",\"id\":3,\"type\":\"phone\"},\"2\":{\"name\":\"Comment or Message\",\"value\":\"Hi,\\r\\n\\r\\nWe\'d like to introduce to you our explainer video service, which we feel can benefit your site hoibaking.com.\\r\\n\\r\\nCheck out some of our existing videos here:\\r\\nhttps:\\/\\/www.youtube.com\\/watch?v=8S4l8_bgcnc\\r\\nhttps:\\/\\/www.youtube.com\\/watch?v=bWz-ELfJVEI\\r\\nhttps:\\/\\/www.youtube.com\\/watch?v=Y46aNG-Y3rM\\r\\nhttps:\\/\\/www.youtube.com\\/watch?v=hJCFX1AjHKk\\r\\n\\r\\nOur prices start from as little as $195 and include a professional script and voice-over.\\r\\n\\r\\nIf this is something you would like to discuss further, don\'t hesitate to reply.\\r\\n\\r\\nKind Regards,\\r\\nDanielle\",\"id\":2,\"type\":\"textarea\"}}','','2024-04-09 12:59:18','2024-04-09 12:59:18','165.231.35.108','Mozilla/5.0 (Windows NT 10.0; WOW64) AppleWebKit/537.36 (KHTML, like Gecko) Chrome/114.0.0.0 YaBrowser/22.7.0 Yowser/2.5 Safari/537.36',''),(37,114,0,0,'','',0,0,'{\"0\":{\"name\":\"Name\",\"value\":\"KatyaInovity1\",\"id\":0,\"type\":\"name\",\"first\":\"\",\"middle\":\"\",\"last\":\"\"},\"1\":{\"name\":\"Email\",\"value\":\"icesyquittyb@gmail.com\",\"id\":1,\"type\":\"email\"},\"3\":{\"name\":\"Phone\",\"value\":\"87449633572\",\"id\":3,\"type\":\"phone\"},\"2\":{\"name\":\"Comment or Message\",\"value\":\"Hello, I\'ve got a blindfold and some sensual surprises waiting.  -  https:\\/\\/rb.gy\\/psrixq?itart\",\"id\":2,\"type\":\"textarea\"}}','','2024-04-09 20:44:38','2024-04-09 20:44:38','172.111.131.85','Mozilla/5.0 (Windows NT 10.0; Win64; x64) AppleWebKit/537.36 (KHTML, like Gecko) Chrome/103.0.5060.134 Safari/537.36',''),(38,114,0,0,'','',0,0,'{\"0\":{\"name\":\"Name\",\"value\":\"KatyaInovity1\",\"id\":0,\"type\":\"name\",\"first\":\"\",\"middle\":\"\",\"last\":\"\"},\"1\":{\"name\":\"Email\",\"value\":\"icesyquitty2@gmail.com\",\"id\":1,\"type\":\"email\"},\"3\":{\"name\":\"Phone\",\"value\":\"85842265557\",\"id\":3,\"type\":\"phone\"},\"2\":{\"name\":\"Comment or Message\",\"value\":\"Hi handsome, want some fun?  -  https:\\/\\/rb.gy\\/psrixq?itart\",\"id\":2,\"type\":\"textarea\"}}','','2024-04-19 02:29:10','2024-04-19 02:29:10','206.123.150.162','Mozilla/5.0 (Windows NT 6.3; Win64; x64) AppleWebKit/537.36 (KHTML, like Gecko) Chrome/103.0.5060.66 Safari/537.36',''),(39,114,0,0,'','',0,0,'{\"0\":{\"name\":\"Name\",\"value\":\"Danielle Simpson\",\"id\":0,\"type\":\"name\",\"first\":\"\",\"middle\":\"\",\"last\":\"\"},\"1\":{\"name\":\"Email\",\"value\":\"simpsondanielle800@gmail.com\",\"id\":1,\"type\":\"email\"},\"3\":{\"name\":\"Phone\",\"value\":\"381667480\",\"id\":3,\"type\":\"phone\"},\"2\":{\"name\":\"Comment or Message\",\"value\":\"Hi,\\r\\n\\r\\nI just visited hoibaking.com and wondered if you\'d ever thought about having an engaging video to explain what you do?\\r\\n\\r\\nI can show you some previous videos we\'ve done if you want me to send some over. Let me know if you\'re interested in seeing samples of our previous work.\\r\\n\\r\\nRegards,\\r\\nDanielle\",\"id\":2,\"type\":\"textarea\"}}','','2024-04-19 04:51:17','2024-04-19 04:51:17','196.247.160.240','Mozilla/5.0 (Linux x86_64; rv:114.0) Gecko/20100101 Firefox/114.0',''),(40,114,0,0,'','',0,0,'{\"0\":{\"name\":\"Name\",\"value\":\"MonaldTenna\",\"id\":0,\"type\":\"name\",\"first\":\"\",\"middle\":\"\",\"last\":\"\"},\"1\":{\"name\":\"Email\",\"value\":\"monaldsig@gmail.com\",\"id\":1,\"type\":\"email\"},\"3\":{\"name\":\"Phone\",\"value\":\"83411856832\",\"id\":3,\"type\":\"phone\"},\"2\":{\"name\":\"Comment or Message\",\"value\":\"\\u0412\\u0441\\u0435 \\u0438\\u0433\\u0440\\u043e\\u0432\\u044b\\u0435 \\u043a\\u043e\\u043d\\u0441\\u0442\\u0440\\u0443\\u043a\\u0446\\u0438\\u0438 \\u043f\\u0440\\u043e\\u0438\\u0437\\u0432\\u043e\\u0434\\u044f\\u0442\\u0441\\u044f \\u0442\\u043e\\u043b\\u044c\\u043a\\u043e \\u0438\\u0437 \\u0432\\u044b\\u0441\\u043e\\u043a\\u043e\\u043a\\u0430\\u0447\\u0435\\u0441\\u0442\\u0432\\u0435\\u043d\\u043d\\u044b\\u0445 \\u043c\\u0430\\u0442\\u0435\\u0440\\u0438\\u0430\\u043b\\u043e\\u0432 \\u0438 \\u0441\\u043e\\u043e\\u0442\\u0432\\u0435\\u0442\\u0441\\u0442\\u0432\\u0443\\u044e\\u0442 \\u043c\\u0435\\u0436\\u0434\\u0443\\u043d\\u0430\\u0440\\u043e\\u0434\\u043d\\u044b\\u043c \\u0441\\u0442\\u0430\\u043d\\u0434\\u0430\\u0440\\u0442\\u0430\\u043c \\u043a\\u0430\\u0447\\u0435\\u0441\\u0442\\u0432\\u0430.714 \\u043a \\u041a\\u0430\\u0447\\u0435\\u043b\\u0438 \\u0434\\u0435\\u0442\\u0441\\u043a\\u0438\\u0435 \\u043f\\u0435\\u0440\\u0435\\u043d\\u043e\\u0441\\u043d\\u044b\\u0435 \\u0411\\u0430\\u0431\\u043e\\u0447\\u043a\\u0430 \\u0434\\u043e\\u043c - \\u0443\\u043b\\u0438\\u0446\\u0430 . \\r\\n\\u0420\\u0443\\u0447\\u043a\\u0438 \\u0438 \\u043c\\u0430\\u043d\\u0436\\u0435\\u0442\\u044b \\u0434\\u043b\\u044f \\u0442\\u0440\\u0435\\u043d\\u0430\\u0436\\u0435\\u0440\\u043e\\u0432\\r\\n\\u041e\\u043f\\u0438\\u0441\\u0430\\u043d\\u0438\\u0435 \\u043c\\u0430\\u043d\\u0436\\u0435\\u0442\\u0430 \\u0434\\u043b\\u044f \\u043d\\u043e\\u0433\\r\\n\\u041e\\u0431\\u0449\\u0435\\u0441\\u0442\\u0432\\u0435\\u043d\\u043d\\u044b\\u0439 \\u043f\\u0440\\u043e\\u0435\\u043a\\u0442 \\u0434\\u0435\\u0442\\u0441\\u043a\\u0430\\u044f \\u0441\\u043f\\u043e\\u0440\\u0442\\u0438\\u0432\\u043d\\u0430\\u044f \\u043f\\u043b\\u043e\\u0449\\u0430\\u0434\\u043a\\u0430\\r\\n \\r\\n\\u0423\\u043a\\u0440\\u0430\\u0438\\u043d\\u0441\\u043a\\u0438\\u0439 \\u0441\\u0443\\u043f\\u0435\\u0440\\u043c\\u0430\\u0440\\u043a\\u0435\\u0442 \\u0442\\u043e\\u0432\\u0430\\u0440\\u043e\\u0432 \\u0434\\u043b\\u044f \\u0434\\u0435\\u0442\\u0435\\u0439 \\u0417\\u0430\\u0431\\u0430\\u0432\\u0430 \\u0438\\u0434\\u0435\\u0430\\u043b\\u044c\\u043d\\u043e\\u0435 \\u043c\\u0435\\u0441\\u0442\\u043e, \\u0433\\u0434\\u0435 \\u043c\\u043e\\u0436\\u043d\\u043e \\u043a\\u0443\\u043f\\u0438\\u0442\\u044c \\u0434\\u0435\\u0442\\u0441\\u043a\\u0438\\u0439 \\u0441\\u043f\\u043e\\u0440\\u0442\\u0438\\u0432\\u043d\\u044b\\u0439 \\u0438 \\u0438\\u0433\\u0440\\u043e\\u0432\\u043e\\u0439 \\u043a\\u043e\\u043c\\u043f\\u043b\\u0435\\u043a\\u0441 \\u043f\\u043e \\u0441\\u0430\\u043c\\u043e\\u0439 \\u043e\\u043f\\u0442\\u0438\\u043c\\u0430\\u043b\\u044c\\u043d\\u043e\\u0439 \\u0446\\u0435\\u043d\\u0435 \\u043d\\u0435 \\u0442\\u043e\\u043b\\u044c\\u043a\\u043e \\u0432 \\u041a\\u0438\\u0435\\u0432\\u0435, \\u0425\\u0430\\u0440\\u044c\\u043a\\u043e\\u0432\\u0435, \\u043d\\u043e \\u0438 \\u043f\\u043e \\u0432\\u0441\\u0435\\u0439 \\u0423\\u043a\\u0440\\u0430\\u0438\\u043d\\u0435.\\u0434\\u0435\\u0442\\u0441\\u043a\\u0438\\u0435 \\u043f\\u043b\\u043e\\u0449\\u0430\\u0434\\u043a\\u0438 \\u0438 \\u044d\\u043b\\u0435\\u043c\\u0435\\u043d\\u0442\\u044b; \\u0431\\u043e\\u043b\\u044c\\u0448\\u043e\\u0435 \\u043a\\u043e\\u043b\\u0438\\u0447\\u0435\\u0441\\u0442\\u0432\\u043e \\u043c\\u043e\\u0434\\u0435\\u043b\\u0435\\u0439 \\u0443\\u043b\\u0438\\u0447\\u043d\\u044b\\u0445 \\u0442\\u0440\\u0435\\u043d\\u0430\\u0436\\u0435\\u0440\\u043e\\u0432; \\u0438\\u0441\\u043a\\u0443\\u0441\\u0441\\u0442\\u0432\\u0435\\u043d\\u043d\\u044b\\u0435 \\u043f\\u043e\\u043a\\u0440\\u044b\\u0442\\u0438\\u044f \\u0434\\u043b\\u044f \\u0438\\u0433\\u0440\\u043e\\u0432\\u044b\\u0445 \\u0432\\u0438\\u0434\\u043e\\u0432 \\u0441\\u043f\\u043e\\u0440\\u0442\\u0430; \\u043e\\u0431\\u043e\\u0440\\u0443\\u0434\\u043e\\u0432\\u0430\\u043d\\u0438\\u0435 \\u0434\\u043b\\u044f \\u043e\\u0441\\u043d\\u0430\\u0449\\u0435\\u043d\\u0438\\u044f \\u0441\\u0442\\u0430\\u0434\\u0438\\u043e\\u043d\\u043e\\u0432 \\u0438 \\u0438\\u0433\\u0440\\u043e\\u0432\\u044b\\u0445 \\u043f\\u043b\\u043e\\u0449\\u0430\\u0434\\u043e\\u043a; \\u043f\\u043e\\u043a\\u0440\\u044b\\u0442\\u0438\\u044f \\u0434\\u043b\\u044f \\u0441\\u043f\\u043e\\u0440\\u0442\\u0438\\u0432\\u043d\\u044b\\u0445 \\u0437\\u0430\\u043b\\u043e\\u0432 \\u0438\\u0433\\u0440\\u043e\\u0432\\u044b\\u0445 \\u0432\\u0438\\u0434\\u043e\\u0432 \\u0441\\u043f\\u043e\\u0440\\u0442\\u0430; \\u0441\\u043f\\u043e\\u0440\\u0442\\u0438\\u0432\\u043d\\u043e\\u0435 \\u043e\\u0431\\u043e\\u0440\\u0443\\u0434\\u043e\\u0432\\u0430\\u043d\\u0438\\u0435 \\u0434\\u043b\\u044f \\u0438\\u0433\\u0440\\u043e\\u0432\\u044b\\u0445 \\u0432\\u0438\\u0434\\u043e\\u0432 \\u0441\\u043f\\u043e\\u0440\\u0442\\u0430 \\u0444\\u0443\\u0442\\u0431\\u043e\\u043b, \\u0431\\u0430\\u0441\\u043a\\u0435\\u0442\\u0431\\u043e\\u043b, \\u0432\\u043e\\u043b\\u0435\\u0439\\u0431\\u043e\\u043b, \\u0431\\u043e\\u043b\\u044c\\u0448\\u043e\\u0439 \\u0442\\u0435\\u043d\\u043d\\u0438\\u0441, \\u0442\\u0435\\u043d\\u043d\\u0438\\u0441 ; \\u043e\\u0431\\u043e\\u0440\\u0443\\u0434\\u043e\\u0432\\u0430\\u043d\\u0438\\u0435 \\u0434\\u043b\\u044f \\u0441\\u0442\\u0430\\u0434\\u0438\\u043e\\u043d\\u043e\\u0432 \\u0438\\u0441\\u043a\\u0443\\u0441\\u0441\\u0442\\u0432\\u0435\\u043d\\u043d\\u043e\\u0435 \\u0438 \\u043d\\u0430\\u043b\\u0438\\u0432\\u043d\\u043e\\u0435 \\u043f\\u043e\\u043a\\u0440\\u044b\\u0442\\u0438\\u0435, \\u0442\\u0440\\u0438\\u0431\\u0443\\u043d\\u044b ; \\u043e\\u0431\\u043e\\u0440\\u0443\\u0434\\u043e\\u0432\\u0430\\u043d\\u0438\\u0435 \\u0434\\u043b\\u044f \\u043b\\u0435\\u0433\\u043a\\u043e\\u0439 \\u0430\\u0442\\u043b\\u0435\\u0442\\u0438\\u043a\\u0438.\",\"id\":2,\"type\":\"textarea\"}}','','2024-04-20 08:04:19','2024-04-20 08:04:19','37.115.216.33','Mozilla/5.0 (Windows NT 10.0; Win64; x64) AppleWebKit/537.36 (KHTML, like Gecko) Chrome/120.0.0.0 Iron Safari/537.36',''),(41,114,0,0,'','',0,0,'{\"0\":{\"name\":\"Name\",\"value\":\"Robertben\",\"id\":0,\"type\":\"name\",\"first\":\"\",\"middle\":\"\",\"last\":\"\"},\"1\":{\"name\":\"Email\",\"value\":\"lucido.leinteract@gmail.com\",\"id\":1,\"type\":\"email\"},\"3\":{\"name\":\"Phone\",\"value\":\"86211513579\",\"id\":3,\"type\":\"phone\"},\"2\":{\"name\":\"Comment or Message\",\"value\":\"Sawubona, bengifuna ukwazi intengo yakho.\",\"id\":2,\"type\":\"textarea\"}}','','2024-04-20 10:06:07','2024-04-20 10:06:07','62.122.184.194','Mozilla/5.0 (Windows NT 6.3) AppleWebKit/537.36 (KHTML, like Gecko) Chrome/103.0.0.0 Safari/537.36','');

--
-- Table structure for table `hbakoiadmp_wpforms_entry_fields`
--

CREATE TABLE `hbakoiadmp_wpforms_entry_fields` (
  `id` bigint(20) NOT NULL AUTO_INCREMENT,
  `entry_id` bigint(20) NOT NULL,
  `form_id` bigint(20) NOT NULL,
  `field_id` int(11) NOT NULL,
  `value` longtext COLLATE utf8mb4_unicode_520_ci NOT NULL,
  `date` datetime NOT NULL,
  PRIMARY KEY (`id`),
  KEY `entry_id` (`entry_id`),
  KEY `form_id` (`form_id`),
  KEY `field_id` (`field_id`)
) ENGINE=MyISAM AUTO_INCREMENT=163 DEFAULT CHARSET=utf8mb4 COLLATE=utf8mb4_unicode_520_ci;

--
-- Dumping data for table `hbakoiadmp_wpforms_entry_fields`
--

INSERT INTO `hbakoiadmp_wpforms_entry_fields` VALUES (1,1,114,0,'Ernestpuh','2024-01-28 16:56:20'),(2,1,114,1,'michaeladams1270868@gmail.com','2024-01-28 16:56:20'),(3,1,114,3,'81954658198','2024-01-28 16:56:20'),(4,2,114,0,'RobertFix','2024-01-29 08:42:29'),(5,2,114,1,'yasen.krasen.13+75299@mail.ru','2024-01-29 08:42:29'),(6,2,114,3,'86624313559','2024-01-29 08:42:29'),(7,2,114,2,'Ofokfojfief jwlkfeejereghfj iewojfekfjergij wiojewjfewitghuhwrgtjgh ewjhfwqjhdfuewgtuiwe huegfrwgyewgtywegt hoibaking.com','2024-01-29 08:42:29'),(8,3,114,0,'Masonben','2024-02-03 09:24:19'),(9,3,114,1,'kaenquirynicholls@gmail.com','2024-02-03 09:24:19'),(10,3,114,3,'87243147662','2024-02-03 09:24:19'),(11,3,114,2,'Hola, volia saber el seu preu.','2024-02-03 09:24:19'),(12,4,114,0,'Masonben','2024-02-12 09:26:12'),(13,4,114,1,'kaenquirynicholls@gmail.com','2024-02-12 09:26:12'),(14,4,114,3,'83559628463','2024-02-12 09:26:12'),(15,4,114,2,'Hola, quería saber tu precio..','2024-02-12 09:26:12'),(16,5,114,0,'Robertben','2024-02-12 15:46:57'),(17,5,114,1,'lucido.leinteract@gmail.com','2024-02-12 15:46:57'),(18,5,114,3,'89699979631','2024-02-12 15:46:57'),(19,5,114,2,'Ciao, volevo sapere il tuo prezzo.','2024-02-12 15:46:57'),(20,6,114,0,'Masonben','2024-02-16 03:22:06'),(21,6,114,1,'kaenquirynicholls@gmail.com','2024-02-16 03:22:06'),(22,6,114,3,'88819454895','2024-02-16 03:22:06'),(23,6,114,2,'Dia duit, theastaigh uaim do phraghas a fháil.','2024-02-16 03:22:06'),(24,7,114,0,'Malcolmsaddy','2024-02-16 15:23:01'),(25,7,114,1,'no.reply.stefanjohansson@gmail.com','2024-02-16 15:23:01'),(26,7,114,3,'84843552153','2024-02-16 15:23:01'),(27,7,114,2,'Hi-ya! hoibaking.com \r\n \r\nDid you know that it is possible to send commercial offer correctlСѓ legal? We provide a new legal method of sending business proposals via feedback forms. \r\nMessages sent via Feedback Forms are not regarded as spam, since they are thought of as important. \r\nYou can now test out our service without having to pay. \r\nWe can dispatch up to 50,000 messages in your behalf. \r\n \r\nThe cost of sending one million messages is $59. \r\n \r\nThis letter is automatically generated. \r\n \r\nWe only use chat for communication. \r\n \r\nContact us. \r\nTelegram - https://t.me/FeedbackFormEU \r\nSkype  live:contactform_18 \r\nWhatsApp - +375259112693 \r\nWhatsApp  https://wa.me/+375259112693','2024-02-16 15:23:01'),(28,8,114,0,'Frankweatt','2024-02-26 06:31:03'),(29,8,114,1,'nizeyimana2001@yahoo.co.uk','2024-02-26 06:31:03'),(30,8,114,3,'82643398445','2024-02-26 06:31:03'),(31,8,114,2,'URGENT ALERT: $68,000 – WITHDRAWAL INSTRUCTIONS INSIDE – ACT NOW! https://anolink.com/?link=https9mlnnnst.blogspot.com2199 \r\n \r\n \r\n \r\n \r\n \r\n \r\n \r\n \r\n \r\n \r\nc8jp7s0g7p9b4w0o \r\nx5vn3i7k1r6h8d8s \r\ns3yn5j2x7f5e1j7e','2024-02-26 06:31:03'),(32,9,114,0,'JAMILAH','2024-02-28 14:32:10'),(33,9,114,1,'jamsgems@gmail.com','2024-02-28 14:32:10'),(34,9,114,3,'+6591194143','2024-02-28 14:32:10'),(35,9,114,2,'Hi!\r\nI am interested to purchase some items.\r\nKindly advice how much is the postage to Singapore.\r\n\r\nThank you.','2024-02-28 14:32:10'),(36,10,114,0,'Adelaida Hedberg','2024-02-29 00:18:49'),(37,10,114,1,'adelaida.hedberg@gmail.com','2024-02-29 00:18:49'),(38,10,114,3,'0521780718','2024-02-29 00:18:49'),(39,10,114,2,'I’ve been working with freelancers for over nine years now. \r\n\r\nOne of the biggest things I want businesses to know about working with freelancers is how much time and money they can save by hiring freelancers for projects. \r\n\r\nWhether you’re a multi-level corporation or a small start-up, chances are, you could benefit from using freelance work. \r\n\r\nThe details here: https://saloof.com/how','2024-02-29 00:18:49'),(40,11,114,0,'Mohamad Fadhil','2024-02-29 10:29:49'),(41,11,114,1,'mohamadfadhil11@yahoo.com','2024-02-29 10:29:49'),(42,11,114,3,'0127068809','2024-02-29 10:29:49'),(43,11,114,2,'Do you have pistachio spread ?','2024-02-29 10:29:49'),(44,12,114,0,'Eric Jones','2024-03-01 11:26:55'),(45,12,114,1,'ericjonesmyemail@gmail.com','2024-03-01 11:26:55'),(46,12,114,3,'555-555-1212','2024-03-01 11:26:55'),(47,12,114,2,'Dear, Eric here with a quick thought about your website hoibaking.com Administrator!\r\n\r\nI’m on the internet a lot and I look at a lot of business websites.\r\n\r\nLike yours, many of them have great content. \r\n\r\nBut all too often, they come up short when it comes to engaging and connecting with anyone who visits.\r\n\r\nI get it – it’s hard.  Studies show 7 out of 10 people who land on a site, abandon it in moments without leaving even a trace.  You got the eyeball, but nothing else.\r\n\r\nHere’s a solution for you…\r\n\r\nWeb Visitor is a software widget that’s works on your site, ready to capture any visitor’s Name, Email address and Phone Number.  You’ll know immediately they’re interested and you can call them directly to talk with them literally while they’re still on the web looking at your site.\r\n\r\nCLICK HERE https://rushleadgeneration.com to try out a Live Demo with Web Visitor now to see exactly how it works.\r\n\r\nIt could be huge for your business – and because you’ve got that phone number, with our new SMS Text With Lead feature, you can automatically start a text (SMS) conversation – immediately… and contacting someone in that 5 minute window is 100 times more powerful than reaching out 30 minutes or more later.\r\n\r\nPlus, with text messaging you can follow up later with new offers, content links, even just follow up notes to keep the conversation going.\r\n\r\nEverything I’ve just described is extremely simple to implement, cost-effective, and profitable. \r\n \r\nCLICK HERE https://rushleadgeneration.com to discover what Web Visitor can do for your business.\r\n\r\nYou could be converting up to 100X more eyeballs into leads today!\r\n\r\nEric\r\nPS: Web Visitor offers a FREE 14 days trial – and it even includes International Long Distance Calling. \r\nYou have customers waiting to talk with you right now… don’t keep them waiting. \r\nCLICK HERE https://rushleadgeneration.com to try Talk With Web Visitor now.\r\n\r\nIf you\'d like to unsubscribe click here https://rushleadgeneration.com/unsubscribe.aspx?d=hoibaking.com','2024-03-01 11:26:55'),(48,13,114,0,'Ivy Tong','2024-03-02 09:24:46'),(49,13,114,1,'ivy9290@hotmail.com','2024-03-02 09:24:46'),(50,13,114,3,'0194159290','2024-03-02 09:24:46'),(51,14,114,0,'Masonben','2024-03-03 04:07:21'),(52,14,114,1,'kaenquirynicholls@gmail.com','2024-03-03 04:07:21'),(53,14,114,3,'82187638973','2024-03-03 04:07:21'),(54,14,114,2,'Ndewo, achọrọ m ịmara ọnụahịa gị.','2024-03-03 04:07:21'),(55,15,114,0,'Alejandra Kimbrell','2024-03-04 15:10:39'),(56,15,114,1,'kimbrell.alejandra@hotmail.com','2024-03-04 15:10:39'),(57,15,114,3,'424 2691','2024-03-04 15:10:39'),(58,15,114,2,'So I just pre-ordered my FREE copy of Russell Brunson’s\r\nnew book, “Traffic Secrets.”\r\n\r\nAll I had to do was pay a tiny shipping charge. That’s it. \r\n\r\nHere’s the link to get your copy: \r\n\r\nPre-order My Copy of Traffic Secrets: https://bit.ly/toptrafficsecret\r\n\r\nPersonally, I’ve been waiting for this book because I heard through the grapevine that it’s like no other ‘traffic’ book out there.\r\n\r\nBecause it’s all evergreen strategy and long-term stuff that you can \r\nuse to build a list of buyers and followers in record time... \r\n\r\nNo matter what platform you use to drive traffic, including...\r\n\r\nGoogle, YouTube, Facebook, Instagram, Podcasts and others.\r\n\r\nRussell shares the same strategies he used to take Clickfunnels\r\nfrom zero to over $100,000,000 in revenue in just 3 years.\r\n\r\nAnd you get the same traffic formulas, scripts, and blueprints he shares with his Inner Circle, ClickFunnels Collective students, and Two Comma Club members. \r\n\r\nPre-order My Copy of Traffic Secrets now: https://bit.ly/toptrafficsecret\r\n\r\nRemember, the book is FREE + a small shipping fee.\r\n\r\nTalk soon!\r\n\r\nP.S. If you want the audio version, you can also pre-order that\r\nas well!\r\n\r\nPre-order My Copy of Traffic Secrets: https://bit.ly/toptrafficsecret','2024-03-04 15:10:39'),(59,16,114,0,'MarryCycle','2024-03-04 21:52:24'),(60,16,114,1,'marryattig@gmail.com','2024-03-04 21:52:24'),(61,16,114,3,'89656153117','2024-03-04 21:52:24'),(62,16,114,2,'Hello from Sporthappy.','2024-03-04 21:52:24'),(63,17,114,0,'Mike Jones','2024-03-18 15:08:18'),(64,17,114,1,'mikelow@gmail.com','2024-03-18 15:08:18'),(65,17,114,3,'84363182831','2024-03-18 15:08:18'),(66,17,114,2,'Hi \r\n \r\nThis is Mike Jones\r\n \r\nLet me present you our latest research results from our constant SEO feedbacks that we have from our plans: \r\n \r\nhttps://www.strictlydigital.net/product/semrush-backlinks/ \r\n \r\nThe new Semrush Backlinks, which will make your hoibaking.com SEO trend have an immediate push. \r\nThe method is actually very simple, we are building links from domains that have a high number of keywords ranking for them.  \r\n \r\nForget about the SEO metrics or any other factors that so many tools try to teach you that is good. The most valuable link is the one that comes from a website that has a healthy trend and lots of ranking keywords. \r\nWe thought about that, so we have built this plan for you \r\n \r\nCheck in detail here: \r\nhttps://www.strictlydigital.net/product/semrush-backlinks/ \r\n \r\nCheap and effective \r\n \r\nTry it anytime soon \r\n \r\nRegards \r\nMike Jones\r\n \r\nmike@strictlydigital.net','2024-03-18 15:08:18'),(67,18,114,0,'TonaldTenna','2024-03-18 16:35:58'),(68,18,114,1,'tonaldsig@gmail.com','2024-03-18 16:35:58'),(69,18,114,3,'86253469262','2024-03-18 16:35:58'),(70,18,114,2,'Объединение усилий родителей и сотрудников дошкольного учреждения по благоустройству прогулочной площадки ;.Однако в целях безопасности рекомендуется приобретать стационарную детскую качельку или карусель. \r\nhttps://tvoytrener.com/pitanie/vit_c.php\r\nhttp://osnovakarate.ru/hystory/siu-lim-tao.php\r\nhttp://www.japan-sumo.ru/?q=tochiozan\r\n \r\nДетская игровая площадка в Запорожье это место, где играют дети дошкольного и младшего школьного возраста.Например, мы требуем предоставлять документы, которые свидетельствуют, что компания на протяжении последних двух лет уже устанавливала площадки.','2024-03-18 16:35:58'),(71,19,114,0,'ronaldTenna','2024-03-19 20:14:57'),(72,19,114,1,'ronaldsig@gmail.com','2024-03-19 20:14:57'),(73,19,114,3,'83139181327','2024-03-19 20:14:57'),(74,19,114,2,'Купить на складе есть.Приобретая товар у нас, вы можете быть уверенны, что ваш ребенок будет в безопасности. \r\nhttp://www.blacksea.odessa.ua/?page_id=73\r\nhttp://nsoul.ru/MagazinSportivnogoPitaniya/\r\nhttp://sibsport.info/news/final_olinda_khrapunova_regina_mindubayeva_video.html\r\n \r\nОснование в песочнице выполняет важную функцию.Об этой странице.','2024-03-19 20:14:57'),(75,20,114,0,'Masonben','2024-03-21 11:17:12'),(76,20,114,1,'kaenquirynicholls@gmail.com','2024-03-21 11:17:12'),(77,20,114,3,'81663865484','2024-03-21 11:17:12'),(78,20,114,2,'Ողջույն, ես ուզում էի իմանալ ձեր գինը.','2024-03-21 11:17:12'),(79,21,114,0,'KatyaInovity3','2024-03-23 13:57:37'),(80,21,114,1,'kantgola@gmail.com','2024-03-23 13:57:37'),(81,21,114,3,'83676523769','2024-03-23 13:57:37'),(82,21,114,2,'How about we try that new wine bar everyone\'s been raving about for a cozy evening together?  -   https://u.to/DRuCIA?itart','2024-03-23 13:57:37'),(83,22,114,0,'Suwardi Kawilarang','2024-03-28 13:39:42'),(84,22,114,1,'suwardik1976@gmail.com','2024-03-28 13:39:42'),(85,22,114,3,'62818158213','2024-03-28 13:39:42'),(86,22,114,2,'Mau tanya produk dark cherry untuk blackforest brand royal willamete','2024-03-28 13:39:42'),(87,23,114,0,'KatyaInovity1','2024-03-28 23:09:51'),(88,23,114,1,'icesyquitty3@gmail.com','2024-03-28 23:09:51'),(89,23,114,3,'82475832169','2024-03-28 23:09:51'),(90,23,114,2,'Hey cutie, I\'ve got a little game we can play.  -  https://rb.gy/psrixq?itart','2024-03-28 23:09:51'),(91,24,114,0,'Robertben','2024-03-29 06:29:22'),(92,24,114,1,'lucido.leinteract@gmail.com','2024-03-29 06:29:22'),(93,24,114,3,'82282417281','2024-03-29 06:29:22'),(94,24,114,2,'Hai, saya ingin tahu harga Anda.','2024-03-29 06:29:22'),(95,25,114,0,'KatyaInovity2','2024-04-01 14:12:33'),(96,25,114,1,'icesyquitty3@gmail.com','2024-04-01 14:12:33'),(97,25,114,3,'86223775276','2024-04-01 14:12:33'),(98,25,114,2,'Hi, let\'s create some unforgettable memories tonight.  -  https://u.to/CXOGIA?itart','2024-04-01 14:12:33'),(99,26,114,0,'Masonben','2024-04-02 03:19:11'),(100,26,114,1,'kaenquirynicholls@gmail.com','2024-04-02 03:19:11'),(101,26,114,3,'81322851583','2024-04-02 03:19:11'),(102,26,114,2,'Hi, kam dashur të di çmimin tuaj','2024-04-02 03:19:11'),(103,27,114,0,'KatyaInovity3','2024-04-03 07:18:16'),(104,27,114,1,'icesyquitty2@gmail.com','2024-04-03 07:18:16'),(105,27,114,3,'87666854441','2024-04-03 07:18:16'),(106,27,114,2,'Hello there, care to explore some sensual massage techniques?  -  https://u.to/CXOGIA?itart','2024-04-03 07:18:16'),(107,28,114,0,'Mike Bradberry','2024-04-04 20:04:41'),(108,28,114,1,'mikeexpedge@gmail.com','2024-04-04 20:04:41'),(109,28,114,3,'83883912969','2024-04-04 20:04:41'),(110,28,114,2,'Hi there, \r\n \r\nI have reviewed your domain in MOZ and have observed that you may benefit from an increase in authority. \r\n \r\nOur solution guarantees you a high-quality domain authority score within a period of three months. This will increase your organic visibility and strengthen your website authority, thus making it stronger against Google updates. \r\n \r\nCheck out our deals for more details. \r\nhttps://www.monkeydigital.co/domain-authority-plan/ \r\n \r\nNEW: Ahrefs Domain Rating \r\nhttps://www.monkeydigital.co/ahrefs-seo/ \r\n \r\n \r\nThanks and regards \r\nMike Bradberry','2024-04-04 20:04:41'),(111,29,114,0,'Mike Scott','2024-04-05 15:53:52'),(112,29,114,1,'mikedype@gmail.com','2024-04-05 15:53:52'),(113,29,114,3,'84588366758','2024-04-05 15:53:52'),(114,29,114,2,'Hi there \r\n \r\nJust checked your hoibaking.com baclink profile, I noticed a moderate percentage of toxic links pointing to your website \r\n \r\nWe will investigate each link for its toxicity and perform a professional clean up for you free of charge. \r\n \r\nStart recovering your ranks today: \r\nhttps://www.hilkom-digital.de/professional-linksprofile-clean-up-service/ \r\n \r\nRegards \r\nMike Scott\r\nHilkom Digital SEO Experts \r\nhttps://www.hilkom-digital.de/','2024-04-05 15:53:52'),(115,30,114,0,'Mike MacAdam','2024-04-05 22:32:21'),(116,30,114,1,'mikemeesty@gmail.com','2024-04-05 22:32:21'),(117,30,114,3,'88685922539','2024-04-05 22:32:21'),(118,30,114,2,'Hi there, \r\n \r\nMy name is Mike from Monkey Digital, \r\n \r\nAllow me to present to you a lifetime revenue opportunity of 35% \r\nThat\'s right, you can earn 35% of every order made by your affiliate for life. \r\n \r\nSimply register with us, generate your affiliate links, and incorporate them on your website, and you are done. It takes only 5 minutes to set up everything, and the payouts are sent each month. \r\n \r\nClick here to enroll with us today: \r\nhttps://www.monkeydigital.org/affiliate-dashboard/ \r\n \r\nThink about it, \r\nEvery website owner requires the use of search engine optimization (SEO) for their website. This endeavor holds significant potential for both parties involved. \r\n \r\nThanks and regards \r\nMike MacAdam\r\n \r\nMonkey Digital','2024-04-05 22:32:21'),(119,31,114,0,'KatyaInovity2','2024-04-06 00:37:05'),(120,31,114,1,'icesyquitty3@gmail.com','2024-04-06 00:37:05'),(121,31,114,3,'85448666396','2024-04-06 00:37:05'),(122,31,114,2,'Hey, how about we indulge in some chocolate fondue?  -  https://u.to/O8_RIA?itart','2024-04-06 00:37:05'),(123,32,114,0,'Celia Conover','2024-04-06 07:01:11'),(124,32,114,1,'celia.conover@yahoo.com','2024-04-06 07:01:11'),(125,32,114,3,'405705704','2024-04-06 07:01:11'),(126,32,114,2,'Hi there,\r\n\r\nI\'ve just been on hoibaking.com and wondered if you\'d ever considered writing an eBook?\r\n\r\nOur software allows you to turn hoibaking.com into a fully designed eBook. Just provide the content source, and the AI will do the rest.\r\n   \r\n1. Generate unique and human-like content, ensuring your eBook is engaging and informative.\r\n2. Create stunning 3D eCovers to grab attention and make your book stand out.\r\n3. Publish your eBook instantly on a built-in marketplace with potential buyers.\r\n4. Distribute your book to over 50 publications to increase your reach and drive traffic.\r\n\r\nThe price is just $16.95 but the price rises shortly.\r\n\r\nLearn more: https://furtherinfo.org/zfqs\r\n\r\nRegards,\r\nRachel','2024-04-06 07:01:11'),(127,33,114,0,'KatyaInovityb','2024-04-07 06:04:14'),(128,33,114,1,'icesyquittya@gmail.com','2024-04-07 06:04:14'),(129,33,114,3,'88912971686','2024-04-07 06:04:14'),(130,33,114,2,'Hey there, let\'s indulge in some aphrodisiac cocktails.  -  https://rb.gy/psrixq?itart','2024-04-07 06:04:14'),(131,34,114,0,'Emily Jones','2024-04-07 18:30:54'),(132,34,114,1,'emilyjones2250@gmail.com','2024-04-07 18:30:54'),(133,34,114,3,'316782268','2024-04-07 18:30:54'),(134,34,114,2,'Hi there,\r\n\r\nWe run a Youtube  growth service, where we can increase your subscriber count safely and practically. \r\n\r\n- Guaranteed: We guarantee to gain you 700-1500 new subscribers each month.\r\n- Real, human subscribers who subscribe because they are interested in your channel/videos.\r\n- Safe: All actions are done, without using any automated tasks / bots.\r\n\r\nOur price is just $60 (USD) per month and we can start immediately.\r\n\r\nWe also grow Instagram followers (300-1000 for $60).\r\n\r\nGet in touch if you would like to know more.\r\n\r\nKind Regards,\r\nEmily','2024-04-07 18:30:54'),(135,35,114,0,'Libby Evans','2024-04-09 01:56:56'),(136,35,114,1,'libbyevans461@gmail.com','2024-04-09 01:56:56'),(137,35,114,3,'639193541','2024-04-09 01:56:56'),(138,35,114,2,'Hi there,\r\n\r\nWe run an Instagram growth service, which increases your number of followers both safely and practically. \r\n\r\n- We guarantee to gain you 300-1000+ followers per month.\r\n- People follow you because they are interested in you, increasing likes, comments and interaction.\r\n- All actions are made manually by our team. We do not use any \'bots\'.\r\n\r\nThe price is just $60 (USD) per month, and we can start immediately.\r\n\r\nIf you\'d like to see some of our previous work, let me know, and we can discuss it further.\r\n\r\nKind Regards,\r\nLibby','2024-04-09 01:56:56'),(139,36,114,0,'Danielle Simpson','2024-04-09 12:59:18'),(140,36,114,1,'simpsondanielle800@gmail.com','2024-04-09 12:59:18'),(141,36,114,3,'413929318','2024-04-09 12:59:18'),(142,36,114,2,'Hi,\r\n\r\nWe\'d like to introduce to you our explainer video service, which we feel can benefit your site hoibaking.com.\r\n\r\nCheck out some of our existing videos here:\r\nhttps://www.youtube.com/watch?v=8S4l8_bgcnc\r\nhttps://www.youtube.com/watch?v=bWz-ELfJVEI\r\nhttps://www.youtube.com/watch?v=Y46aNG-Y3rM\r\nhttps://www.youtube.com/watch?v=hJCFX1AjHKk\r\n\r\nOur prices start from as little as $195 and include a professional script and voice-over.\r\n\r\nIf this is something you would like to discuss further, don\'t hesitate to reply.\r\n\r\nKind Regards,\r\nDanielle','2024-04-09 12:59:18'),(143,37,114,0,'KatyaInovity1','2024-04-09 20:44:38'),(144,37,114,1,'icesyquittyb@gmail.com','2024-04-09 20:44:38'),(145,37,114,3,'87449633572','2024-04-09 20:44:38'),(146,37,114,2,'Hello, I\'ve got a blindfold and some sensual surprises waiting.  -  https://rb.gy/psrixq?itart','2024-04-09 20:44:38'),(147,38,114,0,'KatyaInovity1','2024-04-19 02:29:10'),(148,38,114,1,'icesyquitty2@gmail.com','2024-04-19 02:29:10'),(149,38,114,3,'85842265557','2024-04-19 02:29:10'),(150,38,114,2,'Hi handsome, want some fun?  -  https://rb.gy/psrixq?itart','2024-04-19 02:29:10'),(151,39,114,0,'Danielle Simpson','2024-04-19 04:51:17'),(152,39,114,1,'simpsondanielle800@gmail.com','2024-04-19 04:51:17'),(153,39,114,3,'381667480','2024-04-19 04:51:17'),(154,39,114,2,'Hi,\r\n\r\nI just visited hoibaking.com and wondered if you\'d ever thought about having an engaging video to explain what you do?\r\n\r\nI can show you some previous videos we\'ve done if you want me to send some over. Let me know if you\'re interested in seeing samples of our previous work.\r\n\r\nRegards,\r\nDanielle','2024-04-19 04:51:17'),(155,40,114,0,'MonaldTenna','2024-04-20 08:04:19'),(156,40,114,1,'monaldsig@gmail.com','2024-04-20 08:04:19'),(157,40,114,3,'83411856832','2024-04-20 08:04:19'),(158,40,114,2,'Все игровые конструкции производятся только из высококачественных материалов и соответствуют международным стандартам качества.714 к Качели детские переносные Бабочка дом - улица . \r\nРучки и манжеты для тренажеров\r\nОписание манжета для ног\r\nОбщественный проект детская спортивная площадка\r\n \r\nУкраинский супермаркет товаров для детей Забава идеальное место, где можно купить детский спортивный и игровой комплекс по самой оптимальной цене не только в Киеве, Харькове, но и по всей Украине.детские площадки и элементы; большое количество моделей уличных тренажеров; искусственные покрытия для игровых видов спорта; оборудование для оснащения стадионов и игровых площадок; покрытия для спортивных залов игровых видов спорта; спортивное оборудование для игровых видов спорта футбол, баскетбол, волейбол, большой теннис, теннис ; оборудование для стадионов искусственное и наливное покрытие, трибуны ; оборудование для легкой атлетики.','2024-04-20 08:04:19'),(159,41,114,0,'Robertben','2024-04-20 10:06:07'),(160,41,114,1,'lucido.leinteract@gmail.com','2024-04-20 10:06:07'),(161,41,114,3,'86211513579','2024-04-20 10:06:07'),(162,41,114,2,'Sawubona, bengifuna ukwazi intengo yakho.','2024-04-20 10:06:07');

--
-- Table structure for table `hbakoiadmp_wpforms_entry_meta`
--

CREATE TABLE `hbakoiadmp_wpforms_entry_meta` (
  `id` bigint(20) NOT NULL AUTO_INCREMENT,
  `entry_id` bigint(20) NOT NULL,
  `form_id` bigint(20) NOT NULL,
  `user_id` bigint(20) NOT NULL,
  `status` varchar(30) COLLATE utf8mb4_unicode_520_ci NOT NULL,
  `type` varchar(255) COLLATE utf8mb4_unicode_520_ci NOT NULL,
  `data` longtext COLLATE utf8mb4_unicode_520_ci NOT NULL,
  `date` datetime NOT NULL,
  PRIMARY KEY (`id`),
  KEY `entry_id` (`entry_id`)
) ENGINE=MyISAM DEFAULT CHARSET=utf8mb4 COLLATE=utf8mb4_unicode_520_ci;

--
-- Dumping data for table `hbakoiadmp_wpforms_entry_meta`
--


--
-- Table structure for table `hbakoiadmp_wpforms_payment_meta`
--

CREATE TABLE `hbakoiadmp_wpforms_payment_meta` (
  `id` bigint(20) NOT NULL AUTO_INCREMENT,
  `payment_id` bigint(20) NOT NULL,
  `meta_key` varchar(255) COLLATE utf8mb4_unicode_520_ci DEFAULT NULL,
  `meta_value` longtext COLLATE utf8mb4_unicode_520_ci,
  PRIMARY KEY (`id`),
  KEY `payment_id` (`payment_id`),
  KEY `meta_key` (`meta_key`(191)),
  KEY `meta_value` (`meta_value`(191))
) ENGINE=MyISAM DEFAULT CHARSET=utf8mb4 COLLATE=utf8mb4_unicode_520_ci;

--
-- Dumping data for table `hbakoiadmp_wpforms_payment_meta`
--


--
-- Table structure for table `hbakoiadmp_wpforms_payments`
--

CREATE TABLE `hbakoiadmp_wpforms_payments` (
  `id` bigint(20) NOT NULL AUTO_INCREMENT,
  `form_id` bigint(20) NOT NULL,
  `status` varchar(10) COLLATE utf8mb4_unicode_520_ci NOT NULL DEFAULT '',
  `subtotal_amount` decimal(26,8) NOT NULL DEFAULT '0.00000000',
  `discount_amount` decimal(26,8) NOT NULL DEFAULT '0.00000000',
  `total_amount` decimal(26,8) NOT NULL DEFAULT '0.00000000',
  `currency` varchar(3) COLLATE utf8mb4_unicode_520_ci NOT NULL DEFAULT '',
  `entry_id` bigint(20) NOT NULL DEFAULT '0',
  `gateway` varchar(20) COLLATE utf8mb4_unicode_520_ci NOT NULL DEFAULT '',
  `type` varchar(12) COLLATE utf8mb4_unicode_520_ci NOT NULL DEFAULT '',
  `mode` varchar(4) COLLATE utf8mb4_unicode_520_ci NOT NULL DEFAULT '',
  `transaction_id` varchar(40) COLLATE utf8mb4_unicode_520_ci NOT NULL DEFAULT '',
  `customer_id` varchar(40) COLLATE utf8mb4_unicode_520_ci NOT NULL DEFAULT '',
  `subscription_id` varchar(40) COLLATE utf8mb4_unicode_520_ci NOT NULL DEFAULT '',
  `subscription_status` varchar(10) COLLATE utf8mb4_unicode_520_ci NOT NULL DEFAULT '',
  `title` varchar(255) COLLATE utf8mb4_unicode_520_ci NOT NULL DEFAULT '',
  `date_created_gmt` datetime NOT NULL,
  `date_updated_gmt` datetime NOT NULL,
  `is_published` tinyint(1) NOT NULL DEFAULT '1',
  PRIMARY KEY (`id`),
  KEY `form_id` (`form_id`),
  KEY `status` (`status`(8)),
  KEY `total_amount` (`total_amount`),
  KEY `type` (`type`(8)),
  KEY `transaction_id` (`transaction_id`(32)),
  KEY `customer_id` (`customer_id`(32)),
  KEY `subscription_id` (`subscription_id`(32)),
  KEY `subscription_status` (`subscription_status`(8)),
  KEY `title` (`title`(64))
) ENGINE=MyISAM DEFAULT CHARSET=utf8mb4 COLLATE=utf8mb4_unicode_520_ci;

--
-- Dumping data for table `hbakoiadmp_wpforms_payments`
--


--
-- Table structure for table `hbakoiadmp_wpforms_tasks_meta`
--

CREATE TABLE `hbakoiadmp_wpforms_tasks_meta` (
  `id` bigint(20) NOT NULL AUTO_INCREMENT,
  `action` varchar(255) COLLATE utf8mb4_unicode_520_ci NOT NULL,
  `data` longtext COLLATE utf8mb4_unicode_520_ci NOT NULL,
  `date` datetime NOT NULL,
  PRIMARY KEY (`id`)
) ENGINE=MyISAM AUTO_INCREMENT=260 DEFAULT CHARSET=utf8mb4 COLLATE=utf8mb4_unicode_520_ci;

--
-- Dumping data for table `hbakoiadmp_wpforms_tasks_meta`
--

INSERT INTO `hbakoiadmp_wpforms_tasks_meta` VALUES (1,'wpforms_process_forms_locator_scan','W10=','2024-01-10 19:58:40'),(2,'wpforms_admin_addons_cache_update','W10=','2024-01-10 19:58:41'),(4,'wpforms_builder_help_cache_update','W10=','2024-01-10 19:58:47'),(5,'wpforms_admin_builder_templates_cache_update','W10=','2024-01-10 19:58:47'),(219,'wpforms_process_forms_locator_scan','W10=','2024-11-12 06:55:20'),(220,'wpforms_admin_addons_cache_update','W10=','2024-11-12 06:55:23');

--
-- Table structure for table `hbakoiadmp_yith_ywpar_points_log`
--

CREATE TABLE `hbakoiadmp_yith_ywpar_points_log` (
  `id` int(11) NOT NULL AUTO_INCREMENT,
  `user_id` int(11) NOT NULL,
  `action` varchar(255) COLLATE utf8mb4_unicode_520_ci NOT NULL,
  `order_id` int(11) DEFAULT NULL,
  `amount` int(11) NOT NULL,
  `date_earning` datetime NOT NULL,
  `cancelled` datetime DEFAULT NULL,
  `description` text COLLATE utf8mb4_unicode_520_ci,
  `info` longtext COLLATE utf8mb4_unicode_520_ci,
  PRIMARY KEY (`id`)
) ENGINE=MyISAM AUTO_INCREMENT=135 DEFAULT CHARSET=utf8mb4 COLLATE=utf8mb4_unicode_520_ci;

--
-- Dumping data for table `hbakoiadmp_yith_ywpar_points_log`
--

INSERT INTO `hbakoiadmp_yith_ywpar_points_log` VALUES (1,1,'order_completed',805,61,'2024-01-29 17:31:09',NULL,'',''),(2,2,'registration_exp',0,1600,'2024-01-29 21:05:35',NULL,'','a:1:{i:0;a:4:{s:6:\"option\";s:12:\"registration\";s:5:\"value\";i:1;s:6:\"points\";s:4:\"1600\";s:9:\"date_from\";s:10:\"2024-01-29\";}}'),(3,3,'registration_exp',0,1600,'2024-02-04 14:55:07',NULL,'','a:1:{i:0;a:4:{s:6:\"option\";s:12:\"registration\";s:5:\"value\";i:1;s:6:\"points\";s:4:\"1600\";s:9:\"date_from\";s:10:\"2024-02-04\";}}'),(4,4,'registration_exp',0,1600,'2024-02-12 10:47:19',NULL,'','a:1:{i:0;a:4:{s:6:\"option\";s:12:\"registration\";s:5:\"value\";i:1;s:6:\"points\";s:4:\"1600\";s:9:\"date_from\";s:10:\"2024-02-12\";}}'),(5,5,'registration_exp',0,1600,'2024-02-13 13:06:36',NULL,'','a:1:{i:0;a:4:{s:6:\"option\";s:12:\"registration\";s:5:\"value\";i:1;s:6:\"points\";s:4:\"1600\";s:9:\"date_from\";s:10:\"2024-02-13\";}}'),(6,3,'order_completed',1301,2,'2024-03-01 09:12:24',NULL,'',''),(7,3,'order_completed',1352,2,'2024-03-21 14:34:25',NULL,'',''),(8,3,'order_completed',1355,2,'2024-03-27 09:50:32',NULL,'',''),(9,3,'order_completed',1357,2,'2024-03-27 09:58:15',NULL,'',''),(10,6,'registration_exp',0,1600,'2024-03-27 11:02:33',NULL,'','a:1:{i:0;a:4:{s:6:\"option\";s:12:\"registration\";s:5:\"value\";i:1;s:6:\"points\";s:4:\"1600\";s:9:\"date_from\";s:10:\"2024-03-27\";}}'),(11,1,'order_completed',1453,1,'2024-04-02 11:34:17',NULL,'',''),(12,7,'registration_exp',0,1600,'2024-04-18 15:56:48',NULL,'','a:1:{i:0;a:4:{s:6:\"option\";s:12:\"registration\";s:5:\"value\";i:1;s:6:\"points\";s:4:\"1600\";s:9:\"date_from\";s:10:\"2024-04-18\";}}'),(13,8,'registration_exp',0,1600,'2024-04-18 15:57:18',NULL,'','a:1:{i:0;a:4:{s:6:\"option\";s:12:\"registration\";s:5:\"value\";i:1;s:6:\"points\";s:4:\"1600\";s:9:\"date_from\";s:10:\"2024-04-18\";}}'),(14,9,'registration_exp',0,1600,'2024-04-18 15:57:51',NULL,'','a:1:{i:0;a:4:{s:6:\"option\";s:12:\"registration\";s:5:\"value\";i:1;s:6:\"points\";s:4:\"1600\";s:9:\"date_from\";s:10:\"2024-04-18\";}}'),(15,10,'registration_exp',0,1600,'2024-04-18 15:57:57',NULL,'','a:1:{i:0;a:4:{s:6:\"option\";s:12:\"registration\";s:5:\"value\";i:1;s:6:\"points\";s:4:\"1600\";s:9:\"date_from\";s:10:\"2024-04-18\";}}'),(16,11,'registration_exp',0,1600,'2024-04-18 16:00:08',NULL,'','a:1:{i:0;a:4:{s:6:\"option\";s:12:\"registration\";s:5:\"value\";i:1;s:6:\"points\";s:4:\"1600\";s:9:\"date_from\";s:10:\"2024-04-18\";}}'),(17,12,'registration_exp',0,1600,'2024-04-18 16:00:36',NULL,'','a:1:{i:0;a:4:{s:6:\"option\";s:12:\"registration\";s:5:\"value\";i:1;s:6:\"points\";s:4:\"1600\";s:9:\"date_from\";s:10:\"2024-04-18\";}}'),(18,12,'order_completed',1933,15,'2024-04-18 16:19:26',NULL,'',''),(19,12,'order_completed',1934,18,'2024-04-18 16:23:06',NULL,'',''),(20,12,'order_refund',1934,-18,'2024-04-18 16:36:36',NULL,'',''),(21,12,'redeemed_points',1937,-1615,'2024-04-18 16:39:26',NULL,'',''),(22,12,'order_completed',1937,28,'2024-04-18 16:40:32',NULL,'',''),(23,12,'order_refund',1937,-28,'2024-04-18 16:42:11',NULL,'',''),(24,1,'order_completed',2078,276,'2024-10-23 21:21:58',NULL,'',''),(25,1,'order_completed',2092,24,'2024-10-29 16:45:51',NULL,'',''),(26,1,'order_completed',2093,12,'2024-10-29 16:54:36',NULL,'',''),(27,1,'order_completed',2094,12,'2024-10-29 16:58:15',NULL,'',''),(28,1,'order_completed',2095,12,'2024-10-29 17:04:14',NULL,'',''),(29,1,'order_completed',2096,12,'2024-10-29 17:10:49',NULL,'',''),(30,1,'order_completed',2097,27,'2024-10-29 17:11:26',NULL,'',''),(31,1,'order_completed',2098,33,'2024-10-29 17:24:48',NULL,'',''),(32,1,'order_completed',2099,44,'2024-10-29 17:53:49',NULL,'',''),(33,1,'order_completed',2100,12,'2024-10-29 18:01:54',NULL,'',''),(34,1,'order_completed',2101,11,'2024-10-29 18:08:32',NULL,'',''),(35,1,'order_completed',2102,11,'2024-10-29 18:12:37',NULL,'',''),(36,1,'order_completed',2103,11,'2024-10-29 18:14:58',NULL,'',''),(37,1,'order_completed',2104,11,'2024-10-29 18:21:09',NULL,'',''),(38,1,'order_completed',2105,33,'2024-10-29 18:41:24',NULL,'',''),(39,1,'order_completed',2106,33,'2024-10-29 18:54:33',NULL,'',''),(40,2,'birthday_exp',0,100,'2024-10-31 22:08:03',NULL,'','a:1:{i:0;a:4:{s:6:\"option\";s:8:\"birthday\";s:5:\"value\";i:1;s:6:\"points\";s:3:\"100\";s:9:\"date_from\";s:10:\"2024-10-31\";}}'),(41,2,'birthday_exp',0,100,'2024-10-31 22:09:03',NULL,'','a:1:{i:0;a:4:{s:6:\"option\";s:8:\"birthday\";s:5:\"value\";i:1;s:6:\"points\";s:3:\"100\";s:9:\"date_from\";s:10:\"2024-10-31\";}}'),(42,3,'order_completed',2114,1,'2024-11-05 11:20:50',NULL,'',''),(43,3,'order_completed',2116,13,'2024-11-05 16:36:50',NULL,'',''),(44,3,'order_completed',2118,15,'2024-11-07 10:05:05',NULL,'',''),(45,4,'birthday_exp',0,100,'2024-11-14 00:00:39',NULL,'','a:1:{i:0;a:4:{s:6:\"option\";s:8:\"birthday\";s:5:\"value\";i:1;s:6:\"points\";s:3:\"100\";s:9:\"date_from\";s:10:\"2024-11-13\";}}'),(46,1,'order_completed',2126,10,'2024-11-14 14:08:58',NULL,'',''),(47,1,'order_completed',2127,10,'2024-11-14 16:32:49',NULL,'',''),(48,3,'order_completed',2128,20,'2024-11-14 17:49:16',NULL,'',''),(49,1,'order_completed',2130,80,'2024-11-15 14:04:25',NULL,'',''),(50,3,'order_completed',2132,20,'2024-11-18 09:34:24',NULL,'',''),(51,3,'order_completed',2133,20,'2024-11-18 10:04:55',NULL,'',''),(52,3,'order_completed',2134,37,'2024-11-18 10:05:24',NULL,'',''),(53,3,'order_completed',2135,20,'2024-11-19 10:33:14',NULL,'',''),(54,1,'order_completed',2137,27,'2024-11-19 13:00:42',NULL,'',''),(55,3,'order_completed',2138,37,'2024-11-19 14:37:15',NULL,'',''),(56,1,'order_completed',2139,27,'2024-11-19 15:07:08',NULL,'',''),(57,10,'birthday_exp',0,100,'2024-11-20 00:00:35',NULL,'','a:1:{i:0;a:4:{s:6:\"option\";s:8:\"birthday\";s:5:\"value\";i:1;s:6:\"points\";s:3:\"100\";s:9:\"date_from\";s:10:\"2024-11-19\";}}'),(58,3,'order_completed',2140,37,'2024-11-20 09:20:56',NULL,'',''),(59,3,'order_completed',2141,20,'2024-11-20 10:25:15',NULL,'',''),(60,3,'order_completed',2142,20,'2024-11-20 12:53:48',NULL,'',''),(61,3,'order_completed',2143,20,'2024-11-21 09:14:47',NULL,'',''),(62,3,'order_completed',2144,20,'2024-11-21 11:25:06',NULL,'',''),(63,3,'order_completed',2145,37,'2024-11-21 11:26:13',NULL,'',''),(64,3,'order_completed',2146,37,'2024-11-21 17:09:48',NULL,'',''),(65,3,'order_completed',2147,20,'2024-11-21 17:10:12',NULL,'',''),(66,3,'order_completed',2148,20,'2024-11-21 17:22:38',NULL,'',''),(67,3,'order_completed',2149,37,'2024-11-22 11:05:57',NULL,'',''),(68,3,'order_completed',2150,37,'2024-11-22 11:06:24',NULL,'',''),(69,3,'order_completed',2151,20,'2024-11-22 11:52:27',NULL,'',''),(70,3,'order_completed',2152,26,'2024-11-22 12:05:47',NULL,'',''),(71,3,'order_completed',2153,27,'2024-11-22 12:32:30',NULL,'',''),(72,3,'order_completed',2154,37,'2024-11-22 13:07:16',NULL,'',''),(73,3,'order_completed',2155,37,'2024-11-22 13:59:13',NULL,'',''),(74,3,'order_completed',2156,33,'2024-11-22 14:05:20',NULL,'',''),(75,3,'order_completed',2157,33,'2024-11-22 14:05:37',NULL,'',''),(76,3,'order_completed',2158,33,'2024-11-22 15:55:18',NULL,'',''),(77,3,'order_completed',2159,20,'2024-11-22 17:29:13',NULL,'',''),(78,3,'order_completed',2160,33,'2024-11-22 19:51:34',NULL,'',''),(79,3,'order_completed',2161,80,'2024-11-23 17:13:37',NULL,'',''),(80,3,'order_completed',2162,80,'2024-11-23 17:50:33',NULL,'',''),(81,3,'order_completed',2163,80,'2024-11-23 18:15:40',NULL,'',''),(82,3,'order_completed',2164,33,'2024-11-23 18:21:03',NULL,'',''),(83,3,'order_completed',2165,20,'2024-11-23 18:27:13',NULL,'',''),(84,3,'order_completed',2166,33,'2024-11-23 18:31:53',NULL,'',''),(85,3,'order_completed',2167,20,'2024-11-23 18:37:13',NULL,'',''),(86,3,'order_completed',2169,20,'2024-11-24 16:53:29',NULL,'',''),(87,3,'order_completed',2170,22,'2024-11-24 17:09:04',NULL,'',''),(88,3,'order_completed',2171,33,'2024-11-24 17:14:31',NULL,'',''),(89,3,'order_completed',2172,22,'2024-11-24 17:29:40',NULL,'',''),(90,3,'order_completed',2173,11,'2024-11-24 17:38:32',NULL,'',''),(91,3,'order_completed',2174,11,'2024-11-24 17:45:03',NULL,'',''),(92,3,'order_completed',2175,11,'2024-11-24 17:49:06',NULL,'',''),(93,3,'order_completed',2176,10,'2024-11-24 17:51:04',NULL,'',''),(94,3,'order_completed',2177,26,'2024-11-24 18:04:48',NULL,'',''),(95,3,'order_completed',2178,26,'2024-11-24 18:08:09',NULL,'',''),(96,3,'order_completed',2179,26,'2024-11-24 18:10:51',NULL,'',''),(97,3,'order_completed',2180,26,'2024-11-24 18:12:46',NULL,'',''),(98,3,'order_completed',2181,26,'2024-11-24 18:15:51',NULL,'',''),(99,3,'order_completed',2182,26,'2024-11-24 18:16:54',NULL,'',''),(100,3,'order_completed',2183,26,'2024-11-24 18:19:11',NULL,'',''),(101,3,'order_completed',2184,26,'2024-11-24 18:23:33',NULL,'',''),(102,3,'order_completed',2185,26,'2024-11-24 18:49:17',NULL,'',''),(103,3,'order_completed',2186,13,'2024-11-24 20:23:22',NULL,'',''),(104,3,'order_completed',2187,3,'2024-11-25 09:30:06',NULL,'',''),(105,3,'order_completed',2188,3,'2024-11-25 09:41:22',NULL,'',''),(106,3,'order_completed',2189,94,'2024-11-25 10:11:26',NULL,'',''),(107,3,'order_completed',2190,2,'2024-11-25 10:15:18',NULL,'',''),(108,3,'order_completed',2191,3,'2024-11-25 12:00:35',NULL,'',''),(109,3,'order_completed',2192,2,'2024-11-25 12:01:01',NULL,'',''),(110,3,'order_completed',2193,2,'2024-11-25 12:01:34',NULL,'',''),(111,3,'order_completed',2194,8,'2024-11-25 12:21:59',NULL,'',''),(112,3,'order_completed',2195,13,'2024-11-25 12:22:18',NULL,'',''),(113,3,'order_completed',2196,13,'2024-11-25 12:22:50',NULL,'',''),(114,3,'order_completed',2197,2,'2024-11-25 12:25:23',NULL,'',''),(115,3,'order_completed',2198,2,'2024-11-25 12:26:00',NULL,'',''),(116,3,'order_completed',2199,2,'2024-11-25 12:26:21',NULL,'',''),(117,3,'order_completed',2200,2,'2024-11-25 12:57:49',NULL,'',''),(118,3,'order_completed',2201,2,'2024-11-25 12:58:09',NULL,'',''),(119,3,'order_completed',2202,2,'2024-11-25 12:58:30',NULL,'',''),(120,3,'order_completed',2203,2,'2024-11-26 11:20:54',NULL,'',''),(121,3,'order_completed',2204,4,'2024-11-26 14:58:26',NULL,'',''),(122,3,'order_completed',2205,4,'2024-11-26 15:10:30',NULL,'',''),(123,3,'order_completed',2207,8,'2024-11-29 18:30:29',NULL,'',''),(124,3,'order_completed',2208,8,'2024-11-29 18:39:33',NULL,'',''),(125,3,'order_completed',2209,8,'2024-11-29 18:46:54',NULL,'',''),(126,3,'order_completed',2210,8,'2024-11-29 19:02:44',NULL,'',''),(127,3,'order_completed',2211,13,'2024-11-29 19:07:01',NULL,'',''),(128,3,'order_completed',2212,6,'2024-11-29 19:10:02',NULL,'',''),(129,3,'order_completed',2213,33,'2024-11-30 11:36:51',NULL,'',''),(130,3,'order_completed',2214,7,'2024-11-30 11:52:17',NULL,'',''),(131,3,'order_completed',2215,5,'2024-11-30 12:16:18',NULL,'',''),(132,3,'order_completed',2216,5,'2024-11-30 12:26:52',NULL,'',''),(133,3,'order_completed',2217,5,'2024-11-30 12:30:31',NULL,'',''),(134,3,'order_completed',2219,19,'2024-12-02 17:07:07',NULL,'','');

--
-- Dumping events for database 'adsmunchcom_hoi'
--

--
-- Dumping routines for database 'adsmunchcom_hoi'
--


